{"id":75,"date":"2025-05-22T13:34:07","date_gmt":"2025-05-22T13:34:07","guid":{"rendered":"https:\/\/www.ccj.ufpb.br\/santarita\/?page_id=75"},"modified":"2025-05-28T11:34:29","modified_gmt":"2025-05-28T11:34:29","slug":"representacao-estudantil","status":"publish","type":"page","link":"https:\/\/www.ccj.ufpb.br\/santarita\/representacao-estudantil\/","title":{"rendered":"Representa\u00e7\u00e3o Estudantil"},"content":{"rendered":"\n<p class=\" \">O \u00f3rg\u00e3o de representa\u00e7\u00e3o estudantil do nosso curso \u00e9 o&nbsp;<strong>Centro Acad\u00eamico Manoel Mattos (CAMM).<\/strong><\/p>\n\n\n\n<p class=\" \">Para conhec\u00ea-lo, acesse suas redes sociais:<\/p>\n\n\n\n<p class=\" \">Instagram &#8211;&nbsp;<a href=\"https:\/\/www.instagram.com\/portalcamm\/?hl=pt-br\" target=\"_blank\" rel=\"noreferrer noopener\">@portalcamm<\/a><\/p>\n\n\n\n<p class=\" \">Facebook &#8211;&nbsp;<a href=\"https:\/\/pt-br.facebook.com\/camanoelmattos\" target=\"_blank\" rel=\"noreferrer noopener\">@camanoelmattos<\/a><\/p>\n\n\n\n<p class=\" \">E-mail &#8211;&nbsp;<a href=\"mailto:centroacademicodcjufpb@gmail.com\">centroacademicodcjufpb@gmail.com<\/a>&nbsp;<\/p>\n","protected":false},"excerpt":{"rendered":"<p>O \u00f3rg\u00e3o de representa\u00e7\u00e3o estudantil do nosso curso \u00e9 o&nbsp;Centro Acad\u00eamico Manoel Mattos (CAMM). Para [&hellip;]<\/p>\n","protected":false},"author":54,"featured_media":0,"parent":0,"menu_order":0,"comment_status":"closed","ping_status":"closed","template":"","meta":{"footnotes":""},"class_list":["post-75","page","type-page","status-publish","hentry"],"_links":{"self":[{"href":"https:\/\/www.ccj.ufpb.br\/santarita\/wp-json\/wp\/v2\/pages\/75","targetHints":{"allow":["GET"]}}],"collection":[{"href":"https:\/\/www.ccj.ufpb.br\/santarita\/wp-json\/wp\/v2\/pages"}],"about":[{"href":"https:\/\/www.ccj.ufpb.br\/santarita\/wp-json\/wp\/v2\/types\/page"}],"author":[{"embeddable":true,"href":"https:\/\/www.ccj.ufpb.br\/santarita\/wp-json\/wp\/v2\/users\/54"}],"replies":[{"embeddable":true,"href":"https:\/\/www.ccj.ufpb.br\/santarita\/wp-json\/wp\/v2\/comments?post=75"}],"version-history":[{"count":2,"href":"https:\/\/www.ccj.ufpb.br\/santarita\/wp-json\/wp\/v2\/pages\/75\/revisions"}],"predecessor-version":[{"id":112,"href":"https:\/\/www.ccj.ufpb.br\/santarita\/wp-json\/wp\/v2\/pages\/75\/revisions\/112"}],"wp:attachment":[{"href":"https:\/\/www.ccj.ufpb.br\/santarita\/wp-json\/wp\/v2\/media?parent=75"}],"curies":[{"name":"wp","href":"https:\/\/api.w.org\/{rel}","templated":true}]}}

Representação Estudantil

<p class=" ">O órgão de representação estudantil do nosso curso é o&nbsp;<strong>Centro Acadêmico Manoel Mattos (CAMM).</strong></p>



<p class=" ">Para conhecê-lo, acesse suas redes sociais:</p>



<p class=" ">Instagram &#8211;&nbsp;<a href="https://www.instagram.com/portalcamm/?hl=pt-br" target="_blank" rel="noreferrer noopener">@portalcamm</a></p>



<p class=" ">Facebook &#8211;&nbsp;<a href="https://pt-br.facebook.com/camanoelmattos" target="_blank" rel="noreferrer noopener">@camanoelmattos</a></p>



<p class=" ">E-mail &#8211;&nbsp;<a href="mailto:centroacademicodcjufpb@gmail.com">centroacademicodcjufpb@gmail.com</a>&nbsp;</p>

<p>O órgão de representação estudantil do nosso curso é o&nbsp;Centro Acadêmico Manoel Mattos (CAMM). Para [&hellip;]</p>
