{"id":402,"date":"2025-06-13T21:35:42","date_gmt":"2025-06-13T21:35:42","guid":{"rendered":"https:\/\/www.ccj.ufpb.br\/santarita\/?page_id=402"},"modified":"2025-06-13T21:36:32","modified_gmt":"2025-06-13T21:36:32","slug":"catalogo-de-servicos-2","status":"publish","type":"page","link":"https:\/\/www.ccj.ufpb.br\/santarita\/catalogo-de-servicos-2\/","title":{"rendered":"Cat\u00e1logo de Servi\u00e7os"},"content":{"rendered":"\n<figure class=\"wp-block-image size-full\"><img loading=\"lazy\" decoding=\"async\" width=\"728\" height=\"90\" src=\"http:\/\/www.ccj.ufpb.br\/santarita\/wp-content\/uploads\/sites\/106\/sites\/306\/2025\/05\/servicos-ofertados.jpg\" alt=\"\" class=\"wp-image-93\" srcset=\"https:\/\/www.ccj.ufpb.br\/santarita\/wp-content\/uploads\/sites\/106\/sites\/306\/2025\/05\/servicos-ofertados.jpg 728w, https:\/\/www.ccj.ufpb.br\/santarita\/wp-content\/uploads\/sites\/106\/sites\/306\/2025\/05\/servicos-ofertados-300x37.jpg 300w\" sizes=\"auto, (max-width: 728px) 100vw, 728px\" \/><\/figure>\n\n\n\n<p><strong>Atendimento ao p\u00fablico externo, discentes e docentes: Solu\u00e7\u00e3o aos diversos requerimentos e demandas.<\/strong><\/p>\n\n\n\n<p><strong>Cadastro de Processos, Documentos e Of\u00edcios no SIPAC.<\/strong><\/p>\n\n\n\n<p><strong>Atendimento ao Docente (Envolvendo atividades acad\u00eamicas e administrativas).<\/strong><\/p>\n\n\n\n<p><strong>Organiza\u00e7\u00e3o do Hor\u00e1rio Acad\u00eamico das disciplinas a serem ofertadas para o Semestre Letivo<\/strong><\/p>\n\n\n\n<p><strong>Oferta de Disciplinas no SIGAA.<\/strong><\/p>\n\n\n\n<p><strong>Ajustes nas turmas do SIGAA (Altera\u00e7\u00e3o de Docente Respons\u00e1vel, n\u00famero de vagas a serem ofertadas, Carga Hor\u00e1ria, etc)<\/strong><\/p>\n\n\n\n<p><strong>An\u00e1lise de Pedidos de Progress\u00f5es Funcionais Docentes<\/strong><\/p>\n\n\n\n<p><strong>An\u00e1lise de Pedidos de Afastamentos de Curt\u00edssima Dura\u00e7\u00e3o, Curta Dura\u00e7\u00e3o e Longa Dura\u00e7\u00e3o.<\/strong><\/p>\n\n\n\n<p><strong>An\u00e1lise de Projetos de Extens\u00e3o dos Docentes do DCJ<\/strong><\/p>\n\n\n\n<p><strong>An\u00e1lise de Projetos de Pesquisa dos Docentes do DCJ<\/strong><\/p>\n\n\n\n<p><strong>Atendimento aos Requerimentos Diversos dos Servidores (F\u00e9rias, Afastamentos, Licen\u00e7as, Ponto Eletr\u00f4nico etc.)<\/strong><\/p>\n\n\n\n<p><strong>Escolha dos Assessores Acad\u00eamicos do DCJ (Assessor de Extens\u00e3o, Pesquisa, Monitoria, TCC e de An\u00e1lise de Horas Flex\u00edveis ou Complementares)<\/strong><\/p>\n\n\n\n<p><strong>Emiss\u00e3o de Documentos de Compet\u00eancia do DCJ (Declara\u00e7\u00f5es, Certid\u00f5es etc)<\/strong><\/p>\n\n\n\n<p><strong>Organiza\u00e7\u00e3o e Encaminhamentos de Pautas ao Colegiado Departamental<\/strong><\/p>\n\n\n\n<p><strong>Constitui\u00e7\u00e3o de Comiss\u00f5es Para An\u00e1lise de Processos do DCJ no Colegiado Departamental (Afastamento para Capacita\u00e7\u00e3o, Afastamentos de Curto Prazo, Progress\u00e3o Funcional, Comiss\u00f5es Especiais etc)<\/strong><\/p>\n\n\n\n<p><strong>Acompanhamento de Processos que o DCJ tenha Compet\u00eancia de Analisar e Encaminhamentos para a Dire\u00e7\u00e3o de Centro<\/strong><\/p>\n\n\n\n<p><strong>Acompanhamento da Atividade Docente do DCJ (Cumprimento de Carga Hor\u00e1ria, Frequ\u00eancia, Recebimento de Reclama\u00e7\u00f5es etc)<\/strong><\/p>\n\n\n\n<p><strong>Acompanhamento da Atividade dos T\u00e9cnicos Administrativos do DCJ (Cumprimento de Carga Hor\u00e1ria, Frequ\u00eancia etc)<\/strong><\/p>\n\n\n\n<p><strong>Guarda, Arquivamento, Organiza\u00e7\u00e3o e Fornecimento de C\u00f3pias da Documenta\u00e7\u00e3o Emitida ou Guardada pelo DCJ.<\/strong><\/p>\n\n\n\n<p><strong>Fornecimento de Autoriza\u00e7\u00f5es Diversas referentes a Estrutura do DCJ (Divulga\u00e7\u00e3o, Fixa\u00e7\u00e3o de Placas de Turmas de Formandos, Realiza\u00e7\u00e3o de Eventos etc)<\/strong><\/p>\n\n\n\n<p><strong>Realiza\u00e7\u00e3o de Processos Seletivos para Contrata\u00e7\u00e3o do Professores Efetivos, Substitutos, visitantes etc.<\/strong><\/p>\n\n\n\n<p><strong>Contrata\u00e7\u00e3o de Professores<\/strong><\/p>\n\n\n\n<p><strong>Acompanhamento das Atividades Realizadas pelas Assessorias Acad\u00eamicas e pelo N\u00facleo de Pr\u00e1tica Jur\u00eddica<\/strong><\/p>\n","protected":false},"excerpt":{"rendered":"<p>Atendimento ao p\u00fablico externo, discentes e docentes: Solu\u00e7\u00e3o aos diversos requerimentos e demandas. Cadastro de [&hellip;]<\/p>\n","protected":false},"author":54,"featured_media":0,"parent":0,"menu_order":0,"comment_status":"closed","ping_status":"closed","template":"","meta":{"footnotes":""},"class_list":["post-402","page","type-page","status-publish","hentry"],"_links":{"self":[{"href":"https:\/\/www.ccj.ufpb.br\/santarita\/wp-json\/wp\/v2\/pages\/402","targetHints":{"allow":["GET"]}}],"collection":[{"href":"https:\/\/www.ccj.ufpb.br\/santarita\/wp-json\/wp\/v2\/pages"}],"about":[{"href":"https:\/\/www.ccj.ufpb.br\/santarita\/wp-json\/wp\/v2\/types\/page"}],"author":[{"embeddable":true,"href":"https:\/\/www.ccj.ufpb.br\/santarita\/wp-json\/wp\/v2\/users\/54"}],"replies":[{"embeddable":true,"href":"https:\/\/www.ccj.ufpb.br\/santarita\/wp-json\/wp\/v2\/comments?post=402"}],"version-history":[{"count":2,"href":"https:\/\/www.ccj.ufpb.br\/santarita\/wp-json\/wp\/v2\/pages\/402\/revisions"}],"predecessor-version":[{"id":405,"href":"https:\/\/www.ccj.ufpb.br\/santarita\/wp-json\/wp\/v2\/pages\/402\/revisions\/405"}],"wp:attachment":[{"href":"https:\/\/www.ccj.ufpb.br\/santarita\/wp-json\/wp\/v2\/media?parent=402"}],"curies":[{"name":"wp","href":"https:\/\/api.w.org\/{rel}","templated":true}]}}

Catálogo de Serviços

<figure class="wp-block-image size-full"><img loading="lazy" decoding="async" width="728" height="90" src="http://www.ccj.ufpb.br/santarita/wp-content/uploads/sites/106/sites/306/2025/05/servicos-ofertados.jpg" alt="" class="wp-image-93" srcset="https://www.ccj.ufpb.br/santarita/wp-content/uploads/sites/106/sites/306/2025/05/servicos-ofertados.jpg 728w, https://www.ccj.ufpb.br/santarita/wp-content/uploads/sites/106/sites/306/2025/05/servicos-ofertados-300x37.jpg 300w" sizes="auto, (max-width: 728px) 100vw, 728px" /></figure>



<p><strong>Atendimento ao público externo, discentes e docentes: Solução aos diversos requerimentos e demandas.</strong></p>



<p><strong>Cadastro de Processos, Documentos e Ofícios no SIPAC.</strong></p>



<p><strong>Atendimento ao Docente (Envolvendo atividades acadêmicas e administrativas).</strong></p>



<p><strong>Organização do Horário Acadêmico das disciplinas a serem ofertadas para o Semestre Letivo</strong></p>



<p><strong>Oferta de Disciplinas no SIGAA.</strong></p>



<p><strong>Ajustes nas turmas do SIGAA (Alteração de Docente Responsável, número de vagas a serem ofertadas, Carga Horária, etc)</strong></p>



<p><strong>Análise de Pedidos de Progressões Funcionais Docentes</strong></p>



<p><strong>Análise de Pedidos de Afastamentos de Curtíssima Duração, Curta Duração e Longa Duração.</strong></p>



<p><strong>Análise de Projetos de Extensão dos Docentes do DCJ</strong></p>



<p><strong>Análise de Projetos de Pesquisa dos Docentes do DCJ</strong></p>



<p><strong>Atendimento aos Requerimentos Diversos dos Servidores (Férias, Afastamentos, Licenças, Ponto Eletrônico etc.)</strong></p>



<p><strong>Escolha dos Assessores Acadêmicos do DCJ (Assessor de Extensão, Pesquisa, Monitoria, TCC e de Análise de Horas Flexíveis ou Complementares)</strong></p>



<p><strong>Emissão de Documentos de Competência do DCJ (Declarações, Certidões etc)</strong></p>



<p><strong>Organização e Encaminhamentos de Pautas ao Colegiado Departamental</strong></p>



<p><strong>Constituição de Comissões Para Análise de Processos do DCJ no Colegiado Departamental (Afastamento para Capacitação, Afastamentos de Curto Prazo, Progressão Funcional, Comissões Especiais etc)</strong></p>



<p><strong>Acompanhamento de Processos que o DCJ tenha Competência de Analisar e Encaminhamentos para a Direção de Centro</strong></p>



<p><strong>Acompanhamento da Atividade Docente do DCJ (Cumprimento de Carga Horária, Frequência, Recebimento de Reclamações etc)</strong></p>



<p><strong>Acompanhamento da Atividade dos Técnicos Administrativos do DCJ (Cumprimento de Carga Horária, Frequência etc)</strong></p>



<p><strong>Guarda, Arquivamento, Organização e Fornecimento de Cópias da Documentação Emitida ou Guardada pelo DCJ.</strong></p>



<p><strong>Fornecimento de Autorizações Diversas referentes a Estrutura do DCJ (Divulgação, Fixação de Placas de Turmas de Formandos, Realização de Eventos etc)</strong></p>



<p><strong>Realização de Processos Seletivos para Contratação do Professores Efetivos, Substitutos, visitantes etc.</strong></p>



<p><strong>Contratação de Professores</strong></p>



<p><strong>Acompanhamento das Atividades Realizadas pelas Assessorias Acadêmicas e pelo Núcleo de Prática Jurídica</strong></p>

<p>Atendimento ao público externo, discentes e docentes: Solução aos diversos requerimentos e demandas. Cadastro de [&hellip;]</p>
