{"id":377,"date":"2025-06-12T15:04:22","date_gmt":"2025-06-12T15:04:22","guid":{"rendered":"https:\/\/www.ccj.ufpb.br\/santarita\/?page_id=377"},"modified":"2025-06-12T15:04:22","modified_gmt":"2025-06-12T15:04:22","slug":"revisao-de-nota","status":"publish","type":"page","link":"https:\/\/www.ccj.ufpb.br\/santarita\/revisao-de-nota\/","title":{"rendered":"Revis\u00e3o de nota"},"content":{"rendered":"\n<h2 class=\"wp-block-heading\"><div class=\"linha-header\">Introdu\u00e7\u00e3o e procedimento<\/div><\/h2>\n\n\n\n<p class=\" \">Caso o (a) discente n\u00e3o concorde com a nota atribu\u00edda em determinada atividade acad\u00eamica, \u00e9 poss\u00edvel solicitar a revis\u00e3o, desde que a solicita\u00e7\u00e3o esteja devidamente fundamentada. N\u00e3o cabe o pedido de revis\u00e3o sob alega\u00e7\u00e3o gen\u00e9rica ou por mera discord\u00e2ncia.<\/p>\n\n\n\n<p class=\" \">O requerimento deve ser apresentado em at\u00e9 tr\u00eas dias \u00fateis, contados da data de divulga\u00e7\u00e3o das notas pelo (a) docente no SIGAA.<\/p>\n\n\n\n<p class=\" \">Deve tamb\u00e9m ser enviada uma c\u00f3pia da avalia\u00e7\u00e3o.&nbsp;Caso n\u00e3o tenha sido fornecida c\u00f3pia pelo (a) docente ao (\u00e0) discente, deve-se informar esse fato na fundamenta\u00e7\u00e3o.<\/p>\n\n\n\n<p>Um modelo requerimento pode ser encontrado&nbsp;<a href=\"https:\/\/docs.google.com\/document\/d\/1voyFCgpXB4glRHu9t2GrjlaBZ5JXBOK__LCJ48-npE0\/edit?usp=sharing\" target=\"_blank\" rel=\"noreferrer noopener\">aqui<\/a>.<\/p>\n\n\n\n<p>Instru\u00e7\u00f5es para requerimentos \u00e0 coordena\u00e7\u00e3o podem ser encontradas&nbsp;<a href=\"https:\/\/coda.io\/d\/_dMsBYT0Rs9H\/Como-realizar-solicitacao-a-Coordenacao-de-Curso_suEC0\" target=\"_blank\" rel=\"noreferrer noopener\">aqui<\/a>.<\/p>\n\n\n\n<p class=\" \">&nbsp;<\/p>\n\n\n\n<hr class=\"wp-block-separator has-alpha-channel-opacity\" \/>\n\n\n\n<h3 class=\"wp-block-heading\"><\/h3>\n\n\n\n<h3 class=\"wp-block-heading\">Artigos do Regulamento Geral de Gradua\u00e7\u00e3o<\/h3>\n\n\n\n<p><strong>Art.<\/strong>&nbsp;<strong>81.<\/strong>&nbsp;\u00c9&nbsp;permitido&nbsp;ao&nbsp;discente,&nbsp;mediante&nbsp;requerimento&nbsp;fundamentado&nbsp;e&nbsp;com&nbsp;as&nbsp;devidas&nbsp;comprova\u00e7\u00f5es,&nbsp;solicitar&nbsp;revis\u00e3o&nbsp;de&nbsp;solicitar&nbsp;revis\u00e3o&nbsp;da&nbsp;avalia\u00e7\u00e3o&nbsp;de&nbsp;aprendizagem.<\/p>\n\n\n\n<p><strong>\u00a71\u00ba.<\/strong>&nbsp;O&nbsp;discente&nbsp;poder\u00e1&nbsp;requerer,&nbsp;atrav\u00e9s&nbsp;da&nbsp;Coordena\u00e7\u00e3o&nbsp;do&nbsp;Curso,&nbsp;a&nbsp;revis\u00e3o&nbsp;da&nbsp;avalia\u00e7\u00e3o&nbsp;de&nbsp;aprendizagem&nbsp;ao&nbsp;Departamento&nbsp;respons\u00e1vel&nbsp;pelo&nbsp;componente&nbsp;curricular&nbsp;em&nbsp;at\u00e9&nbsp;03&nbsp;(tr\u00eas)&nbsp;dias&nbsp;\u00fateis&nbsp;a&nbsp;contar&nbsp;da&nbsp;publica\u00e7\u00e3o&nbsp;da&nbsp;nota&nbsp;no&nbsp;SIG&nbsp;pelo&nbsp;docente.<\/p>\n\n\n\n<p><strong>\u00a72\u00ba.<\/strong>&nbsp;A&nbsp;Coordena\u00e7\u00e3o&nbsp;do&nbsp;Curso&nbsp;dever\u00e1&nbsp;encaminhar&nbsp;o&nbsp;requerimento&nbsp;ao&nbsp;Departamento&nbsp;respons\u00e1vel&nbsp;pelo&nbsp;componente&nbsp;curricular&nbsp;no&nbsp;prazo&nbsp;m\u00e1ximo&nbsp;de&nbsp;02&nbsp;(dois)&nbsp;dias&nbsp;\u00fateis,&nbsp;a&nbsp;contar&nbsp;da&nbsp;data&nbsp;do&nbsp;recebimento.<\/p>\n\n\n\n<p><strong>\u00a73\u00ba.<\/strong>&nbsp;O&nbsp;requerimento&nbsp;ser\u00e1&nbsp;encaminhado&nbsp;no&nbsp;prazo&nbsp;m\u00e1ximo&nbsp;de&nbsp;02&nbsp;(dois)&nbsp;dias&nbsp;\u00fateis&nbsp;ao&nbsp;docente&nbsp;respons\u00e1vel&nbsp;pelo&nbsp;componente&nbsp;curricular,&nbsp;devendo&nbsp;a&nbsp;revis\u00e3o&nbsp;ser&nbsp;realizada&nbsp;no&nbsp;prazo&nbsp;m\u00e1ximo&nbsp;de&nbsp;03&nbsp;(tr\u00eas)&nbsp;dias&nbsp;\u00fateis,&nbsp;a&nbsp;contar&nbsp;da&nbsp;data&nbsp;do&nbsp;recebimento&nbsp;pelo&nbsp;docente.<\/p>\n\n\n\n<p><strong>\u00a74\u00ba.<\/strong>&nbsp;Em&nbsp;caso&nbsp;de&nbsp;impedimento&nbsp;legal,&nbsp;de&nbsp;acordo&nbsp;com&nbsp;a&nbsp;lei&nbsp;do&nbsp;processo&nbsp;administrativo&nbsp;vigente,&nbsp;o&nbsp;docente&nbsp;respons\u00e1vel&nbsp;pelo&nbsp;componente&nbsp;curricular&nbsp;comunicar\u00e1&nbsp;a&nbsp;Chefia&nbsp;Departamental,&nbsp;que&nbsp;constituir\u00e1&nbsp;uma&nbsp;comiss\u00e3o&nbsp;composta&nbsp;por&nbsp;tr\u00eas&nbsp;docentes&nbsp;relacionados&nbsp;com&nbsp;o&nbsp;mesmo&nbsp;componente&nbsp;curricular&nbsp;ou&nbsp;correlatos&nbsp;para&nbsp;proceder&nbsp;\u00e0&nbsp;revis\u00e3o&nbsp;dentro&nbsp;de&nbsp;um&nbsp;prazo&nbsp;m\u00e1ximo&nbsp;de&nbsp;03&nbsp;(tr\u00eas)&nbsp;dias&nbsp;\u00fateis,&nbsp;a&nbsp;partir&nbsp;da&nbsp;data&nbsp;da&nbsp;portaria&nbsp;de&nbsp;designa\u00e7\u00e3o.<\/p>\n\n\n\n<p><strong>\u00a75\u00ba.<\/strong>&nbsp;Na&nbsp;aus\u00eancia&nbsp;de&nbsp;justificativa&nbsp;pelo&nbsp;docente&nbsp;e&nbsp;findo&nbsp;o&nbsp;prazo&nbsp;estabelecido&nbsp;para&nbsp;a&nbsp;revis\u00e3o,&nbsp;a&nbsp;Chefia&nbsp;Departamental&nbsp;constituir\u00e1&nbsp;uma&nbsp;comiss\u00e3o&nbsp;de&nbsp;acordo&nbsp;com&nbsp;o&nbsp;disposto&nbsp;no&nbsp;par\u00e1grafo&nbsp;anterior.<\/p>\n\n\n\n<p><strong>\u00a76\u00ba.<\/strong>&nbsp;Conclu\u00eddos&nbsp;os&nbsp;trabalhos&nbsp;de&nbsp;revis\u00e3o,&nbsp;o&nbsp;processo&nbsp;ser\u00e1&nbsp;encaminhado&nbsp;pela&nbsp;Chefia&nbsp;Departamental&nbsp;\u00e0&nbsp;Coordena\u00e7\u00e3o&nbsp;do&nbsp;Curso,&nbsp;que&nbsp;comunicar\u00e1&nbsp;o&nbsp;resultado&nbsp;ao&nbsp;discente.<\/p>\n\n\n\n<p><strong>\u00a77\u00ba.<\/strong>&nbsp;O&nbsp;discente&nbsp;ter\u00e1&nbsp;o&nbsp;prazo&nbsp;de&nbsp;03&nbsp;(tr\u00eas)&nbsp;dias&nbsp;\u00fateis,&nbsp;a&nbsp;contar&nbsp;da&nbsp;data&nbsp;de&nbsp;publica\u00e7\u00e3o&nbsp;do&nbsp;resultado,&nbsp;para&nbsp;tomar&nbsp;ci\u00eancia,&nbsp;sendo-lhe&nbsp;permitido&nbsp;o&nbsp;acesso&nbsp;a&nbsp;toda&nbsp;documenta\u00e7\u00e3o&nbsp;do&nbsp;processo.<\/p>\n\n\n\n<p><strong>\u00a78\u00ba.<\/strong>&nbsp;Caso&nbsp;a&nbsp;revis\u00e3o&nbsp;tenha&nbsp;sido&nbsp;feita&nbsp;apenas&nbsp;pelo&nbsp;docente&nbsp;da&nbsp;disciplina,&nbsp;e&nbsp;o&nbsp;discente&nbsp;discorde&nbsp;do&nbsp;seu&nbsp;resultado,&nbsp;poder\u00e1&nbsp;recorrer,&nbsp;no&nbsp;prazo&nbsp;de&nbsp;10&nbsp;(dez)&nbsp;dias&nbsp;\u00fateis,&nbsp;a&nbsp;partir&nbsp;da&nbsp;ci\u00eancia&nbsp;a&nbsp;que&nbsp;se&nbsp;refere&nbsp;o&nbsp;\u00a77\u00ba<strong>,<\/strong>&nbsp;ao&nbsp;Departamento&nbsp;competente&nbsp;que,&nbsp;atrav\u00e9s&nbsp;da&nbsp;Chefia,&nbsp;constituir\u00e1&nbsp;uma&nbsp;comiss\u00e3o&nbsp;de&nbsp;03&nbsp;(tr\u00eas)&nbsp;docentes,&nbsp;obedecidos&nbsp;aos&nbsp;crit\u00e9rios&nbsp;do&nbsp;\u00a74\u00ba,&nbsp;para&nbsp;proceder&nbsp;a&nbsp;nova&nbsp;e&nbsp;\u00faltima&nbsp;revis\u00e3o.<\/p>\n\n\n\n<p><strong>\u00a79\u00ba.<\/strong>&nbsp;A&nbsp;Comiss\u00e3o&nbsp;ter\u00e1&nbsp;03&nbsp;(tr\u00eas)&nbsp;dias&nbsp;\u00fateis,&nbsp;a&nbsp;contar&nbsp;da&nbsp;data&nbsp;de&nbsp;sua&nbsp;designa\u00e7\u00e3o,&nbsp;para&nbsp;proceder&nbsp;\u00e0&nbsp;revis\u00e3o.<\/p>\n\n\n\n<p><strong>\u00a710\u00ba.<\/strong>&nbsp;Conclu\u00eddos&nbsp;os&nbsp;trabalhos&nbsp;de&nbsp;revis\u00e3o,&nbsp;o&nbsp;processo&nbsp;ser\u00e1&nbsp;encaminhado&nbsp;pela&nbsp;Chefia&nbsp;Departamental&nbsp;\u00e0&nbsp;Coordena\u00e7\u00e3o&nbsp;do&nbsp;Curso,&nbsp;que&nbsp;comunicar\u00e1&nbsp;o&nbsp;resultado&nbsp;ao&nbsp;discente.<\/p>\n","protected":false},"excerpt":{"rendered":"<p>Introdu\u00e7\u00e3o e procedimento Caso o (a) discente n\u00e3o concorde com a nota atribu\u00edda em determinada [&hellip;]<\/p>\n","protected":false},"author":54,"featured_media":0,"parent":0,"menu_order":0,"comment_status":"closed","ping_status":"closed","template":"","meta":{"footnotes":""},"class_list":["post-377","page","type-page","status-publish","hentry"],"_links":{"self":[{"href":"https:\/\/www.ccj.ufpb.br\/santarita\/wp-json\/wp\/v2\/pages\/377","targetHints":{"allow":["GET"]}}],"collection":[{"href":"https:\/\/www.ccj.ufpb.br\/santarita\/wp-json\/wp\/v2\/pages"}],"about":[{"href":"https:\/\/www.ccj.ufpb.br\/santarita\/wp-json\/wp\/v2\/types\/page"}],"author":[{"embeddable":true,"href":"https:\/\/www.ccj.ufpb.br\/santarita\/wp-json\/wp\/v2\/users\/54"}],"replies":[{"embeddable":true,"href":"https:\/\/www.ccj.ufpb.br\/santarita\/wp-json\/wp\/v2\/comments?post=377"}],"version-history":[{"count":1,"href":"https:\/\/www.ccj.ufpb.br\/santarita\/wp-json\/wp\/v2\/pages\/377\/revisions"}],"predecessor-version":[{"id":378,"href":"https:\/\/www.ccj.ufpb.br\/santarita\/wp-json\/wp\/v2\/pages\/377\/revisions\/378"}],"wp:attachment":[{"href":"https:\/\/www.ccj.ufpb.br\/santarita\/wp-json\/wp\/v2\/media?parent=377"}],"curies":[{"name":"wp","href":"https:\/\/api.w.org\/{rel}","templated":true}]}}

Revisão de nota

<h2 class="wp-block-heading"><div class="linha-header">Introdução e procedimento</div></h2>



<p class=" ">Caso o (a) discente não concorde com a nota atribuída em determinada atividade acadêmica, é possível solicitar a revisão, desde que a solicitação esteja devidamente fundamentada. Não cabe o pedido de revisão sob alegação genérica ou por mera discordância.</p>



<p class=" ">O requerimento deve ser apresentado em até três dias úteis, contados da data de divulgação das notas pelo (a) docente no SIGAA.</p>



<p class=" ">Deve também ser enviada uma cópia da avaliação.&nbsp;Caso não tenha sido fornecida cópia pelo (a) docente ao (à) discente, deve-se informar esse fato na fundamentação.</p>



<p>Um modelo requerimento pode ser encontrado&nbsp;<a href="https://docs.google.com/document/d/1voyFCgpXB4glRHu9t2GrjlaBZ5JXBOK__LCJ48-npE0/edit?usp=sharing" target="_blank" rel="noreferrer noopener">aqui</a>.</p>



<p>Instruções para requerimentos à coordenação podem ser encontradas&nbsp;<a href="https://coda.io/d/_dMsBYT0Rs9H/Como-realizar-solicitacao-a-Coordenacao-de-Curso_suEC0" target="_blank" rel="noreferrer noopener">aqui</a>.</p>



<p class=" ">&nbsp;</p>



<hr class="wp-block-separator has-alpha-channel-opacity" />



<h3 class="wp-block-heading"></h3>



<h3 class="wp-block-heading">Artigos do Regulamento Geral de Graduação</h3>



<p><strong>Art.</strong>&nbsp;<strong>81.</strong>&nbsp;É&nbsp;permitido&nbsp;ao&nbsp;discente,&nbsp;mediante&nbsp;requerimento&nbsp;fundamentado&nbsp;e&nbsp;com&nbsp;as&nbsp;devidas&nbsp;comprovações,&nbsp;solicitar&nbsp;revisão&nbsp;de&nbsp;solicitar&nbsp;revisão&nbsp;da&nbsp;avaliação&nbsp;de&nbsp;aprendizagem.</p>



<p><strong>§1º.</strong>&nbsp;O&nbsp;discente&nbsp;poderá&nbsp;requerer,&nbsp;através&nbsp;da&nbsp;Coordenação&nbsp;do&nbsp;Curso,&nbsp;a&nbsp;revisão&nbsp;da&nbsp;avaliação&nbsp;de&nbsp;aprendizagem&nbsp;ao&nbsp;Departamento&nbsp;responsável&nbsp;pelo&nbsp;componente&nbsp;curricular&nbsp;em&nbsp;até&nbsp;03&nbsp;(três)&nbsp;dias&nbsp;úteis&nbsp;a&nbsp;contar&nbsp;da&nbsp;publicação&nbsp;da&nbsp;nota&nbsp;no&nbsp;SIG&nbsp;pelo&nbsp;docente.</p>



<p><strong>§2º.</strong>&nbsp;A&nbsp;Coordenação&nbsp;do&nbsp;Curso&nbsp;deverá&nbsp;encaminhar&nbsp;o&nbsp;requerimento&nbsp;ao&nbsp;Departamento&nbsp;responsável&nbsp;pelo&nbsp;componente&nbsp;curricular&nbsp;no&nbsp;prazo&nbsp;máximo&nbsp;de&nbsp;02&nbsp;(dois)&nbsp;dias&nbsp;úteis,&nbsp;a&nbsp;contar&nbsp;da&nbsp;data&nbsp;do&nbsp;recebimento.</p>



<p><strong>§3º.</strong>&nbsp;O&nbsp;requerimento&nbsp;será&nbsp;encaminhado&nbsp;no&nbsp;prazo&nbsp;máximo&nbsp;de&nbsp;02&nbsp;(dois)&nbsp;dias&nbsp;úteis&nbsp;ao&nbsp;docente&nbsp;responsável&nbsp;pelo&nbsp;componente&nbsp;curricular,&nbsp;devendo&nbsp;a&nbsp;revisão&nbsp;ser&nbsp;realizada&nbsp;no&nbsp;prazo&nbsp;máximo&nbsp;de&nbsp;03&nbsp;(três)&nbsp;dias&nbsp;úteis,&nbsp;a&nbsp;contar&nbsp;da&nbsp;data&nbsp;do&nbsp;recebimento&nbsp;pelo&nbsp;docente.</p>



<p><strong>§4º.</strong>&nbsp;Em&nbsp;caso&nbsp;de&nbsp;impedimento&nbsp;legal,&nbsp;de&nbsp;acordo&nbsp;com&nbsp;a&nbsp;lei&nbsp;do&nbsp;processo&nbsp;administrativo&nbsp;vigente,&nbsp;o&nbsp;docente&nbsp;responsável&nbsp;pelo&nbsp;componente&nbsp;curricular&nbsp;comunicará&nbsp;a&nbsp;Chefia&nbsp;Departamental,&nbsp;que&nbsp;constituirá&nbsp;uma&nbsp;comissão&nbsp;composta&nbsp;por&nbsp;três&nbsp;docentes&nbsp;relacionados&nbsp;com&nbsp;o&nbsp;mesmo&nbsp;componente&nbsp;curricular&nbsp;ou&nbsp;correlatos&nbsp;para&nbsp;proceder&nbsp;à&nbsp;revisão&nbsp;dentro&nbsp;de&nbsp;um&nbsp;prazo&nbsp;máximo&nbsp;de&nbsp;03&nbsp;(três)&nbsp;dias&nbsp;úteis,&nbsp;a&nbsp;partir&nbsp;da&nbsp;data&nbsp;da&nbsp;portaria&nbsp;de&nbsp;designação.</p>



<p><strong>§5º.</strong>&nbsp;Na&nbsp;ausência&nbsp;de&nbsp;justificativa&nbsp;pelo&nbsp;docente&nbsp;e&nbsp;findo&nbsp;o&nbsp;prazo&nbsp;estabelecido&nbsp;para&nbsp;a&nbsp;revisão,&nbsp;a&nbsp;Chefia&nbsp;Departamental&nbsp;constituirá&nbsp;uma&nbsp;comissão&nbsp;de&nbsp;acordo&nbsp;com&nbsp;o&nbsp;disposto&nbsp;no&nbsp;parágrafo&nbsp;anterior.</p>



<p><strong>§6º.</strong>&nbsp;Concluídos&nbsp;os&nbsp;trabalhos&nbsp;de&nbsp;revisão,&nbsp;o&nbsp;processo&nbsp;será&nbsp;encaminhado&nbsp;pela&nbsp;Chefia&nbsp;Departamental&nbsp;à&nbsp;Coordenação&nbsp;do&nbsp;Curso,&nbsp;que&nbsp;comunicará&nbsp;o&nbsp;resultado&nbsp;ao&nbsp;discente.</p>



<p><strong>§7º.</strong>&nbsp;O&nbsp;discente&nbsp;terá&nbsp;o&nbsp;prazo&nbsp;de&nbsp;03&nbsp;(três)&nbsp;dias&nbsp;úteis,&nbsp;a&nbsp;contar&nbsp;da&nbsp;data&nbsp;de&nbsp;publicação&nbsp;do&nbsp;resultado,&nbsp;para&nbsp;tomar&nbsp;ciência,&nbsp;sendo-lhe&nbsp;permitido&nbsp;o&nbsp;acesso&nbsp;a&nbsp;toda&nbsp;documentação&nbsp;do&nbsp;processo.</p>



<p><strong>§8º.</strong>&nbsp;Caso&nbsp;a&nbsp;revisão&nbsp;tenha&nbsp;sido&nbsp;feita&nbsp;apenas&nbsp;pelo&nbsp;docente&nbsp;da&nbsp;disciplina,&nbsp;e&nbsp;o&nbsp;discente&nbsp;discorde&nbsp;do&nbsp;seu&nbsp;resultado,&nbsp;poderá&nbsp;recorrer,&nbsp;no&nbsp;prazo&nbsp;de&nbsp;10&nbsp;(dez)&nbsp;dias&nbsp;úteis,&nbsp;a&nbsp;partir&nbsp;da&nbsp;ciência&nbsp;a&nbsp;que&nbsp;se&nbsp;refere&nbsp;o&nbsp;§7º<strong>,</strong>&nbsp;ao&nbsp;Departamento&nbsp;competente&nbsp;que,&nbsp;através&nbsp;da&nbsp;Chefia,&nbsp;constituirá&nbsp;uma&nbsp;comissão&nbsp;de&nbsp;03&nbsp;(três)&nbsp;docentes,&nbsp;obedecidos&nbsp;aos&nbsp;critérios&nbsp;do&nbsp;§4º,&nbsp;para&nbsp;proceder&nbsp;a&nbsp;nova&nbsp;e&nbsp;última&nbsp;revisão.</p>



<p><strong>§9º.</strong>&nbsp;A&nbsp;Comissão&nbsp;terá&nbsp;03&nbsp;(três)&nbsp;dias&nbsp;úteis,&nbsp;a&nbsp;contar&nbsp;da&nbsp;data&nbsp;de&nbsp;sua&nbsp;designação,&nbsp;para&nbsp;proceder&nbsp;à&nbsp;revisão.</p>



<p><strong>§10º.</strong>&nbsp;Concluídos&nbsp;os&nbsp;trabalhos&nbsp;de&nbsp;revisão,&nbsp;o&nbsp;processo&nbsp;será&nbsp;encaminhado&nbsp;pela&nbsp;Chefia&nbsp;Departamental&nbsp;à&nbsp;Coordenação&nbsp;do&nbsp;Curso,&nbsp;que&nbsp;comunicará&nbsp;o&nbsp;resultado&nbsp;ao&nbsp;discente.</p>

<p>Introdução e procedimento Caso o (a) discente não concorde com a nota atribuída em determinada [&hellip;]</p>
