{"id":369,"date":"2025-06-12T15:00:21","date_gmt":"2025-06-12T15:00:21","guid":{"rendered":"https:\/\/www.ccj.ufpb.br\/santarita\/?page_id=369"},"modified":"2025-06-12T15:00:21","modified_gmt":"2025-06-12T15:00:21","slug":"reingresso","status":"publish","type":"page","link":"https:\/\/www.ccj.ufpb.br\/santarita\/reingresso\/","title":{"rendered":"Reingresso"},"content":{"rendered":"\n<h2 class=\"wp-block-heading\"><div class=\"linha-header\">Introdu\u00e7\u00e3o<\/div><\/h2>\n\n\n\n<p class=\" \">O abandono se d\u00e1 quando o estudante deixa de se matricular em dois semestres seguidos. A matr\u00edcula \u00e9 cancelada.<\/p>\n\n\n\n<p class=\" \">Esse cancelamento \u00e9 revers\u00edvel, se o requerimento for feito a tempo.<\/p>\n\n\n\n<p class=\" \">Entende-se por reingresso o ato por meio do qual \u00e9 revertido o cancelamento por abandono.<\/p>\n\n\n\n<h2 class=\"wp-block-heading\"><div class=\"linha-header\"><strong>Procedimento<\/strong><\/div><\/h2>\n\n\n\n<p>&#8211; O aluno dever\u00e1 preencher requerimento,&nbsp;assin\u00e1-lo, e&nbsp;encaminh\u00e1-lo para o e-mail Coordena\u00e7\u00e3o.<\/p>\n\n\n\n<p>&#8211; Em seguida, o pedido ser\u00e1 analisado pelo Colegiado do Curso.<\/p>\n\n\n\n<p>&#8211; Havendo decis\u00e3o favor\u00e1vel ao reingresso, tal situa\u00e7\u00e3o ser\u00e1 registrada pela Pr\u00f3-Reitoria de Gradua\u00e7\u00e3o no hist\u00f3rico acad\u00eamico do (a) discente interessado (a).<\/p>\n\n\n\n<p>&#8211; Havendo decis\u00e3o desfavor\u00e1vel, o (a) discente&nbsp;poder\u00e1 recorrer \u00e0 PRG, no prazo de 10 (dez) dias, a partir da data de ci\u00eancia. Da decis\u00e3o da PRG, caber\u00e1 recurso ao Consepe, no prazo de 10 (dez) dias, a partir da data de ci\u00eancia do interessado.<\/p>\n\n\n\n<p>Um formul\u00e1rio para o requerimento se encontra&nbsp;<a href=\"https:\/\/docs.google.com\/document\/d\/1mAvzzHKIxwYpwxtMQbApWZa_A5eWMhxHHNgOE03JQyw\/edit?usp=share_link\" target=\"_blank\" rel=\"noreferrer noopener\">aqui<\/a>.<\/p>\n\n\n\n<p>Instru\u00e7\u00f5es para requerimentos \u00e0 coordena\u00e7\u00e3o podem ser encontradas&nbsp;<a href=\"https:\/\/coda.io\/d\/_dMsBYT0Rs9H\/Como-realizar-solicitacao-a-Coordenacao-de-Curso_suEC0\" target=\"_blank\" rel=\"noreferrer noopener\">aqui<\/a>.<\/p>\n\n\n\n<hr class=\"wp-block-separator has-alpha-channel-opacity\" \/>\n\n\n\n<h3 class=\"wp-block-heading\">Artigos do Regulamento Geral de Gradua\u00e7\u00e3o<\/h3>\n\n\n\n<p>DO REINGRESSO<\/p>\n\n\n\n<p>Art. 115. Entende-se por reingresso o ato pelo qual o interessado, que se encontra na condi\u00e7\u00e3o de abandono de curso na UFPB, retorna ao curso de origem.<br><br>\u00a71\u00ba. Compete ao Colegiado do Curso aprovar o reingresso do interessado no seu curso de origem.<br><br>\u00a72\u00ba. Compete \u00e0 PRG registrar o reingresso do interessado no seu curso de origem.<\/p>\n\n\n\n<p>\u00a73\u00ba. No caso de indeferimento da solicita\u00e7\u00e3o de reingresso pelo Colegiado de Curso, o interessado poder\u00e1 recorrer \u00e0 PRG, no prazo de 10 (dez) dias, a partir da data de ci\u00eancia do interessado. Da decis\u00e3o da PRG, caber\u00e1 recurso ao Consepe, no prazo de 10 (dez) dias, a partir da data de ci\u00eancia do interessado.<\/p>\n\n\n\n<p>Art. 116. A solicita\u00e7\u00e3o de reingresso deve ser formalizada pelo interessado e dirigida \u00e0 Coordena\u00e7\u00e3o do Curso, conforme formul\u00e1rio dispon\u00edvel no site do referido curso, caso tenha o abandono do curso ocorrido h\u00e1, no m\u00e1ximo, 05 (cinco) per\u00edodos letivos.<br><br>Art. 117. A solicita\u00e7\u00e3o de reingresso ser\u00e1 deferida caso os seguintes requisitos sejam atendidos:<br><br>I \u2013 Exista vaga para o curso de origem.<\/p>\n\n\n\n<p>II \u2013 Possua CRA igual ou superior a 5,0.<\/p>\n\n\n\n<p>III \u2013 Parecer favor\u00e1vel do Colegiado do curso acerca da viabilidade de conclus\u00e3o do curso no per\u00edodo regulamentar.<br><br>\u00a71\u00ba. A contagem do tempo que resta para integraliza\u00e7\u00e3o da carga hor\u00e1ria ser\u00e1 feita descontando se do tempo m\u00e1ximo permitido pelo PPC do curso, o tempo cursado e os per\u00edodos letivos com trancamentos totais.<br><br>\u00a72\u00ba. O reingressante receber\u00e1 o mesmo n\u00famero de matr\u00edcula referente ao seu ingresso original.<br><br>\u00a73\u00ba. No hist\u00f3rico acad\u00eamico do discente dever\u00e1 constar os per\u00edodos nos quais o discente ficou inativo.<br><br>Art. 118. Concedido o reingresso, a matr\u00edcula em componentes curriculares deve ser realizada sempre para o per\u00edodo letivo subsequente.<br><br>\u00a71\u00ba. Os componentes curriculares objetos da matr\u00edcula do discente que reingressa ser\u00e3o sempre os que integram o PPC em vigor.<br><br>\u00a72\u00ba. \u00c9 permitido o aproveitamento de componentes curriculares cursados em at\u00e9 no m\u00e1ximo 08 (oito) anos depois de cursados pelo discente que reingressa, obedecendo o quadro de equival\u00eancia estabelecido pelo Colegiado de Curso, quando for o caso.<br><br>Art. 119. O reingresso ser\u00e1 permitido uma \u00fanica vez.<\/p>\n","protected":false},"excerpt":{"rendered":"<p>Introdu\u00e7\u00e3o O abandono se d\u00e1 quando o estudante deixa de se matricular em dois semestres [&hellip;]<\/p>\n","protected":false},"author":54,"featured_media":0,"parent":0,"menu_order":0,"comment_status":"closed","ping_status":"closed","template":"","meta":{"footnotes":""},"class_list":["post-369","page","type-page","status-publish","hentry"],"_links":{"self":[{"href":"https:\/\/www.ccj.ufpb.br\/santarita\/wp-json\/wp\/v2\/pages\/369","targetHints":{"allow":["GET"]}}],"collection":[{"href":"https:\/\/www.ccj.ufpb.br\/santarita\/wp-json\/wp\/v2\/pages"}],"about":[{"href":"https:\/\/www.ccj.ufpb.br\/santarita\/wp-json\/wp\/v2\/types\/page"}],"author":[{"embeddable":true,"href":"https:\/\/www.ccj.ufpb.br\/santarita\/wp-json\/wp\/v2\/users\/54"}],"replies":[{"embeddable":true,"href":"https:\/\/www.ccj.ufpb.br\/santarita\/wp-json\/wp\/v2\/comments?post=369"}],"version-history":[{"count":1,"href":"https:\/\/www.ccj.ufpb.br\/santarita\/wp-json\/wp\/v2\/pages\/369\/revisions"}],"predecessor-version":[{"id":370,"href":"https:\/\/www.ccj.ufpb.br\/santarita\/wp-json\/wp\/v2\/pages\/369\/revisions\/370"}],"wp:attachment":[{"href":"https:\/\/www.ccj.ufpb.br\/santarita\/wp-json\/wp\/v2\/media?parent=369"}],"curies":[{"name":"wp","href":"https:\/\/api.w.org\/{rel}","templated":true}]}}

<h2 class="wp-block-heading"><div class="linha-header">Introdução</div></h2>



<p class=" ">O abandono se dá quando o estudante deixa de se matricular em dois semestres seguidos. A matrícula é cancelada.</p>



<p class=" ">Esse cancelamento é reversível, se o requerimento for feito a tempo.</p>



<p class=" ">Entende-se por reingresso o ato por meio do qual é revertido o cancelamento por abandono.</p>



<h2 class="wp-block-heading"><div class="linha-header"><strong>Procedimento</strong></div></h2>



<p>&#8211; O aluno deverá preencher requerimento,&nbsp;assiná-lo, e&nbsp;encaminhá-lo para o e-mail Coordenação.</p>



<p>&#8211; Em seguida, o pedido será analisado pelo Colegiado do Curso.</p>



<p>&#8211; Havendo decisão favorável ao reingresso, tal situação será registrada pela Pró-Reitoria de Graduação no histórico acadêmico do (a) discente interessado (a).</p>



<p>&#8211; Havendo decisão desfavorável, o (a) discente&nbsp;poderá recorrer à PRG, no prazo de 10 (dez) dias, a partir da data de ciência. Da decisão da PRG, caberá recurso ao Consepe, no prazo de 10 (dez) dias, a partir da data de ciência do interessado.</p>



<p>Um formulário para o requerimento se encontra&nbsp;<a href="https://docs.google.com/document/d/1mAvzzHKIxwYpwxtMQbApWZa_A5eWMhxHHNgOE03JQyw/edit?usp=share_link" target="_blank" rel="noreferrer noopener">aqui</a>.</p>



<p>Instruções para requerimentos à coordenação podem ser encontradas&nbsp;<a href="https://coda.io/d/_dMsBYT0Rs9H/Como-realizar-solicitacao-a-Coordenacao-de-Curso_suEC0" target="_blank" rel="noreferrer noopener">aqui</a>.</p>



<hr class="wp-block-separator has-alpha-channel-opacity" />



<h3 class="wp-block-heading">Artigos do Regulamento Geral de Graduação</h3>



<p>DO REINGRESSO</p>



<p>Art. 115. Entende-se por reingresso o ato pelo qual o interessado, que se encontra na condição de abandono de curso na UFPB, retorna ao curso de origem.<br><br>§1º. Compete ao Colegiado do Curso aprovar o reingresso do interessado no seu curso de origem.<br><br>§2º. Compete à PRG registrar o reingresso do interessado no seu curso de origem.</p>



<p>§3º. No caso de indeferimento da solicitação de reingresso pelo Colegiado de Curso, o interessado poderá recorrer à PRG, no prazo de 10 (dez) dias, a partir da data de ciência do interessado. Da decisão da PRG, caberá recurso ao Consepe, no prazo de 10 (dez) dias, a partir da data de ciência do interessado.</p>



<p>Art. 116. A solicitação de reingresso deve ser formalizada pelo interessado e dirigida à Coordenação do Curso, conforme formulário disponível no site do referido curso, caso tenha o abandono do curso ocorrido há, no máximo, 05 (cinco) períodos letivos.<br><br>Art. 117. A solicitação de reingresso será deferida caso os seguintes requisitos sejam atendidos:<br><br>I – Exista vaga para o curso de origem.</p>



<p>II – Possua CRA igual ou superior a 5,0.</p>



<p>III – Parecer favorável do Colegiado do curso acerca da viabilidade de conclusão do curso no período regulamentar.<br><br>§1º. A contagem do tempo que resta para integralização da carga horária será feita descontando se do tempo máximo permitido pelo PPC do curso, o tempo cursado e os períodos letivos com trancamentos totais.<br><br>§2º. O reingressante receberá o mesmo número de matrícula referente ao seu ingresso original.<br><br>§3º. No histórico acadêmico do discente deverá constar os períodos nos quais o discente ficou inativo.<br><br>Art. 118. Concedido o reingresso, a matrícula em componentes curriculares deve ser realizada sempre para o período letivo subsequente.<br><br>§1º. Os componentes curriculares objetos da matrícula do discente que reingressa serão sempre os que integram o PPC em vigor.<br><br>§2º. É permitido o aproveitamento de componentes curriculares cursados em até no máximo 08 (oito) anos depois de cursados pelo discente que reingressa, obedecendo o quadro de equivalência estabelecido pelo Colegiado de Curso, quando for o caso.<br><br>Art. 119. O reingresso será permitido uma única vez.</p>

<p>Introdução O abandono se dá quando o estudante deixa de se matricular em dois semestres [&hellip;]</p>
