{"id":367,"date":"2025-06-12T14:58:47","date_gmt":"2025-06-12T14:58:47","guid":{"rendered":"https:\/\/www.ccj.ufpb.br\/santarita\/?page_id=367"},"modified":"2025-06-12T14:58:47","modified_gmt":"2025-06-12T14:58:47","slug":"mudanca-de-turno","status":"publish","type":"page","link":"https:\/\/www.ccj.ufpb.br\/santarita\/mudanca-de-turno\/","title":{"rendered":"Mudan\u00e7a de Turno"},"content":{"rendered":"\n<h2 class=\"wp-block-heading\"><div class=\"linha-header\">Introdu\u00e7\u00e3o<\/div><\/h2>\n\n\n\n<p>No nosso curso, cada matr\u00edcula \u00e9 fixada a um \u00fanico turno, e este pode ser diurno ou noturno. A matr\u00edcula fixada em um turno n\u00e3o impede o discente de se matricular em turmas do outro turno (tamb\u00e9m chamado de contraturno), mas os discentes de cada turno t\u00eam prioridade (e quase sempre garantia) nas matr\u00edculas em seu turno.&nbsp;<\/p>\n\n\n\n<p>Isso \u00e9 importante porque, frequentemente, a ordem de prioridade determinar\u00e1 o andamento, a rotina do curso para um estudante.<\/p>\n\n\n\n<p>Por essa raz\u00e3o, \u00e9 poss\u00edvel que um estudante com matr\u00edcula fixada na noite queira mudar e fixar sua matr\u00edcula no dia, e vice-versa.<\/p>\n\n\n\n<p>A mudan\u00e7a ou reop\u00e7\u00e3o de turno \u00e9 o procedimento que permite essa mudan\u00e7a, e ela deve ser solicitada \u00e0 Coordena\u00e7\u00e3o de Curso&nbsp;(requerimento&nbsp;dispon\u00edvel aqui).<\/p>\n\n\n\n<p>Nem sempre \u00e9 poss\u00edvel. Entre as exig\u00eancias, temos:<\/p>\n\n\n\n<p>&#8211; S\u00f3 \u00e9 poss\u00edvel requerer mudan\u00e7a de turno ap\u00f3s integralizados 20% do curso;<br>&#8211; \u00c9 preciso justificar o pedido;<br>&#8211; A efetiva\u00e7\u00e3o da mudan\u00e7a depende da exist\u00eancia de vagas especificamente destinadas (IN n\u00ba 05\/2022\/PRG, dispon\u00edvel no&nbsp;<a href=\"https:\/\/www.ccj.ufpb.br\/cdsr\/contents\/menu\/institucional\/legislacao\">menu &#8220;Legisla\u00e7\u00e3o&#8221;<\/a>).<\/p>\n\n\n\n<p>Ap\u00f3s a an\u00e1lise da Coordena\u00e7\u00e3o, o pedido ser\u00e1 apreciado pelo Colegiado de Curso.<\/p>\n\n\n\n<p>Depois da aprova\u00e7\u00e3o pelo Colegiado de Curso, o pedido ser\u00e1 encaminhado \u00e0 Pr\u00f3-Reitoria de Gradua\u00e7\u00e3o para fins de efetiva\u00e7\u00e3o do registro.<\/p>\n\n\n\n<p>A mudan\u00e7a de turno somente poder\u00e1 ser concedida uma \u00fanica vez.<\/p>\n\n\n\n<p>Um modelo de requerimento \u00e9 disponibilizado&nbsp;<a href=\"https:\/\/docs.google.com\/document\/d\/1lFriHyVlEyw9l_IMn_2xDaxUdFNeTdTFdexn8tzaQJc\/edit?usp=share_link\" target=\"_blank\" rel=\"noreferrer noopener\">aqui<\/a>.<\/p>\n\n\n\n<p>Instru\u00e7\u00f5es para requerimentos \u00e0 coordena\u00e7\u00e3o podem ser encontradas&nbsp;<a href=\"https:\/\/coda.io\/d\/_dMsBYT0Rs9H\/Como-realizar-solicitacao-a-Coordenacao-de-Curso_suEC0\" target=\"_blank\" rel=\"noreferrer noopener\">aqui<\/a>.<\/p>\n\n\n\n<hr class=\"wp-block-separator has-alpha-channel-opacity\" \/>\n\n\n\n<p class=\" \">&nbsp;<\/p>\n\n\n\n<h3 class=\"wp-block-heading\">Artigos do Regulamento Geral de Gradua\u00e7\u00e3o<\/h3>\n\n\n\n<p>DA MUDAN\u00c7A DE TURNO<\/p>\n\n\n\n<p>Art. 165. A mudan\u00e7a de turno obedecer\u00e1 aos seguintes crit\u00e9rios:<\/p>\n\n\n\n<p>I \u2013 Exist\u00eancia de vaga no turno solicitado pelo discente.<br>II \u2013 Integraliza\u00e7\u00e3o de pelo menos 20% (vinte por cento) da carga hor\u00e1ria da estrutura<br>curricular.<br>III \u2013 Justificativa e comprova\u00e7\u00e3o da necessidade de mudan\u00e7a de turno.<\/p>\n\n\n\n<p>Art. 166. A mudan\u00e7a de turno \u00e9 concedida uma \u00fanica vez, mediante solicita\u00e7\u00e3o do discente \u00e0&nbsp;Coordena\u00e7\u00e3o do Curso.<\/p>\n\n\n\n<p>\u00a71\u00ba. Caber\u00e1 ao Colegiado de Curso estabelecer, mediante portaria, crit\u00e9rios adicionais, quando&nbsp;a demanda for maior do que o n\u00famero de solicita\u00e7\u00f5es.<\/p>\n\n\n\n<p>\u00a72\u00ba. No caso de indeferimento da solicita\u00e7\u00e3o de mudan\u00e7a de turno, o interessado poder\u00e1 recorrer&nbsp;ao Consepe, no prazo de 10 (dez) dias.<\/p>\n\n\n\n<p>Art. 167. Cabe ao Colegiado do Curso apreciar a solicita\u00e7\u00e3o e, em caso de deferimento,&nbsp;encaminhar \u00e0 PRG para efetivar os registros da mudan\u00e7a de turno no SIG.<\/p>\n\n\n\n<p>Par\u00e1grafo \u00fanico. A mudan\u00e7a de turno entra em vigor a partir do per\u00edodo letivo subsequente \u00e0&nbsp;aprova\u00e7\u00e3o da solicita\u00e7\u00e3o<\/p>\n","protected":false},"excerpt":{"rendered":"<p>Introdu\u00e7\u00e3o No nosso curso, cada matr\u00edcula \u00e9 fixada a um \u00fanico turno, e este pode [&hellip;]<\/p>\n","protected":false},"author":54,"featured_media":0,"parent":0,"menu_order":0,"comment_status":"closed","ping_status":"closed","template":"","meta":{"footnotes":""},"class_list":["post-367","page","type-page","status-publish","hentry"],"_links":{"self":[{"href":"https:\/\/www.ccj.ufpb.br\/santarita\/wp-json\/wp\/v2\/pages\/367","targetHints":{"allow":["GET"]}}],"collection":[{"href":"https:\/\/www.ccj.ufpb.br\/santarita\/wp-json\/wp\/v2\/pages"}],"about":[{"href":"https:\/\/www.ccj.ufpb.br\/santarita\/wp-json\/wp\/v2\/types\/page"}],"author":[{"embeddable":true,"href":"https:\/\/www.ccj.ufpb.br\/santarita\/wp-json\/wp\/v2\/users\/54"}],"replies":[{"embeddable":true,"href":"https:\/\/www.ccj.ufpb.br\/santarita\/wp-json\/wp\/v2\/comments?post=367"}],"version-history":[{"count":1,"href":"https:\/\/www.ccj.ufpb.br\/santarita\/wp-json\/wp\/v2\/pages\/367\/revisions"}],"predecessor-version":[{"id":368,"href":"https:\/\/www.ccj.ufpb.br\/santarita\/wp-json\/wp\/v2\/pages\/367\/revisions\/368"}],"wp:attachment":[{"href":"https:\/\/www.ccj.ufpb.br\/santarita\/wp-json\/wp\/v2\/media?parent=367"}],"curies":[{"name":"wp","href":"https:\/\/api.w.org\/{rel}","templated":true}]}}

Mudança de Turno

<h2 class="wp-block-heading"><div class="linha-header">Introdução</div></h2>



<p>No nosso curso, cada matrícula é fixada a um único turno, e este pode ser diurno ou noturno. A matrícula fixada em um turno não impede o discente de se matricular em turmas do outro turno (também chamado de contraturno), mas os discentes de cada turno têm prioridade (e quase sempre garantia) nas matrículas em seu turno.&nbsp;</p>



<p>Isso é importante porque, frequentemente, a ordem de prioridade determinará o andamento, a rotina do curso para um estudante.</p>



<p>Por essa razão, é possível que um estudante com matrícula fixada na noite queira mudar e fixar sua matrícula no dia, e vice-versa.</p>



<p>A mudança ou reopção de turno é o procedimento que permite essa mudança, e ela deve ser solicitada à Coordenação de Curso&nbsp;(requerimento&nbsp;disponível aqui).</p>



<p>Nem sempre é possível. Entre as exigências, temos:</p>



<p>&#8211; Só é possível requerer mudança de turno após integralizados 20% do curso;<br>&#8211; É preciso justificar o pedido;<br>&#8211; A efetivação da mudança depende da existência de vagas especificamente destinadas (IN nº 05/2022/PRG, disponível no&nbsp;<a href="https://www.ccj.ufpb.br/cdsr/contents/menu/institucional/legislacao">menu &#8220;Legislação&#8221;</a>).</p>



<p>Após a análise da Coordenação, o pedido será apreciado pelo Colegiado de Curso.</p>



<p>Depois da aprovação pelo Colegiado de Curso, o pedido será encaminhado à Pró-Reitoria de Graduação para fins de efetivação do registro.</p>



<p>A mudança de turno somente poderá ser concedida uma única vez.</p>



<p>Um modelo de requerimento é disponibilizado&nbsp;<a href="https://docs.google.com/document/d/1lFriHyVlEyw9l_IMn_2xDaxUdFNeTdTFdexn8tzaQJc/edit?usp=share_link" target="_blank" rel="noreferrer noopener">aqui</a>.</p>



<p>Instruções para requerimentos à coordenação podem ser encontradas&nbsp;<a href="https://coda.io/d/_dMsBYT0Rs9H/Como-realizar-solicitacao-a-Coordenacao-de-Curso_suEC0" target="_blank" rel="noreferrer noopener">aqui</a>.</p>



<hr class="wp-block-separator has-alpha-channel-opacity" />



<p class=" ">&nbsp;</p>



<h3 class="wp-block-heading">Artigos do Regulamento Geral de Graduação</h3>



<p>DA MUDANÇA DE TURNO</p>



<p>Art. 165. A mudança de turno obedecerá aos seguintes critérios:</p>



<p>I – Existência de vaga no turno solicitado pelo discente.<br>II – Integralização de pelo menos 20% (vinte por cento) da carga horária da estrutura<br>curricular.<br>III – Justificativa e comprovação da necessidade de mudança de turno.</p>



<p>Art. 166. A mudança de turno é concedida uma única vez, mediante solicitação do discente à&nbsp;Coordenação do Curso.</p>



<p>§1º. Caberá ao Colegiado de Curso estabelecer, mediante portaria, critérios adicionais, quando&nbsp;a demanda for maior do que o número de solicitações.</p>



<p>§2º. No caso de indeferimento da solicitação de mudança de turno, o interessado poderá recorrer&nbsp;ao Consepe, no prazo de 10 (dez) dias.</p>



<p>Art. 167. Cabe ao Colegiado do Curso apreciar a solicitação e, em caso de deferimento,&nbsp;encaminhar à PRG para efetivar os registros da mudança de turno no SIG.</p>



<p>Parágrafo único. A mudança de turno entra em vigor a partir do período letivo subsequente à&nbsp;aprovação da solicitação</p>

<p>Introdução No nosso curso, cada matrícula é fixada a um único turno, e este pode [&hellip;]</p>
