{"id":354,"date":"2025-06-12T14:42:27","date_gmt":"2025-06-12T14:42:27","guid":{"rendered":"https:\/\/www.ccj.ufpb.br\/santarita\/?page_id=354"},"modified":"2025-06-12T14:42:27","modified_gmt":"2025-06-12T14:42:27","slug":"declaracoes-e-certidoes-2","status":"publish","type":"page","link":"https:\/\/www.ccj.ufpb.br\/santarita\/declaracoes-e-certidoes-2\/","title":{"rendered":"Declara\u00e7\u00f5es e certid\u00f5es"},"content":{"rendered":"\n<p>Os sistemas da UFPB cont\u00eam informa\u00e7\u00f5es as mais diversas sobre cada estudante.<\/p>\n\n\n\n<p>\u00c9 comum que as pessoas precisem levar essas informa\u00e7\u00f5es a outros setores da UFPB ou institui\u00e7\u00f5es fora da UFPB, sendo est\u00e1gio e emprego as situa\u00e7\u00f5es mais comuns dessas \u00faltimas.<\/p>\n\n\n\n<p>Essas pessoas ou \u00f3rg\u00e3os externos querem uma garantia de que as informa\u00e7\u00f5es s\u00e3o verdadeiras, e certid\u00e3o ou declara\u00e7\u00e3o \u00e9 como chamamos o documento que carrega essas informa\u00e7\u00f5es com nossa a assinatura da universidade. Podem ser pedidas a qualquer tempo pelo interessado, e n\u00e3o \u00e9 necess\u00e1rio ter uma justificativa para isso. N\u00f3s n\u00e3o vamos julgar se voc\u00ea precisa ter acesso a suas informa\u00e7\u00f5es; n\u00e3o faz sentido e n\u00e3o \u00e9 assim que a lei diz.<\/p>\n\n\n\n<p>S\u00f3 h\u00e1 uma ressalva: na Coordena\u00e7\u00e3o de Curso, somos impedidos de fornecer alguns documentos por normas internas e externas. Como exemplos, o Regulamento Geral de Gradua\u00e7\u00e3o nos pro\u00edbe fornecer documenta\u00e7\u00e3o de pessoas que j\u00e1 se formaram, e a Lei Geral de Prote\u00e7\u00e3o de Dados nos condiciona em outros aspectos.<\/p>\n\n\n\n<p>No geral, entretanto, \u00e9 f\u00e1cil fornecer as informa\u00e7\u00f5es de que voc\u00eas precisam.<\/p>\n\n\n\n<p>Basta pedir da forma tradicional: requerimento assinado, enviado ao e-mail da Coordena\u00e7\u00e3o de Curso, a partir de seu e-mail registrado no SIGAA.<\/p>\n","protected":false},"excerpt":{"rendered":"<p>Os sistemas da UFPB cont\u00eam informa\u00e7\u00f5es as mais diversas sobre cada estudante. \u00c9 comum que [&hellip;]<\/p>\n","protected":false},"author":54,"featured_media":0,"parent":0,"menu_order":0,"comment_status":"closed","ping_status":"closed","template":"","meta":{"footnotes":""},"class_list":["post-354","page","type-page","status-publish","hentry"],"_links":{"self":[{"href":"https:\/\/www.ccj.ufpb.br\/santarita\/wp-json\/wp\/v2\/pages\/354","targetHints":{"allow":["GET"]}}],"collection":[{"href":"https:\/\/www.ccj.ufpb.br\/santarita\/wp-json\/wp\/v2\/pages"}],"about":[{"href":"https:\/\/www.ccj.ufpb.br\/santarita\/wp-json\/wp\/v2\/types\/page"}],"author":[{"embeddable":true,"href":"https:\/\/www.ccj.ufpb.br\/santarita\/wp-json\/wp\/v2\/users\/54"}],"replies":[{"embeddable":true,"href":"https:\/\/www.ccj.ufpb.br\/santarita\/wp-json\/wp\/v2\/comments?post=354"}],"version-history":[{"count":2,"href":"https:\/\/www.ccj.ufpb.br\/santarita\/wp-json\/wp\/v2\/pages\/354\/revisions"}],"predecessor-version":[{"id":356,"href":"https:\/\/www.ccj.ufpb.br\/santarita\/wp-json\/wp\/v2\/pages\/354\/revisions\/356"}],"wp:attachment":[{"href":"https:\/\/www.ccj.ufpb.br\/santarita\/wp-json\/wp\/v2\/media?parent=354"}],"curies":[{"name":"wp","href":"https:\/\/api.w.org\/{rel}","templated":true}]}}