{"id":346,"date":"2025-06-12T14:36:24","date_gmt":"2025-06-12T14:36:24","guid":{"rendered":"https:\/\/www.ccj.ufpb.br\/santarita\/?page_id=346"},"modified":"2025-06-12T14:36:24","modified_gmt":"2025-06-12T14:36:24","slug":"colacao-de-grau-coletiva","status":"publish","type":"page","link":"https:\/\/www.ccj.ufpb.br\/santarita\/colacao-de-grau-coletiva\/","title":{"rendered":"Cola\u00e7\u00e3o de Grau Coletiva"},"content":{"rendered":"\n<p class=\" \">A cola\u00e7\u00e3o de grau \u00e9 a cerim\u00f4nia que encerra o curso. S\u00f3 ap\u00f3s a cola\u00e7\u00e3o de grau \u00e9 adquirido o t\u00edtulo de bacharel. \u00c9 uma cerim\u00f4nia, em regra, coletiva.<\/p>\n\n\n\n<p>Antes de colar grau, \u00e9 preciso cumprir com as obriga\u00e7\u00f5es do Trabalho de Conclus\u00e3o de Curso. Para acesso \u00e0 assessoria de TCC, use&nbsp;<a href=\"http:\/\/www.ufpb.br\/dcj\/contents\/paginas\/assessoria-de-trabalho-de-conclusao-de-curso-tcc\" target=\"_blank\" rel=\"noreferrer noopener\">este link<\/a>.<\/p>\n\n\n\n<p>Duas normas principais regem a cola\u00e7\u00e3o de grau.&nbsp;Uma \u00e9 o Regulamento Geral de Gradua\u00e7\u00e3o, cuja parte relevante a este t\u00f3pico est\u00e1 transcrita abaixo. A outra \u00e9 a Instru\u00e7\u00e3o Normativa mais recente da Pr\u00f3-Reitoria de Gradua\u00e7\u00e3o (PRG), a qual pode ser encontrada&nbsp;<a href=\"https:\/\/www.ccj.ufpb.br\/cdsr\/contents\/menu\/institucional\/legislacao\">no menu &#8220;Legisla\u00e7\u00e3o&#8221;<\/a>, em nosso site.<a href=\"https:\/\/www.prg.ufpb.br\/prg\/contents\/menu\/institucional-1\/regulamento-da-graduacao\" target=\"_blank\" rel=\"noreferrer noopener\"><\/a><\/p>\n\n\n\n<p>Ao fim de cada semestre, a Coordena\u00e7\u00e3o de Curso lan\u00e7a um comunicado a todos os concluintes. Em cada comunicado est\u00e3o contidas, de forma objetiva, as instru\u00e7\u00f5es atualizadas para aceder \u00e0 cola\u00e7\u00e3o de grau.<\/p>\n\n\n\n<hr class=\"wp-block-separator has-alpha-channel-opacity\" \/>\n\n\n\n<h3 class=\"wp-block-heading\">Artigos do Regulamento Geral de Gradua\u00e7\u00e3o<\/h3>\n\n\n\n<p class=\" \">DA COLA\u00c7\u00c3O DE GRAU<\/p>\n\n\n\n<p>Art. 213. Cola\u00e7\u00e3o de grau \u00e9 o ato institucional que se realiza em assembleia ordin\u00e1ria do Conselho Universit\u00e1rio de forma p\u00fablica e solene, e tem por finalidade a outorga de grau ao discente que concluiu o seu curso de gradua\u00e7\u00e3o.<\/p>\n\n\n\n<p>\u00a71\u00ba. O discente n\u00e3o poder\u00e1 ser dispensado, em nenhuma hip\u00f3tese, da Cola\u00e7\u00e3o de grau.<\/p>\n\n\n\n<p>\u00a72\u00ba. Preside a assembleia universit\u00e1ria de cola\u00e7\u00e3o de grau o(a) Magn\u00edfico(a) Reitor(a) ou, em sua falta ou impedimento, o representante designado, devendo ser obedecida a seguinte hierarquia: Vice-Reitor(a), Pr\u00f3-Reitor(a) de Gradua\u00e7\u00e3o, Pr\u00f3-Reitor(a) de Extens\u00e3o, Pr\u00f3Reitor(a) de Pesquisa e Pr\u00f3-Reitor(a) de P\u00f3s-Gradua\u00e7\u00e3o, Diretor(a) do Centro, Coordenador(a) do Curso ou outro representante designado pelo(a) Magn\u00edfico(a) Reitor(a) para esta finalidade.<\/p>\n\n\n\n<p>\u00a73\u00ba. A cola\u00e7\u00e3o de grau \u00e9 realizada em \u00fanica sess\u00e3o que pode ser coletiva ou individual.<\/p>\n\n\n\n<p>\u00a74\u00ba. Somente pode participar da cola\u00e7\u00e3o de grau o discente que tenha conclu\u00eddo efetivamente o curso.<\/p>\n\n\n\n<p>\u00a75\u00ba. N\u00e3o se pode exigir do discente, em nenhuma hip\u00f3tese, pagamento para participa\u00e7\u00e3o em sess\u00e3o coletiva ou individual de cola\u00e7\u00e3o de grau.<\/p>\n\n\n\n<p>\u00a76\u00ba. O(A) discente impossibilitado de comparecer \u00e0 assembleia de cola\u00e7\u00e3o de grau poder\u00e1 se fazer representar por pessoa por ele(a) indicada por meio de procura\u00e7\u00e3o simples.<\/p>\n\n\n\n<p>Art. 214. As sess\u00f5es coletivas de cola\u00e7\u00e3o de grau s\u00e3o organizadas pela Dire\u00e7\u00e3o de Centro.<\/p>\n\n\n\n<p>\u00a71\u00ba. Os discentes devem apresentar os seguintes documentos para participa\u00e7\u00e3o na cola\u00e7\u00e3o de grau \u00e0 coordena\u00e7\u00e3o de curso:<\/p>\n\n\n\n<p>a) nada consta da biblioteca central, atualizado, emitido pelo SIG;<\/p>\n\n\n\n<p>b) c\u00f3pia de certid\u00e3o de nascimento ou casamento, quando h\u00e1 mudan\u00e7a de nome;<\/p>\n\n\n\n<p>c) c\u00f3pia de certificado de reservista ou de dispensa do servi\u00e7o militar para discentes do sexo masculino;<\/p>\n\n\n\n<p>d) c\u00f3pia da carteira de identidade (RG), caso haja mudan\u00e7a de nome; e) quita\u00e7\u00e3o eleitoral atualizada.<\/p>\n\n\n\n<p>\u00a72\u00ba. A coordena\u00e7\u00e3o de curso deve emitir, retirada do SIG, a rela\u00e7\u00e3o dos discentes aptos a participarem da cola\u00e7\u00e3o de grau, ap\u00f3s confer\u00eancia do hist\u00f3rico acad\u00eamico.<\/p>\n\n\n\n<p>[&#8230;]<\/p>\n\n\n\n<p>Art. 216. As sess\u00f5es de cola\u00e7\u00e3o de grau devem ser realizadas em dias \u00fateis e, preferencialmente, nas depend\u00eancias dos Campi, conforme per\u00edodo definido no Calend\u00e1rio Acad\u00eamico, observado o per\u00edodo do ENADE.<\/p>\n\n\n\n<p>\u00a71\u00ba. As datas das sess\u00f5es coletivas de cola\u00e7\u00e3o de grau devem ser encaminhadas pela Dire\u00e7\u00e3o de Centro \u00e0 PRG.<\/p>\n\n\n\n<p>\u00a72\u00ba. As sess\u00f5es individuais de cola\u00e7\u00e3o de grau podem ser realizadas fora do per\u00edodo especificado no Calend\u00e1rio Acad\u00eamico e deferidas pela PRG.<\/p>\n\n\n\n<p>\u00a73\u00ba. Cada curso participar\u00e1 de uma \u00fanica sess\u00e3o coletiva de cola\u00e7\u00e3o de grau por per\u00edodo letivo.<\/p>\n\n\n\n<p>Art. 217. Os centros podem agrupar cursos em uma \u00fanica solenidade coletiva de cola\u00e7\u00e3o de grau.<\/p>\n","protected":false},"excerpt":{"rendered":"<p>A cola\u00e7\u00e3o de grau \u00e9 a cerim\u00f4nia que encerra o curso. S\u00f3 ap\u00f3s a cola\u00e7\u00e3o [&hellip;]<\/p>\n","protected":false},"author":54,"featured_media":0,"parent":0,"menu_order":0,"comment_status":"closed","ping_status":"closed","template":"","meta":{"footnotes":""},"class_list":["post-346","page","type-page","status-publish","hentry"],"_links":{"self":[{"href":"https:\/\/www.ccj.ufpb.br\/santarita\/wp-json\/wp\/v2\/pages\/346","targetHints":{"allow":["GET"]}}],"collection":[{"href":"https:\/\/www.ccj.ufpb.br\/santarita\/wp-json\/wp\/v2\/pages"}],"about":[{"href":"https:\/\/www.ccj.ufpb.br\/santarita\/wp-json\/wp\/v2\/types\/page"}],"author":[{"embeddable":true,"href":"https:\/\/www.ccj.ufpb.br\/santarita\/wp-json\/wp\/v2\/users\/54"}],"replies":[{"embeddable":true,"href":"https:\/\/www.ccj.ufpb.br\/santarita\/wp-json\/wp\/v2\/comments?post=346"}],"version-history":[{"count":1,"href":"https:\/\/www.ccj.ufpb.br\/santarita\/wp-json\/wp\/v2\/pages\/346\/revisions"}],"predecessor-version":[{"id":347,"href":"https:\/\/www.ccj.ufpb.br\/santarita\/wp-json\/wp\/v2\/pages\/346\/revisions\/347"}],"wp:attachment":[{"href":"https:\/\/www.ccj.ufpb.br\/santarita\/wp-json\/wp\/v2\/media?parent=346"}],"curies":[{"name":"wp","href":"https:\/\/api.w.org\/{rel}","templated":true}]}}