{"id":338,"date":"2025-06-12T14:32:34","date_gmt":"2025-06-12T14:32:34","guid":{"rendered":"https:\/\/www.ccj.ufpb.br\/santarita\/?page_id=338"},"modified":"2025-06-12T14:32:39","modified_gmt":"2025-06-12T14:32:39","slug":"atividades-complementares","status":"publish","type":"page","link":"https:\/\/www.ccj.ufpb.br\/santarita\/atividades-complementares\/","title":{"rendered":"Atividades complementares"},"content":{"rendered":"\n<h2 class=\"wp-block-heading\"><div class=\"linha-header\">Introdu\u00e7\u00e3o<\/div><\/h2>\n\n\n\n<p>O curso de Direito &#8211; Unidade Santa Rita &#8211; possui carga hor\u00e1ria total de 3.705 horas. Dentre as coisas necess\u00e1rias para a contabiliza\u00e7\u00e3o de todas essas horas, h\u00e1 o ato de integralizar (lan\u00e7ar no hist\u00f3rico) 300 horas&nbsp;de atividades complementares ou, como chamamos aqui, carga hor\u00e1ria complementar flex\u00edvel.<\/p>\n\n\n\n<p>A carga hor\u00e1ria complementar flex\u00edvel \u00e9 composta por atividades que&nbsp;complementam o aprendizado obtido em sala de aula. Est\u00e1gios, congressos, grupos de pesquisa ampliam e se integram ao aprendizado curricular obrigat\u00f3rio.<\/p>\n\n\n\n<p>\u00c9 por&nbsp;complementarem&nbsp;o aprendizado que s\u00e3o chamadas de&nbsp;complementares.&nbsp;<\/p>\n\n\n\n<p>\u00c9 por existirem milhares de combina\u00e7\u00f5es que s\u00e3o chamadas de&nbsp;flex\u00edveis.<\/p>\n\n\n\n<p>A lista de atividades que podem ser aproveitadas como atividades complementares \u00e9 longa, e s\u00e3o todas trazidas numa resolu\u00e7\u00e3o do nosso Colegiado de Curso (Res. 01\/2019\/CBDSR, dispon\u00edvel&nbsp;<a href=\"https:\/\/www.ccj.ufpb.br\/cdsr\/contents\/menu\/institucional\/legislacao\">no menu &#8220;Legisla\u00e7\u00e3o&#8221;<\/a>) e na resolu\u00e7\u00e3o que a altera, acrescentando o inciso XX-A (Res. 01\/2023\/CBDSR, dispon\u00edvel&nbsp;<a href=\"https:\/\/www.ccj.ufpb.br\/cdsr\/contents\/menu\/institucional\/legislacao\">no mesmo menu<\/a>).<\/p>\n\n\n\n<h2 class=\"wp-block-heading\"><div class=\"linha-header\"><strong>Procedimento<\/strong><\/div><\/h2>\n\n\n\n<p><strong>Atualmente, \u00e9 necess\u00e1rio realizar o pedido de uma vez, ou seja, \u00e9 necess\u00e1rio pedir 300 horas (ou o necess\u00e1rio para completar as 300 horas, caso uma parte delas j\u00e1 tenha sido reconhecida).<\/strong><\/p>\n\n\n\n<p>Para reconhecer o cumprimento das atividades e inseri-las no hist\u00f3rico, s\u00e3o necess\u00e1rios um pedido (seu) e um processo (nosso). Eis o procedimento:<\/p>\n\n\n\n<p>&#8211; O(a) discente dever\u00e1 apresentar \u00e0 coordena\u00e7\u00e3o, via e-mail, o formul\u00e1rio devidamente preenchido, juntamente com os documentos comprobat\u00f3rios;<\/p>\n\n\n\n<p>&#8211; A coordena\u00e7\u00e3o cadastrar\u00e1 a solicita\u00e7\u00e3o por meio de processo eletr\u00f4nico no SIPAC e analisar\u00e1 a documenta\u00e7\u00e3o no prazo de trinta dias;<\/p>\n\n\n\n<p>&#8211; Com a decis\u00e3o favor\u00e1vel, a coordena\u00e7\u00e3o integralizar\u00e1 a referida carga hor\u00e1ria no hist\u00f3rico acad\u00eamico do(a) interessado(a).<\/p>\n\n\n\n<p>&#8211;&nbsp;Observe-se que os conte\u00fados complementares flex\u00edveis s\u00e3o computados como componentes curriculares&nbsp;<em>T\u00f3picos Especiais em Direito&nbsp;<\/em>(I a V). Cada um deles equivale a 60 horas, ou 4 cr\u00e9ditos.<\/p>\n\n\n\n<p>O formul\u00e1rio de requerimento \u00e9 encontrado&nbsp;<a href=\"https:\/\/docs.google.com\/document\/d\/1qYiPj4Gk0P-lq1-9RI9gppkKBSPRB3IXmHiy-wEZ7gE\/edit?usp=sharing\" target=\"_blank\" rel=\"noreferrer noopener\">aqui<\/a>&nbsp;.<\/p>\n\n\n\n<p>Instru\u00e7\u00f5es sobre preenchimento e envio dos requerimentos est\u00e3o dispon\u00edveis&nbsp;<a href=\"https:\/\/coda.io\/d\/_dMsBYT0Rs9H\/Como-realizar-solicitacao-a-Coordenacao-de-Curso_suEC0\" rel=\"noreferrer noopener\" target=\"_blank\">aqui<\/a>.<\/p>\n\n\n\n<p><\/p>\n","protected":false},"excerpt":{"rendered":"<p>Introdu\u00e7\u00e3o O curso de Direito &#8211; Unidade Santa Rita &#8211; possui carga hor\u00e1ria total de [&hellip;]<\/p>\n","protected":false},"author":54,"featured_media":0,"parent":0,"menu_order":0,"comment_status":"closed","ping_status":"closed","template":"","meta":{"footnotes":""},"class_list":["post-338","page","type-page","status-publish","hentry"],"_links":{"self":[{"href":"https:\/\/www.ccj.ufpb.br\/santarita\/wp-json\/wp\/v2\/pages\/338","targetHints":{"allow":["GET"]}}],"collection":[{"href":"https:\/\/www.ccj.ufpb.br\/santarita\/wp-json\/wp\/v2\/pages"}],"about":[{"href":"https:\/\/www.ccj.ufpb.br\/santarita\/wp-json\/wp\/v2\/types\/page"}],"author":[{"embeddable":true,"href":"https:\/\/www.ccj.ufpb.br\/santarita\/wp-json\/wp\/v2\/users\/54"}],"replies":[{"embeddable":true,"href":"https:\/\/www.ccj.ufpb.br\/santarita\/wp-json\/wp\/v2\/comments?post=338"}],"version-history":[{"count":2,"href":"https:\/\/www.ccj.ufpb.br\/santarita\/wp-json\/wp\/v2\/pages\/338\/revisions"}],"predecessor-version":[{"id":340,"href":"https:\/\/www.ccj.ufpb.br\/santarita\/wp-json\/wp\/v2\/pages\/338\/revisions\/340"}],"wp:attachment":[{"href":"https:\/\/www.ccj.ufpb.br\/santarita\/wp-json\/wp\/v2\/media?parent=338"}],"curies":[{"name":"wp","href":"https:\/\/api.w.org\/{rel}","templated":true}]}}

<h2 class="wp-block-heading"><div class="linha-header">Introdução</div></h2>



<p>O curso de Direito &#8211; Unidade Santa Rita &#8211; possui carga horária total de 3.705 horas. Dentre as coisas necessárias para a contabilização de todas essas horas, há o ato de integralizar (lançar no histórico) 300 horas&nbsp;de atividades complementares ou, como chamamos aqui, carga horária complementar flexível.</p>



<p>A carga horária complementar flexível é composta por atividades que&nbsp;complementam o aprendizado obtido em sala de aula. Estágios, congressos, grupos de pesquisa ampliam e se integram ao aprendizado curricular obrigatório.</p>



<p>É por&nbsp;complementarem&nbsp;o aprendizado que são chamadas de&nbsp;complementares.&nbsp;</p>



<p>É por existirem milhares de combinações que são chamadas de&nbsp;flexíveis.</p>



<p>A lista de atividades que podem ser aproveitadas como atividades complementares é longa, e são todas trazidas numa resolução do nosso Colegiado de Curso (Res. 01/2019/CBDSR, disponível&nbsp;<a href="https://www.ccj.ufpb.br/cdsr/contents/menu/institucional/legislacao">no menu &#8220;Legislação&#8221;</a>) e na resolução que a altera, acrescentando o inciso XX-A (Res. 01/2023/CBDSR, disponível&nbsp;<a href="https://www.ccj.ufpb.br/cdsr/contents/menu/institucional/legislacao">no mesmo menu</a>).</p>



<h2 class="wp-block-heading"><div class="linha-header"><strong>Procedimento</strong></div></h2>



<p><strong>Atualmente, é necessário realizar o pedido de uma vez, ou seja, é necessário pedir 300 horas (ou o necessário para completar as 300 horas, caso uma parte delas já tenha sido reconhecida).</strong></p>



<p>Para reconhecer o cumprimento das atividades e inseri-las no histórico, são necessários um pedido (seu) e um processo (nosso). Eis o procedimento:</p>



<p>&#8211; O(a) discente deverá apresentar à coordenação, via e-mail, o formulário devidamente preenchido, juntamente com os documentos comprobatórios;</p>



<p>&#8211; A coordenação cadastrará a solicitação por meio de processo eletrônico no SIPAC e analisará a documentação no prazo de trinta dias;</p>



<p>&#8211; Com a decisão favorável, a coordenação integralizará a referida carga horária no histórico acadêmico do(a) interessado(a).</p>



<p>&#8211;&nbsp;Observe-se que os conteúdos complementares flexíveis são computados como componentes curriculares&nbsp;<em>Tópicos Especiais em Direito&nbsp;</em>(I a V). Cada um deles equivale a 60 horas, ou 4 créditos.</p>



<p>O formulário de requerimento é encontrado&nbsp;<a href="https://docs.google.com/document/d/1qYiPj4Gk0P-lq1-9RI9gppkKBSPRB3IXmHiy-wEZ7gE/edit?usp=sharing" target="_blank" rel="noreferrer noopener">aqui</a>&nbsp;.</p>



<p>Instruções sobre preenchimento e envio dos requerimentos estão disponíveis&nbsp;<a href="https://coda.io/d/_dMsBYT0Rs9H/Como-realizar-solicitacao-a-Coordenacao-de-Curso_suEC0" rel="noreferrer noopener" target="_blank">aqui</a>.</p>



<p></p>

<p>Introdução O curso de Direito &#8211; Unidade Santa Rita &#8211; possui carga horária total de [&hellip;]</p>
