{"id":331,"date":"2025-06-12T14:28:11","date_gmt":"2025-06-12T14:28:11","guid":{"rendered":"https:\/\/www.ccj.ufpb.br\/santarita\/?page_id=331"},"modified":"2025-06-12T14:28:11","modified_gmt":"2025-06-12T14:28:11","slug":"alteracao-de-dados-pessoais","status":"publish","type":"page","link":"https:\/\/www.ccj.ufpb.br\/santarita\/alteracao-de-dados-pessoais\/","title":{"rendered":"Altera\u00e7\u00e3o de dados pessoais"},"content":{"rendered":"\n<p class=\" \">\u00c9 importante que cidad\u00e3os e cidad\u00e3s mantenham seus dados atualizados junto aos \u00f3rg\u00e3os p\u00fablicos. Na UFPB n\u00e3o \u00e9 diferente.<\/p>\n\n\n\n<p>Dados incorretos ou incompletos podem gerar dificuldades na emiss\u00e3o de documentos importantes (diploma, hist\u00f3rico acad\u00eamico, declara\u00e7\u00f5es), atrasos na cola\u00e7\u00e3o de grau, impedimentos no recebimento de bolsas e aux\u00edlios estudantis, complica\u00e7\u00f5es na participa\u00e7\u00e3o em programas de interc\u00e2mbio ou est\u00e1gio, dentre outros.<\/p>\n\n\n\n<p>No SIGAA, os dados pessoais de cada discente est\u00e3o dispostos numa tela como esta:<\/p>\n\n\n\n<figure class=\"wp-block-image size-full\"><img loading=\"lazy\" decoding=\"async\" width=\"998\" height=\"588\" src=\"https:\/\/www.ccj.ufpb.br\/santarita\/wp-content\/uploads\/sites\/106\/sites\/306\/2025\/06\/dados-pessoais_discentesSR.jpg\" alt=\"\" class=\"wp-image-332\" srcset=\"https:\/\/www.ccj.ufpb.br\/santarita\/wp-content\/uploads\/sites\/106\/sites\/306\/2025\/06\/dados-pessoais_discentesSR.jpg 998w, https:\/\/www.ccj.ufpb.br\/santarita\/wp-content\/uploads\/sites\/106\/sites\/306\/2025\/06\/dados-pessoais_discentesSR-300x177.jpg 300w, https:\/\/www.ccj.ufpb.br\/santarita\/wp-content\/uploads\/sites\/106\/sites\/306\/2025\/06\/dados-pessoais_discentesSR-768x452.jpg 768w\" sizes=\"auto, (max-width: 998px) 100vw, 998px\" \/><\/figure>\n\n\n\n<p><\/p>\n\n\n\n<p>Se, ao acessar a tela acima, o estudante identificar qualquer omiss\u00e3o ou inconsist\u00eancia, recomenda-se solicitar a altera\u00e7\u00e3o ou inclus\u00e3o de dados pessoais, evitando-se assim problemas futuros.<\/p>\n\n\n\n<p class=\" \">Eis o procedimento para atualiza\u00e7\u00e3o de dados pessoais junto \u00e0 Coordena\u00e7\u00e3o do Bacharelado em Direito da UFPB em Santa Rita:<\/p>\n\n\n\n<p class=\" \">1) Preenchimento de requerimento dispon\u00edvel&nbsp;<a href=\"https:\/\/docs.google.com\/document\/d\/1gYeC33C-pGKcN5aCrEaXzgyHoL2NN3qlhjIqPxDO3hM\" target=\"_blank\" rel=\"noreferrer noopener\">neste link<\/a>.<\/p>\n\n\n\n<p>2) Envio do requerimento assinado, juntamente com a documenta\u00e7\u00e3o comprobat\u00f3ria, para o e-mail da Coordena\u00e7\u00e3o de Curso \u2013&nbsp;<a href=\"mailto:direitosantarita@ccj.ufpb.br\">direitosantarita@ccj.ufpb.br<\/a>.<\/p>\n\n\n\n<p><strong>Prazo<\/strong><\/p>\n\n\n\n<p>Todas as solicita\u00e7\u00f5es de altera\u00e7\u00e3o ou atualiza\u00e7\u00e3o de dados cadastrais de estudantes devem ser protocoladas junto \u00e0 Coordena\u00e7\u00e3o de Curso.<\/p>\n\n\n\n<p>Alguns dados \u2013 como telefone, e-mail, endere\u00e7o, t\u00edtulo de eleitor e informa\u00e7\u00f5es sobre a conclus\u00e3o do ensino m\u00e9dio \u2013 s\u00e3o atualizados diretamente pela Coordena\u00e7\u00e3o, com a altera\u00e7\u00e3o sendo realizada no mesmo dia. J\u00e1 outros dados \u2013 como nome, filia\u00e7\u00e3o, CPF e RG \u2013 precisam ser encaminhados a outros setores da universidade, podendo levar alguns dias at\u00e9 que a modifica\u00e7\u00e3o seja efetivada.<\/p>\n\n\n\n<p class=\" \"><em>N\u00e3o ser\u00e3o aceitas solicita\u00e7\u00f5es com documenta\u00e7\u00e3o incompleta nem digitaliza\u00e7\u00f5es rasuradas ou ileg\u00edveis que impossibilitem a verifica\u00e7\u00e3o das informa\u00e7\u00f5es ou a autenticidade do documento.<\/em><\/p>\n","protected":false},"excerpt":{"rendered":"<p>\u00c9 importante que cidad\u00e3os e cidad\u00e3s mantenham seus dados atualizados junto aos \u00f3rg\u00e3os p\u00fablicos. Na [&hellip;]<\/p>\n","protected":false},"author":54,"featured_media":0,"parent":0,"menu_order":0,"comment_status":"closed","ping_status":"closed","template":"","meta":{"footnotes":""},"class_list":["post-331","page","type-page","status-publish","hentry"],"_links":{"self":[{"href":"https:\/\/www.ccj.ufpb.br\/santarita\/wp-json\/wp\/v2\/pages\/331","targetHints":{"allow":["GET"]}}],"collection":[{"href":"https:\/\/www.ccj.ufpb.br\/santarita\/wp-json\/wp\/v2\/pages"}],"about":[{"href":"https:\/\/www.ccj.ufpb.br\/santarita\/wp-json\/wp\/v2\/types\/page"}],"author":[{"embeddable":true,"href":"https:\/\/www.ccj.ufpb.br\/santarita\/wp-json\/wp\/v2\/users\/54"}],"replies":[{"embeddable":true,"href":"https:\/\/www.ccj.ufpb.br\/santarita\/wp-json\/wp\/v2\/comments?post=331"}],"version-history":[{"count":1,"href":"https:\/\/www.ccj.ufpb.br\/santarita\/wp-json\/wp\/v2\/pages\/331\/revisions"}],"predecessor-version":[{"id":333,"href":"https:\/\/www.ccj.ufpb.br\/santarita\/wp-json\/wp\/v2\/pages\/331\/revisions\/333"}],"wp:attachment":[{"href":"https:\/\/www.ccj.ufpb.br\/santarita\/wp-json\/wp\/v2\/media?parent=331"}],"curies":[{"name":"wp","href":"https:\/\/api.w.org\/{rel}","templated":true}]}}