{"id":329,"date":"2025-06-12T14:23:33","date_gmt":"2025-06-12T14:23:33","guid":{"rendered":"https:\/\/www.ccj.ufpb.br\/santarita\/?page_id=329"},"modified":"2025-06-12T14:23:33","modified_gmt":"2025-06-12T14:23:33","slug":"abreviacao-de-curso","status":"publish","type":"page","link":"https:\/\/www.ccj.ufpb.br\/santarita\/abreviacao-de-curso\/","title":{"rendered":"Abrevia\u00e7\u00e3o de curso"},"content":{"rendered":"\n<p>Estudantes com desempenho excepcional podem requerer abrevia\u00e7\u00e3o do curso.<\/p>\n\n\n\n<p>Esse procedimento permite ao estudante acelerar os estudos e chegar \u00e0 cola\u00e7\u00e3o de grau antes dos dez semestres m\u00ednimos determinados pelo projeto pedag\u00f3gico do curso.<\/p>\n\n\n\n<p>Trata-se de uma medida especial e, por isso, o Regulamento Geral de Gradua\u00e7\u00e3o traz uma s\u00e9rie de exig\u00eancias. \u00c9 raro algu\u00e9m atender a todas.<\/p>\n\n\n\n<p class=\" \">Instru\u00e7\u00f5es sobre preenchimento e envio dos requerimentos est\u00e3o dispon\u00edveis aqui.&nbsp;<\/p>\n\n\n\n<p>O requerimento para dar in\u00edcio ao processo pode ser baixado&nbsp;<a href=\"http:\/\/docs.google.com\/document\/d\/1Rb7ivryNaBWQ8HEJMRjIhKZ9U7EopKzAK-nSF-uxUPA\/edit?usp=share_link\" target=\"_blank\" rel=\"noreferrer noopener\">aqui<\/a>.<\/p>\n\n\n\n<p>Instru\u00e7\u00f5es sobre preenchimento e envio dos requerimentos est\u00e3o dispon\u00edveis&nbsp;<a href=\"https:\/\/coda.io\/d\/_dMsBYT0Rs9H\/Como-realizar-solicitacao-a-Coordenacao-de-Curso_suEC0\" target=\"_blank\" rel=\"noreferrer noopener\">aqui<\/a>.<\/p>\n\n\n\n<hr class=\"wp-block-separator has-alpha-channel-opacity\" \/>\n\n\n\n<h3 class=\"wp-block-heading\"><strong>Artigos do Regulamento Geral de Gradua\u00e7\u00e3o da UFPB<\/strong><\/h3>\n\n\n\n<p>Art. 178. A abrevia\u00e7\u00e3o de curso ser\u00e1 concedida ao discente mediante matr\u00edcula nos per\u00edodos letivos regulares em um n\u00famero de horas-aula superior ao n\u00famero m\u00e1ximo estabelecido pelo PPC.<\/p>\n\n\n\n<p>Art. 179. O discente regularmente matriculado poder\u00e1 solicitar abrevia\u00e7\u00e3o da dura\u00e7\u00e3o de seu curso, quando atender, simultaneamente, aos seguintes crit\u00e9rios:<\/p>\n\n\n\n<p>I \u2013 Ter integralizado pelo menos 75% da carga hor\u00e1ria do curso.<\/p>\n\n\n\n<p>II \u2013 Possuir Coeficiente de Rendimento Acad\u00eamico (CRA) superior ao percentil noventa dos Coeficientes de Rendimento Acad\u00eamico (CRA) de todos os discentes matriculados no curso.<\/p>\n\n\n\n<p>III \u2013 N\u00e3o tiver sido reprovado em qualquer um dos componentes curriculares constantes do hist\u00f3rico acad\u00eamico.<\/p>\n\n\n\n<p>IV \u2013 Ter realizado, pelo menos, uma das seguintes atividades:<\/p>\n\n\n\n<p>a) um projeto institucional (ensino, pesquisa ou extens\u00e3o), ou<\/p>\n\n\n\n<p>b) publicado um artigo em peri\u00f3dico indexado; ou<\/p>\n\n\n\n<p>c) participado como autor ou co-autor em livro ou cap\u00edtulo de livros; ou<\/p>\n\n\n\n<p>d) ter participado de est\u00e1gio curricular supervisionado n\u00e3o obrigat\u00f3rio, devidamente aprovado pelo colegiado do curso.<\/p>\n\n\n\n<p>Art. 180. A abrevia\u00e7\u00e3o de curso ser\u00e1 concedida a partir de solicita\u00e7\u00e3o do discente, encaminhada \u00e0 Coordena\u00e7\u00e3o do Curso, que verificar\u00e1 o atendimento dos crit\u00e9rios estabelecidos pelo artigo anterior.<\/p>\n\n\n\n<p>\u00a71\u00ba. Em conformidade com os prazos estabelecidos no Calend\u00e1rio Acad\u00eamico, o discente dever\u00e1 encaminhar \u00e0 Coordena\u00e7\u00e3o de Curso, a solicita\u00e7\u00e3o de abrevia\u00e7\u00e3o, na qual devem constar os seguintes documentos:<\/p>\n\n\n\n<p>a) requerimento do discente encaminhado \u00e0 Coordena\u00e7\u00e3o do Curso a que esteja vinculado, com dados de identifica\u00e7\u00e3o e justificativa circunstanciada sobre a solicita\u00e7\u00e3o;<\/p>\n\n\n\n<p>b) hist\u00f3rico Acad\u00eamico atualizado;<\/p>\n\n\n\n<p>c) plano de Abrevia\u00e7\u00e3o dos componentes curriculares a serem cursados.<\/p>\n\n\n\n<p>d) Documentos comprobat\u00f3rios referentes aos crit\u00e9rios do art. 182.<\/p>\n\n\n\n<p>\u00a72\u00ba. Ap\u00f3s an\u00e1lise e parecer do Colegiado de Curso, os processos de abrevia\u00e7\u00e3o de curso dever\u00e3o ser encaminhados \u00e0 Pr\u00f3-Reitoria de Gradua\u00e7\u00e3o.<\/p>\n\n\n\n<p>\u00a73\u00ba. Os processos que n\u00e3o forem instru\u00eddos de acordo com o que estabelece o \u00a71\u00ba deste artigo ser\u00e3o indeferidos in limine pela Coordena\u00e7\u00e3o de Curso, cujo ato dever\u00e1 dar ci\u00eancia ao(a) discente.<\/p>\n\n\n\n<p>\u00a74\u00ba. O prazo m\u00e1ximo para que a Coordena\u00e7\u00e3o de Curso se manifeste sobre a solicita\u00e7\u00e3o ser\u00e1 de 15 (quinze) dias.<\/p>\n\n\n\n<p>Art. 181. Na an\u00e1lise dos processos de abrevia\u00e7\u00e3o de curso, o Colegiado do Curso poder\u00e1, excepcionalmente, emitir parecer favor\u00e1vel \u00e0 quebra de pr\u00e9-requisitos, consultado o departamento respons\u00e1vel pelo componente curricular.<\/p>\n\n\n\n<p>Art. 182. Cumpridas as etapas descritas no artigo anterior, os processos dever\u00e3o ser encaminhados \u00e0 PRG, para implanta\u00e7\u00e3o no SIG.<\/p>\n\n\n\n<p>Par\u00e1grafo \u00fanico. No caso de indeferimento da solicita\u00e7\u00e3o de abrevia\u00e7\u00e3o de curso pelo Colegiado de Curso, o interessado poder\u00e1 recorrer a PRG, no prazo de 10 (dez) dias, ap\u00f3s a ci\u00eancia do(a) discente.<\/p>\n","protected":false},"excerpt":{"rendered":"<p>Estudantes com desempenho excepcional podem requerer abrevia\u00e7\u00e3o do curso. Esse procedimento permite ao estudante acelerar [&hellip;]<\/p>\n","protected":false},"author":54,"featured_media":0,"parent":0,"menu_order":0,"comment_status":"closed","ping_status":"closed","template":"","meta":{"footnotes":""},"class_list":["post-329","page","type-page","status-publish","hentry"],"_links":{"self":[{"href":"https:\/\/www.ccj.ufpb.br\/santarita\/wp-json\/wp\/v2\/pages\/329","targetHints":{"allow":["GET"]}}],"collection":[{"href":"https:\/\/www.ccj.ufpb.br\/santarita\/wp-json\/wp\/v2\/pages"}],"about":[{"href":"https:\/\/www.ccj.ufpb.br\/santarita\/wp-json\/wp\/v2\/types\/page"}],"author":[{"embeddable":true,"href":"https:\/\/www.ccj.ufpb.br\/santarita\/wp-json\/wp\/v2\/users\/54"}],"replies":[{"embeddable":true,"href":"https:\/\/www.ccj.ufpb.br\/santarita\/wp-json\/wp\/v2\/comments?post=329"}],"version-history":[{"count":1,"href":"https:\/\/www.ccj.ufpb.br\/santarita\/wp-json\/wp\/v2\/pages\/329\/revisions"}],"predecessor-version":[{"id":330,"href":"https:\/\/www.ccj.ufpb.br\/santarita\/wp-json\/wp\/v2\/pages\/329\/revisions\/330"}],"wp:attachment":[{"href":"https:\/\/www.ccj.ufpb.br\/santarita\/wp-json\/wp\/v2\/media?parent=329"}],"curies":[{"name":"wp","href":"https:\/\/api.w.org\/{rel}","templated":true}]}}

Abreviação de curso

<p>Estudantes com desempenho excepcional podem requerer abreviação do curso.</p>



<p>Esse procedimento permite ao estudante acelerar os estudos e chegar à colação de grau antes dos dez semestres mínimos determinados pelo projeto pedagógico do curso.</p>



<p>Trata-se de uma medida especial e, por isso, o Regulamento Geral de Graduação traz uma série de exigências. É raro alguém atender a todas.</p>



<p class=" ">Instruções sobre preenchimento e envio dos requerimentos estão disponíveis aqui.&nbsp;</p>



<p>O requerimento para dar início ao processo pode ser baixado&nbsp;<a href="http://docs.google.com/document/d/1Rb7ivryNaBWQ8HEJMRjIhKZ9U7EopKzAK-nSF-uxUPA/edit?usp=share_link" target="_blank" rel="noreferrer noopener">aqui</a>.</p>



<p>Instruções sobre preenchimento e envio dos requerimentos estão disponíveis&nbsp;<a href="https://coda.io/d/_dMsBYT0Rs9H/Como-realizar-solicitacao-a-Coordenacao-de-Curso_suEC0" target="_blank" rel="noreferrer noopener">aqui</a>.</p>



<hr class="wp-block-separator has-alpha-channel-opacity" />



<h3 class="wp-block-heading"><strong>Artigos do Regulamento Geral de Graduação da UFPB</strong></h3>



<p>Art. 178. A abreviação de curso será concedida ao discente mediante matrícula nos períodos letivos regulares em um número de horas-aula superior ao número máximo estabelecido pelo PPC.</p>



<p>Art. 179. O discente regularmente matriculado poderá solicitar abreviação da duração de seu curso, quando atender, simultaneamente, aos seguintes critérios:</p>



<p>I – Ter integralizado pelo menos 75% da carga horária do curso.</p>



<p>II – Possuir Coeficiente de Rendimento Acadêmico (CRA) superior ao percentil noventa dos Coeficientes de Rendimento Acadêmico (CRA) de todos os discentes matriculados no curso.</p>



<p>III – Não tiver sido reprovado em qualquer um dos componentes curriculares constantes do histórico acadêmico.</p>



<p>IV – Ter realizado, pelo menos, uma das seguintes atividades:</p>



<p>a) um projeto institucional (ensino, pesquisa ou extensão), ou</p>



<p>b) publicado um artigo em periódico indexado; ou</p>



<p>c) participado como autor ou co-autor em livro ou capítulo de livros; ou</p>



<p>d) ter participado de estágio curricular supervisionado não obrigatório, devidamente aprovado pelo colegiado do curso.</p>



<p>Art. 180. A abreviação de curso será concedida a partir de solicitação do discente, encaminhada à Coordenação do Curso, que verificará o atendimento dos critérios estabelecidos pelo artigo anterior.</p>



<p>§1º. Em conformidade com os prazos estabelecidos no Calendário Acadêmico, o discente deverá encaminhar à Coordenação de Curso, a solicitação de abreviação, na qual devem constar os seguintes documentos:</p>



<p>a) requerimento do discente encaminhado à Coordenação do Curso a que esteja vinculado, com dados de identificação e justificativa circunstanciada sobre a solicitação;</p>



<p>b) histórico Acadêmico atualizado;</p>



<p>c) plano de Abreviação dos componentes curriculares a serem cursados.</p>



<p>d) Documentos comprobatórios referentes aos critérios do art. 182.</p>



<p>§2º. Após análise e parecer do Colegiado de Curso, os processos de abreviação de curso deverão ser encaminhados à Pró-Reitoria de Graduação.</p>



<p>§3º. Os processos que não forem instruídos de acordo com o que estabelece o §1º deste artigo serão indeferidos in limine pela Coordenação de Curso, cujo ato deverá dar ciência ao(a) discente.</p>



<p>§4º. O prazo máximo para que a Coordenação de Curso se manifeste sobre a solicitação será de 15 (quinze) dias.</p>



<p>Art. 181. Na análise dos processos de abreviação de curso, o Colegiado do Curso poderá, excepcionalmente, emitir parecer favorável à quebra de pré-requisitos, consultado o departamento responsável pelo componente curricular.</p>



<p>Art. 182. Cumpridas as etapas descritas no artigo anterior, os processos deverão ser encaminhados à PRG, para implantação no SIG.</p>



<p>Parágrafo único. No caso de indeferimento da solicitação de abreviação de curso pelo Colegiado de Curso, o interessado poderá recorrer a PRG, no prazo de 10 (dez) dias, após a ciência do(a) discente.</p>

<p>Estudantes com desempenho excepcional podem requerer abreviação do curso. Esse procedimento permite ao estudante acelerar [&hellip;]</p>
