{"id":18,"date":"2025-05-19T12:10:52","date_gmt":"2025-05-19T12:10:52","guid":{"rendered":"https:\/\/www.ccj.ufpb.br\/santarita\/?page_id=18"},"modified":"2025-05-21T16:47:54","modified_gmt":"2025-05-21T16:47:54","slug":"apresentacao","status":"publish","type":"page","link":"https:\/\/www.ccj.ufpb.br\/santarita\/apresentacao\/","title":{"rendered":"Apresenta\u00e7\u00e3o"},"content":{"rendered":"\n<p>O curso de\u00a0<strong>bacharelado em Direito<\/strong>\u00a0no munic\u00edpio de Santa Rita foi criado em 2009, dentro do Programa de\u00a0Reestrutura\u00e7\u00e3o e Expans\u00e3o das Universidades Federais \u2013 REUNI. As aulas do curso aconteciam\u00a0no pr\u00e9dio dos Jesu\u00edtas, na Pra\u00e7a Jo\u00e3o Pessoa, at\u00e9 a conclus\u00e3o das obras na cidade de Santa\u00a0Rita. Em 2014, o Cursou passou a funcionar no Departamento de Ci\u00eancias Jur\u00eddicas, unidade\u00a0avan\u00e7ada do CCJ, na cidade de Santa Rita. <\/p>\n\n\n\n<p><\/p>\n","protected":false},"excerpt":{"rendered":"<p>O curso de\u00a0bacharelado em Direito\u00a0no munic\u00edpio de Santa Rita foi criado em 2009, dentro do [&hellip;]<\/p>\n","protected":false},"author":47,"featured_media":0,"parent":0,"menu_order":0,"comment_status":"closed","ping_status":"closed","template":"","meta":{"footnotes":""},"class_list":["post-18","page","type-page","status-publish","hentry"],"_links":{"self":[{"href":"https:\/\/www.ccj.ufpb.br\/santarita\/wp-json\/wp\/v2\/pages\/18","targetHints":{"allow":["GET"]}}],"collection":[{"href":"https:\/\/www.ccj.ufpb.br\/santarita\/wp-json\/wp\/v2\/pages"}],"about":[{"href":"https:\/\/www.ccj.ufpb.br\/santarita\/wp-json\/wp\/v2\/types\/page"}],"author":[{"embeddable":true,"href":"https:\/\/www.ccj.ufpb.br\/santarita\/wp-json\/wp\/v2\/users\/47"}],"replies":[{"embeddable":true,"href":"https:\/\/www.ccj.ufpb.br\/santarita\/wp-json\/wp\/v2\/comments?post=18"}],"version-history":[{"count":4,"href":"https:\/\/www.ccj.ufpb.br\/santarita\/wp-json\/wp\/v2\/pages\/18\/revisions"}],"predecessor-version":[{"id":27,"href":"https:\/\/www.ccj.ufpb.br\/santarita\/wp-json\/wp\/v2\/pages\/18\/revisions\/27"}],"wp:attachment":[{"href":"https:\/\/www.ccj.ufpb.br\/santarita\/wp-json\/wp\/v2\/media?parent=18"}],"curies":[{"name":"wp","href":"https:\/\/api.w.org\/{rel}","templated":true}]}}

Apresentação

<p>O curso de <strong>bacharelado em Direito</strong> no município de Santa Rita foi criado em 2009, dentro do Programa de Reestruturação e Expansão das Universidades Federais – REUNI. As aulas do curso aconteciam no prédio dos Jesuítas, na Praça João Pessoa, até a conclusão das obras na cidade de Santa Rita. Em 2014, o Cursou passou a funcionar no Departamento de Ciências Jurídicas, unidade avançada do CCJ, na cidade de Santa Rita. </p>



<p></p>

<p>O curso de bacharelado em Direito no município de Santa Rita foi criado em 2009, dentro do [&hellip;]</p>
