{"id":155,"date":"2025-05-29T17:23:26","date_gmt":"2025-05-29T17:23:26","guid":{"rendered":"https:\/\/www.ccj.ufpb.br\/santarita\/?page_id=155"},"modified":"2025-06-26T12:44:40","modified_gmt":"2025-06-26T12:44:40","slug":"servicos-e-formularios-2","status":"publish","type":"page","link":"https:\/\/www.ccj.ufpb.br\/santarita\/servicos-e-formularios-2\/","title":{"rendered":"Servi\u00e7os e Formul\u00e1rios"},"content":{"rendered":"\n<h2 class=\"wp-block-heading\"><div class=\"linha-header\">Introdu\u00e7\u00e3o<\/div><\/h2>\n\n\n\n<p class=\" \">Nesta se\u00e7\u00e3o voc\u00ea encontra instru\u00e7\u00f5es e formul\u00e1rios relacionados aos servi\u00e7os ofertados pela Coordena\u00e7\u00e3o do Bacharelado em Direito (Santa Rita).<\/p>\n\n\n\n<p class=\" \">Qualquer servi\u00e7o pode ser solicitado com o formul\u00e1rio de requerimento geral, no topo da lista mais abaixo.<\/p>\n\n\n\n<h2 class=\"wp-block-heading\"><div class=\"linha-header\">Formato dos arquivos de formul\u00e1rio<\/div><\/h2>\n\n\n\n<p class=\" \">Os formul\u00e1rios criados por esta Coordena\u00e7\u00e3o de Curso est\u00e3o em formato de Documento do Google, todos hospedados no Drive Acad\u00eamico no dom\u00ednio&nbsp;<a href=\"http:\/\/www.ufpb.br\/\" target=\"_blank\" rel=\"noreferrer noopener\">ufpb.br<\/a>.<\/p>\n\n\n\n<p class=\" \">Na janela de sua visualiza\u00e7\u00e3o em computador, no menu &#8220;Arquivo&#8221;, h\u00e1 op\u00e7\u00f5es para download em diversos formatos, al\u00e9m de ser poss\u00edvel copi\u00e1-lo para a pr\u00f3pria nuvem no Google Drive (acad\u00eamico ou pessoal), caso o usu\u00e1rio esteja logado. Em dispositivos m\u00f3veis tamb\u00e9m \u00e9 poss\u00edvel o download em diversos formatos, com caminhos diferentes para diferentes aparelhos e sistemas operacionais.<\/p>\n\n\n\n<p class=\" \">Os formul\u00e1rios s\u00e3o somente sugest\u00f5es. \u00c9 poss\u00edvel modific\u00e1-los para se adaptarem melhor a seus pedidos, ou usar formatos totalmente diferentes, desde que na requisi\u00e7\u00e3o estejam presentes e claras as informa\u00e7\u00f5es necess\u00e1rias (identifica\u00e7\u00e3o, dados de contato, assinatura, pedido, fundamento).<\/p>\n\n\n\n<h2 class=\"wp-block-heading\"><div class=\"linha-header\">Como requerer um servi\u00e7o<\/div><\/h2>\n\n\n\n<p class=\" \">J\u00e1 h\u00e1 um tempo, eliminamos os procedimentos em papel na unidade. Recorremos a ele apenas subsidiariamente.<\/p>\n\n\n\n<p class=\" \">Preferimos que os requerimentos sejam assinados via Gov.br, servi\u00e7o do Executivo Federal de assinatura gratuito e com validade jur\u00eddica, dispon\u00edvel em&nbsp;<a href=\"https:\/\/assinador.iti.br\/\" target=\"_blank\" rel=\"noreferrer noopener\">https:\/\/assinador.iti.br<\/a>. Outras assinaturas no padr\u00e3o ICP-Brasil s\u00e3o igualmente prefer\u00edveis.<\/p>\n\n\n\n<p class=\" \">Caso n\u00e3o seja poss\u00edvel assinar dessa forma, pedimos que o requerimento&nbsp;<strong>assinado<\/strong>&nbsp;nos seja enviado a partir do e-mail cadastrado no SIGAA pertencente ao requerente.<\/p>\n\n\n\n<p class=\" \">Todos os requerimentos e documentos destinados diretamente \u00e0 Coordena\u00e7\u00e3o do Bacharelado em Direito em Santa Rita devem ser enviados ao e-mail institucional&nbsp;<a href=\"mailto:direitosantarita@ccj.ufpb.br\">direitosantarita@ccj.ufpb.br<\/a>.<\/p>\n\n\n\n<p>Para aqueles que gostam de colocar a m\u00e3o na massa e sabem o que est\u00e3o fazendo, h\u00e1 uma alternativa: a UFPB permite que o pr\u00f3prio usu\u00e1rio (voc\u00ea) abra uma solicita\u00e7\u00e3o e monte o processo, com requerimento e documenta\u00e7\u00e3o comprobat\u00f3ria. O servi\u00e7o se chama Plataforma de Envio de Documentos Externos (PREDE), e pode ser acessado&nbsp;<a href=\"https:\/\/sipac.ufpb.br\/public\/jsp\/processos\/solicitar_processo.jsp\" target=\"_blank\" rel=\"noreferrer noopener\">neste link<\/a>. Um tutorial em v\u00eddeo do procedimento de abertura de processos, produzido pelo competente setor do Arquivo Central, pode ser visto&nbsp;<a href=\"https:\/\/www.ccj.ufpb.br\/arquivocentral\/contents\/videos\/orientacao-para-abrir-e-protocolar-processos-administrativos-ufpb-via-web\">neste outro link<\/a>.<\/p>\n\n\n\n<h2 class=\"wp-block-heading\"><div class=\"linha-header\">Lista de servi\u00e7os ofertados aos discentes<\/div><\/h2>\n\n\n\n<p><strong><a href=\"https:\/\/docs.google.com\/document\/d\/1zn0XeXqrL8_LujtcxVQG8-VwIRLiO6uGleDS6-r0LXA\/edit?usp=sharing\">Requerimento geral<\/a><\/strong><\/p>\n\n\n\n<p><strong><a href=\"https:\/\/www.ccj.ufpb.br\/santarita\/abono-de-faltas\/\" data-type=\"page\" data-id=\"327\">Abono de faltas<\/a><\/strong><\/p>\n\n\n\n<p><strong><a href=\"https:\/\/www.ccj.ufpb.br\/santarita\/abreviacao-de-curso\/\" data-type=\"page\" data-id=\"329\">Abrevia\u00e7\u00e3o de curso<\/a><\/strong><\/p>\n\n\n\n<p><strong><a href=\"https:\/\/www.ccj.ufpb.br\/santarita\/alteracao-de-dados-pessoais\/\" data-type=\"page\" data-id=\"331\">Altera\u00e7\u00e3o de dados pessoais<\/a><\/strong><\/p>\n\n\n\n<p><strong><a href=\"https:\/\/www.ccj.ufpb.br\/santarita\/aproveitamento-de-componente-optativo\/\" data-type=\"page\" data-id=\"336\">Aproveitamento e dispensa de componentes curriculares<\/a>\u00a0(antes da entrada no curso)<\/strong><\/p>\n\n\n\n<p><strong><a href=\"https:\/\/www.ccj.ufpb.br\/santarita\/aproveitamento-de-componente-optativo\/\" data-type=\"page\" data-id=\"336\">Aproveitamento de componentes optativo\u00a0<\/a>(cursados na UFPB ap\u00f3s entrada no curso)<\/strong><\/p>\n\n\n\n<p><strong><a href=\"https:\/\/www.ccj.ufpb.br\/santarita\/atividades-complementares\/\" data-type=\"page\" data-id=\"338\">Atividades\u00a0complementares <\/a>(componentes curriculares flex\u00edveis)<\/strong><\/p>\n\n\n\n<p><strong><a href=\"https:\/\/www.ccj.ufpb.br\/santarita\/wp-content\/uploads\/sites\/106\/sites\/306\/2025\/06\/Cancelamento-de-Vinculo-Formulario.pdf\" data-type=\"attachment\" data-id=\"342\">Cancelamento de v\u00ednculo\u00a0<\/a>(desist\u00eancia do curso)<\/strong><\/p>\n\n\n\n<p><strong><a href=\"https:\/\/www.ccj.ufpb.br\/santarita\/colacao-de-grau-antecipada\/\" data-type=\"page\" data-id=\"344\">Cola\u00e7\u00e3o de grau antecipada<\/a><\/strong><\/p>\n\n\n\n<p><strong><a href=\"https:\/\/www.ccj.ufpb.br\/santarita\/colacao-de-grau-coletiva\/\" data-type=\"page\" data-id=\"346\">Cola\u00e7\u00e3o de grau coletiva<\/a><\/strong><\/p>\n\n\n\n<p><strong><a href=\"https:\/\/www.ccj.ufpb.br\/santarita\/colacao-de-grau-individual\/\" data-type=\"page\" data-id=\"348\">Cola\u00e7\u00e3o de grau individual<\/a><\/strong><\/p>\n\n\n\n<p><strong><a href=\"https:\/\/www.ccj.ufpb.br\/santarita\/declaracao-de-realizacao-de-avaliacao-assinada-pelo-professor\/\" data-type=\"page\" data-id=\"350\">Declara\u00e7\u00e3o de realiza\u00e7\u00e3o de atividade de avalia\u00e7\u00e3o<\/a><\/strong><\/p>\n\n\n\n<p><strong><a href=\"https:\/\/www.ccj.ufpb.br\/santarita\/declaracoes-e-certidoes-2\/\" data-type=\"page\" data-id=\"354\">Declara\u00e7\u00f5es e certid\u00f5es<\/a><\/strong><\/p>\n\n\n\n<p><strong><a href=\"https:\/\/www.ccj.ufpb.br\/santarita\/dilacao-de-prazo-para-conclusao-do-curso\/\" data-type=\"page\" data-id=\"357\">Dila\u00e7\u00e3o de prazo para conclus\u00e3o do curso<\/a><a href=\"https:\/\/www.ccj.ufpb.br\/cdsr\/contents\/paginas\/dilacao-de-prazo-para-conclusao-do-curso\"><\/a><\/strong><\/p>\n\n\n\n<p><strong><a href=\"https:\/\/www.ccj.ufpb.br\/santarita\/diploma-e-certificado-de-conclusao\/\" data-type=\"page\" data-id=\"359\">Diploma e certificado de conclus\u00e3o<\/a><\/strong><\/p>\n\n\n\n<p><strong><a href=\"https:\/\/www.ccj.ufpb.br\/santarita\/estagio\/\" data-type=\"page\" data-id=\"361\">Est\u00e1gio &#8211; cadastro e assinatura do termo<\/a><\/strong><\/p>\n\n\n\n<p><strong><a href=\"https:\/\/www.ccj.ufpb.br\/santarita\/regime-de-exercicios-domiciliares\/\" data-type=\"page\" data-id=\"363\">Exerc\u00edcios domiciliares<\/a><\/strong><\/p>\n\n\n\n<p><strong><a href=\"https:\/\/www.ccj.ufpb.br\/santarita\/mobilidade-academica\/\" data-type=\"page\" data-id=\"365\">Mobilidade acad\u00eamica<\/a><\/strong><\/p>\n\n\n\n<p><strong><a href=\"https:\/\/www.ccj.ufpb.br\/santarita\/mudanca-de-turno\/\" data-type=\"page\" data-id=\"367\">Mudan\u00e7a de turno<\/a><\/strong><\/p>\n\n\n\n<p><strong><a href=\"https:\/\/docs.google.com\/document\/d\/1AphEDxoax0Azgrl2KG9bhL7HFVrIfUsKZK4MxaAxJLo\/edit?usp=sharing\">Procura\u00e7\u00e3o para cola\u00e7\u00e3o de grau<\/a>\u00a0(Modelo)<\/strong><\/p>\n\n\n\n<p><strong><a href=\"https:\/\/www.ccj.ufpb.br\/santarita\/reingresso\/\" data-type=\"page\" data-id=\"369\">Reingresso<\/a><\/strong><\/p>\n\n\n\n<p><strong><a href=\"https:\/\/www.ccj.ufpb.br\/santarita\/reposicao-de-atividade-academica\/\" data-type=\"page\" data-id=\"371\">Reposi\u00e7\u00e3o de atividade acad\u00eamica<\/a><\/strong><\/p>\n\n\n\n<p><strong><a href=\"https:\/\/www.ccj.ufpb.br\/santarita\/revisao-de-nota\/\" data-type=\"page\" data-id=\"377\">Revis\u00e3o de nota<\/a><\/strong><\/p>\n\n\n\n<p><strong><a href=\"https:\/\/www.ccj.ufpb.br\/santarita\/trancamento\/\" data-type=\"page\" data-id=\"373\">Trancamento<\/a><\/strong><\/p>\n","protected":false},"excerpt":{"rendered":"<p>Introdu\u00e7\u00e3o Nesta se\u00e7\u00e3o voc\u00ea encontra instru\u00e7\u00f5es e formul\u00e1rios relacionados aos servi\u00e7os ofertados pela Coordena\u00e7\u00e3o do [&hellip;]<\/p>\n","protected":false},"author":54,"featured_media":0,"parent":0,"menu_order":0,"comment_status":"closed","ping_status":"closed","template":"","meta":{"footnotes":""},"class_list":["post-155","page","type-page","status-publish","hentry"],"_links":{"self":[{"href":"https:\/\/www.ccj.ufpb.br\/santarita\/wp-json\/wp\/v2\/pages\/155","targetHints":{"allow":["GET"]}}],"collection":[{"href":"https:\/\/www.ccj.ufpb.br\/santarita\/wp-json\/wp\/v2\/pages"}],"about":[{"href":"https:\/\/www.ccj.ufpb.br\/santarita\/wp-json\/wp\/v2\/types\/page"}],"author":[{"embeddable":true,"href":"https:\/\/www.ccj.ufpb.br\/santarita\/wp-json\/wp\/v2\/users\/54"}],"replies":[{"embeddable":true,"href":"https:\/\/www.ccj.ufpb.br\/santarita\/wp-json\/wp\/v2\/comments?post=155"}],"version-history":[{"count":19,"href":"https:\/\/www.ccj.ufpb.br\/santarita\/wp-json\/wp\/v2\/pages\/155\/revisions"}],"predecessor-version":[{"id":441,"href":"https:\/\/www.ccj.ufpb.br\/santarita\/wp-json\/wp\/v2\/pages\/155\/revisions\/441"}],"wp:attachment":[{"href":"https:\/\/www.ccj.ufpb.br\/santarita\/wp-json\/wp\/v2\/media?parent=155"}],"curies":[{"name":"wp","href":"https:\/\/api.w.org\/{rel}","templated":true}]}}