{"id":103,"date":"2025-05-23T20:23:49","date_gmt":"2025-05-23T20:23:49","guid":{"rendered":"https:\/\/www.ccj.ufpb.br\/santarita\/?page_id=103"},"modified":"2025-06-04T22:32:37","modified_gmt":"2025-06-04T22:32:37","slug":"estrutura-curricular-do-curso","status":"publish","type":"page","link":"https:\/\/www.ccj.ufpb.br\/santarita\/estrutura-curricular-do-curso\/","title":{"rendered":"Estrutura Curricular"},"content":{"rendered":"\n<h1 class=\"wp-block-heading\"><\/h1>\n\n\n\n<p class=\" \">A grade curricular atual \u00e9 de 2019, e \u00e9 regulamentada pela Resolu\u00e7\u00e3o n\u00ba 19\/2019 do Conselho de Ensino Pesquisa e Extens\u00e3o da Universidade Federal da Para\u00edba. Essa norma alterou o Projeto Pedag\u00f3gico de Curso de 2011.<\/p>\n\n\n\n<p class=\" \">O Bacharelado em Direito (Santa Rita) possui carga hor\u00e1ria total de 3.705 horas-aula, sendo composta por 2.565 horas-aula de disciplinas obrigat\u00f3rias b\u00e1sicas,&nbsp;660 horas-aula de disciplinas complementares obrigat\u00f3rias, e 180 horas-aula de disciplinas optativas. Al\u00e9m disso, 300 horas s\u00e3o destinadas \u00e0s atividade complementares, ou componente curriculares flex\u00edveis.<\/p>\n\n\n\n<p class=\" \">No nosso site p\u00fablico do sistema Sistema de Gest\u00e3o de Atividades Acad\u00eamicas (SIGAA), encontra-se a lista completa de disciplinas e seus pr\u00e9-requisitos.&nbsp;<a href=\"https:\/\/sigaa.ufpb.br\/sigaa\/public\/curso\/portal.jsf?id=1626880&amp;lc=pt_BR\" target=\"_blank\" rel=\"noreferrer noopener\">Nosso site no SIGAA pode ser acessado ao clicar neste link<\/a>.<\/p>\n\n\n\n<p class=\" \">Para acessar os pr\u00e9-requisitos atuais, deve-se clicar no curr\u00edculo desejado e, posteriormente, no \u00edcone de lupa na linha da disciplina cujo pr\u00e9-requisito se quer conhecer.<\/p>\n\n\n\n<p class=\" \">Um fluxograma, ou seja, uma representa\u00e7\u00e3o visual do nosso curr\u00edculo,&nbsp;<a href=\"https:\/\/drive.ufpb.br\/s\/q9nwB4RwxJHHNzY\" target=\"_blank\" rel=\"noreferrer noopener\">pode ser acessado ao se clicar neste link<\/a>.<\/p>\n","protected":false},"excerpt":{"rendered":"<p>A grade curricular atual \u00e9 de 2019, e \u00e9 regulamentada pela Resolu\u00e7\u00e3o n\u00ba 19\/2019 do [&hellip;]<\/p>\n","protected":false},"author":54,"featured_media":0,"parent":0,"menu_order":0,"comment_status":"closed","ping_status":"closed","template":"","meta":{"footnotes":""},"class_list":["post-103","page","type-page","status-publish","hentry"],"_links":{"self":[{"href":"https:\/\/www.ccj.ufpb.br\/santarita\/wp-json\/wp\/v2\/pages\/103","targetHints":{"allow":["GET"]}}],"collection":[{"href":"https:\/\/www.ccj.ufpb.br\/santarita\/wp-json\/wp\/v2\/pages"}],"about":[{"href":"https:\/\/www.ccj.ufpb.br\/santarita\/wp-json\/wp\/v2\/types\/page"}],"author":[{"embeddable":true,"href":"https:\/\/www.ccj.ufpb.br\/santarita\/wp-json\/wp\/v2\/users\/54"}],"replies":[{"embeddable":true,"href":"https:\/\/www.ccj.ufpb.br\/santarita\/wp-json\/wp\/v2\/comments?post=103"}],"version-history":[{"count":4,"href":"https:\/\/www.ccj.ufpb.br\/santarita\/wp-json\/wp\/v2\/pages\/103\/revisions"}],"predecessor-version":[{"id":170,"href":"https:\/\/www.ccj.ufpb.br\/santarita\/wp-json\/wp\/v2\/pages\/103\/revisions\/170"}],"wp:attachment":[{"href":"https:\/\/www.ccj.ufpb.br\/santarita\/wp-json\/wp\/v2\/media?parent=103"}],"curies":[{"name":"wp","href":"https:\/\/api.w.org\/{rel}","templated":true}]}}

<h1 class="wp-block-heading"></h1>



<p class=" ">A grade curricular atual é de 2019, e é regulamentada pela Resolução nº 19/2019 do Conselho de Ensino Pesquisa e Extensão da Universidade Federal da Paraíba. Essa norma alterou o Projeto Pedagógico de Curso de 2011.</p>



<p class=" ">O Bacharelado em Direito (Santa Rita) possui carga horária total de 3.705 horas-aula, sendo composta por 2.565 horas-aula de disciplinas obrigatórias básicas,&nbsp;660 horas-aula de disciplinas complementares obrigatórias, e 180 horas-aula de disciplinas optativas. Além disso, 300 horas são destinadas às atividade complementares, ou componente curriculares flexíveis.</p>



<p class=" ">No nosso site público do sistema Sistema de Gestão de Atividades Acadêmicas (SIGAA), encontra-se a lista completa de disciplinas e seus pré-requisitos.&nbsp;<a href="https://sigaa.ufpb.br/sigaa/public/curso/portal.jsf?id=1626880&amp;lc=pt_BR" target="_blank" rel="noreferrer noopener">Nosso site no SIGAA pode ser acessado ao clicar neste link</a>.</p>



<p class=" ">Para acessar os pré-requisitos atuais, deve-se clicar no currículo desejado e, posteriormente, no ícone de lupa na linha da disciplina cujo pré-requisito se quer conhecer.</p>



<p class=" ">Um fluxograma, ou seja, uma representação visual do nosso currículo,&nbsp;<a href="https://drive.ufpb.br/s/q9nwB4RwxJHHNzY" target="_blank" rel="noreferrer noopener">pode ser acessado ao se clicar neste link</a>.</p>

<p>A grade curricular atual é de 2019, e é regulamentada pela Resolução nº 19/2019 do [&hellip;]</p>
