{"id":95,"date":"2025-03-12T14:51:14","date_gmt":"2025-03-12T17:51:14","guid":{"rendered":"https:\/\/www.ccj.ufpb.br\/pos\/?page_id=95"},"modified":"2025-06-17T13:10:51","modified_gmt":"2025-06-17T16:10:51","slug":"duvidas","status":"publish","type":"page","link":"https:\/\/www.ccj.ufpb.br\/pos\/duvidas\/","title":{"rendered":"D\u00favidas"},"content":{"rendered":"\n<h2 class=\"wp-block-heading has-text-align-center\"><div class=\"linha-header\"><a href=\"http:\/\/plone.ufpb.br\/pos\/contents\/menu\/ppgcj\/duvidas\">P\u00c1GINA<\/a><\/div><\/h2>\n\n\n\n<p class=\"has-text-align-center\"><a href=\"http:\/\/plone.ufpb.br\/pos\/contents\/menu\/ppgcj\/duvidas\">EM CONSTRU\u00c7\u00c3O<\/a><\/p>\n\n\n<div class=\"wp-block-image\">\n<figure class=\"aligncenter size-large is-resized\"><img loading=\"lazy\" decoding=\"async\" width=\"1024\" height=\"1024\" src=\"http:\/\/www.ccj.ufpb.br\/pos\/wp-content\/uploads\/sites\/106\/sites\/268\/2025\/06\/page-em-construcao-1024x1024.png\" alt=\"\" class=\"wp-image-186\" style=\"width:426px;height:auto\" srcset=\"https:\/\/www.ccj.ufpb.br\/pos\/wp-content\/uploads\/sites\/106\/sites\/268\/2025\/06\/page-em-construcao-1024x1024.png 1024w, https:\/\/www.ccj.ufpb.br\/pos\/wp-content\/uploads\/sites\/106\/sites\/268\/2025\/06\/page-em-construcao-300x300.png 300w, https:\/\/www.ccj.ufpb.br\/pos\/wp-content\/uploads\/sites\/106\/sites\/268\/2025\/06\/page-em-construcao-150x150.png 150w, https:\/\/www.ccj.ufpb.br\/pos\/wp-content\/uploads\/sites\/106\/sites\/268\/2025\/06\/page-em-construcao-768x768.png 768w, https:\/\/www.ccj.ufpb.br\/pos\/wp-content\/uploads\/sites\/106\/sites\/268\/2025\/06\/page-em-construcao.png 1080w\" sizes=\"auto, (max-width: 1024px) 100vw, 1024px\" \/><\/figure>\n<\/div>\n\n\n<p><\/p>\n","protected":false},"excerpt":{"rendered":"<p>P\u00c1GINA EM CONSTRU\u00c7\u00c3O<\/p>\n","protected":false},"author":54,"featured_media":0,"parent":0,"menu_order":0,"comment_status":"closed","ping_status":"closed","template":"","meta":{"footnotes":""},"class_list":["post-95","page","type-page","status-publish","hentry"],"_links":{"self":[{"href":"https:\/\/www.ccj.ufpb.br\/pos\/wp-json\/wp\/v2\/pages\/95","targetHints":{"allow":["GET"]}}],"collection":[{"href":"https:\/\/www.ccj.ufpb.br\/pos\/wp-json\/wp\/v2\/pages"}],"about":[{"href":"https:\/\/www.ccj.ufpb.br\/pos\/wp-json\/wp\/v2\/types\/page"}],"author":[{"embeddable":true,"href":"https:\/\/www.ccj.ufpb.br\/pos\/wp-json\/wp\/v2\/users\/54"}],"replies":[{"embeddable":true,"href":"https:\/\/www.ccj.ufpb.br\/pos\/wp-json\/wp\/v2\/comments?post=95"}],"version-history":[{"count":2,"href":"https:\/\/www.ccj.ufpb.br\/pos\/wp-json\/wp\/v2\/pages\/95\/revisions"}],"predecessor-version":[{"id":190,"href":"https:\/\/www.ccj.ufpb.br\/pos\/wp-json\/wp\/v2\/pages\/95\/revisions\/190"}],"wp:attachment":[{"href":"https:\/\/www.ccj.ufpb.br\/pos\/wp-json\/wp\/v2\/media?parent=95"}],"curies":[{"name":"wp","href":"https:\/\/api.w.org\/{rel}","templated":true}]}}