{"id":331,"date":"2025-06-19T13:24:34","date_gmt":"2025-06-19T16:24:34","guid":{"rendered":"https:\/\/www.ccj.ufpb.br\/pos\/?page_id=331"},"modified":"2025-06-19T13:33:34","modified_gmt":"2025-06-19T16:33:34","slug":"planejamento-estrategico-e-autoavaliacao","status":"publish","type":"page","link":"https:\/\/www.ccj.ufpb.br\/pos\/planejamento-estrategico-e-autoavaliacao\/","title":{"rendered":"Planejamento Estrat\u00e9gico e Autoavalia\u00e7\u00e3o"},"content":{"rendered":"\n<div class=\"wp-block-file\"><a id=\"wp-block-file--media-5a4833c4-990c-4586-a443-915c0615c3c1\" href=\"https:\/\/www.ccj.ufpb.br\/pos\/wp-content\/uploads\/sites\/106\/sites\/268\/2025\/06\/plano-de-internacionalizacao-referencia-para-o-planejamento-estrategico-e-a-autoavaliacao-do-ppgcj-2017-2020-1.pdf\">Planejamento Estrategico e Autoavaliacao &#8211; 2017-2020<\/a><a href=\"https:\/\/www.ccj.ufpb.br\/pos\/wp-content\/uploads\/sites\/106\/sites\/268\/2025\/06\/plano-de-internacionalizacao-referencia-para-o-planejamento-estrategico-e-a-autoavaliacao-do-ppgcj-2017-2020-1.pdf\" class=\"wp-block-file__button wp-element-button\" download aria-describedby=\"wp-block-file--media-5a4833c4-990c-4586-a443-915c0615c3c1\">Baixar<\/a><\/div>\n\n\n\n<p><\/p>\n\n\n\n<p><\/p>\n","protected":false},"excerpt":{"rendered":"","protected":false},"author":54,"featured_media":0,"parent":0,"menu_order":0,"comment_status":"closed","ping_status":"closed","template":"","meta":{"footnotes":""},"class_list":["post-331","page","type-page","status-publish","hentry"],"_links":{"self":[{"href":"https:\/\/www.ccj.ufpb.br\/pos\/wp-json\/wp\/v2\/pages\/331","targetHints":{"allow":["GET"]}}],"collection":[{"href":"https:\/\/www.ccj.ufpb.br\/pos\/wp-json\/wp\/v2\/pages"}],"about":[{"href":"https:\/\/www.ccj.ufpb.br\/pos\/wp-json\/wp\/v2\/types\/page"}],"author":[{"embeddable":true,"href":"https:\/\/www.ccj.ufpb.br\/pos\/wp-json\/wp\/v2\/users\/54"}],"replies":[{"embeddable":true,"href":"https:\/\/www.ccj.ufpb.br\/pos\/wp-json\/wp\/v2\/comments?post=331"}],"version-history":[{"count":3,"href":"https:\/\/www.ccj.ufpb.br\/pos\/wp-json\/wp\/v2\/pages\/331\/revisions"}],"predecessor-version":[{"id":335,"href":"https:\/\/www.ccj.ufpb.br\/pos\/wp-json\/wp\/v2\/pages\/331\/revisions\/335"}],"wp:attachment":[{"href":"https:\/\/www.ccj.ufpb.br\/pos\/wp-json\/wp\/v2\/media?parent=331"}],"curies":[{"name":"wp","href":"https:\/\/api.w.org\/{rel}","templated":true}]}}