{"id":21,"date":"2025-03-11T22:49:07","date_gmt":"2025-03-11T22:49:07","guid":{"rendered":"https:\/\/www.ccj.ufpb.br\/pos\/?page_id=21"},"modified":"2025-08-06T14:10:17","modified_gmt":"2025-08-06T17:10:17","slug":"quem-somos","status":"publish","type":"page","link":"https:\/\/www.ccj.ufpb.br\/pos\/quem-somos\/","title":{"rendered":"Expediente"},"content":{"rendered":"\n<p>A estrutura organizacional do PPGCJ \u00e9 composta pelo Colegiado do Programa, como \u00f3rg\u00e3o deliberativo, a Coordena\u00e7\u00e3o do Programa, que tem car\u00e1ter executivo, e a Secretaria, que fornece o apoio administrativo.<\/p>\n\n\n\n<p><strong>Coordenador PPGCJ<\/strong><strong><br><\/strong>Prof\u00ba Dr.&nbsp;Gustavo Barbosa de Mesquita Batista&nbsp;<strong><br><\/strong><a href=\"mailto:gustavobm.batista@gmail.com\" target=\"_blank\" rel=\"noreferrer noopener\">gustavobm.batista@gmail.com<\/a><\/p>\n\n\n\n<p><strong>Vice-Coordenadora PPGCJ<\/strong><strong><br><\/strong>Prof\u00aa Dr\u00aa. Ana Paula Basso&nbsp;<strong><br><\/strong><a href=\"mailto:ana.paula.basso@academico.ufpb.br\" target=\"_blank\" rel=\"noreferrer noopener\">ana.paula.basso@academico.ufpb.br<\/a><\/p>\n\n\n\n<p><strong>Assessoria de PPGCJ<\/strong><strong><br><\/strong>Maria Creusa de Ara\u00fajo Borges&nbsp;<strong><br><\/strong><a href=\"mailto:maria.borges@academico.ufpb.br\" target=\"_blank\" rel=\"noreferrer noopener\">maria.borges@academico.ufpb.br<\/a><\/p>\n\n\n\n<p>Corpo T\u00e9cnico Administrativo<\/p>\n\n\n\n<p>Magda Val\u00e9ria Gomes da Silva<\/p>\n\n\n\n<p>Talita de Castro Santos<\/p>\n\n\n\n<p>Wlly Annie Feitosa Barbosa<\/p>\n\n\n\n<p>Contato: 3216 7627<\/p>\n\n\n\n<p><\/p>\n","protected":false},"excerpt":{"rendered":"<p>A estrutura organizacional do PPGCJ \u00e9 composta pelo Colegiado do Programa, como \u00f3rg\u00e3o deliberativo, a [&hellip;]<\/p>\n","protected":false},"author":47,"featured_media":0,"parent":0,"menu_order":0,"comment_status":"closed","ping_status":"closed","template":"","meta":{"footnotes":""},"class_list":["post-21","page","type-page","status-publish","hentry"],"_links":{"self":[{"href":"https:\/\/www.ccj.ufpb.br\/pos\/wp-json\/wp\/v2\/pages\/21","targetHints":{"allow":["GET"]}}],"collection":[{"href":"https:\/\/www.ccj.ufpb.br\/pos\/wp-json\/wp\/v2\/pages"}],"about":[{"href":"https:\/\/www.ccj.ufpb.br\/pos\/wp-json\/wp\/v2\/types\/page"}],"author":[{"embeddable":true,"href":"https:\/\/www.ccj.ufpb.br\/pos\/wp-json\/wp\/v2\/users\/47"}],"replies":[{"embeddable":true,"href":"https:\/\/www.ccj.ufpb.br\/pos\/wp-json\/wp\/v2\/comments?post=21"}],"version-history":[{"count":6,"href":"https:\/\/www.ccj.ufpb.br\/pos\/wp-json\/wp\/v2\/pages\/21\/revisions"}],"predecessor-version":[{"id":648,"href":"https:\/\/www.ccj.ufpb.br\/pos\/wp-json\/wp\/v2\/pages\/21\/revisions\/648"}],"wp:attachment":[{"href":"https:\/\/www.ccj.ufpb.br\/pos\/wp-json\/wp\/v2\/media?parent=21"}],"curies":[{"name":"wp","href":"https:\/\/api.w.org\/{rel}","templated":true}]}}