{"id":199,"date":"2025-06-17T13:33:14","date_gmt":"2025-06-17T16:33:14","guid":{"rendered":"https:\/\/www.ccj.ufpb.br\/pos\/?page_id=199"},"modified":"2026-08-13T13:20:54","modified_gmt":"2026-08-13T16:20:54","slug":"grupo-de-pesquisa","status":"publish","type":"page","link":"https:\/\/www.ccj.ufpb.br\/pos\/grupo-de-pesquisa\/","title":{"rendered":"Grupo de Pesquisa"},"content":{"rendered":"\n<p class=\"wp-block-paragraph\">01 &#8211;<a href=\"http:\/\/dgp.cnpq.br\/dgp\/espelhogrupo\/7232509131253379\" target=\"_blank\" rel=\"noreferrer noopener\">An\u00e1lise de Estruturas de Viol\u00eancia e Direito<\/a>&nbsp;&#8211;&nbsp;L\u00edder: Sven Peterke e Robson Ant\u00e3o de Medeiros<\/p>\n\n\n\n<p class=\"wp-block-paragraph\">02 &#8211;<a href=\"http:\/\/dgp.cnpq.br\/dgp\/espelhogrupo\/8098666585640751\" target=\"_blank\" rel=\"noreferrer noopener\">Biotecnologia, Biodireito e Meio Ambiente em Direitos Humanos<\/a>\u00a0\u2013 L\u00edder: Robson Ant\u00e3o de Medeiros<\/p>\n\n\n\n<p class=\"wp-block-paragraph\">03 &#8211;<a href=\"http:\/\/dgp.cnpq.br\/dgp\/espelhogrupo\/5405285646588105\" target=\"_blank\" rel=\"noreferrer noopener\">Direito da Cidade e do Meio Ambiente e Desenvolvimento\u00a0<\/a>\u2013 L\u00edder: Talden Queiroz Farias e Jos\u00e9 Irivaldo Alves Oliveira Silva<\/p>\n\n\n\n<p class=\"wp-block-paragraph\">04 \u2013 Filosofia do Direito e Pensamento Pol\u00edtico \u2013 L\u00edder: Newton de Oliveira Lima e Cleide Calgaro<\/p>\n\n\n\n<p class=\"wp-block-paragraph\">05 \u2013 Grupo de Estudos e Pesquisas em Educa\u00e7\u00e3o e Direitos Humanos \u2013 Lider: Maria Creusa de Ara\u00fajo Borges e Luciano Mariz Maia<\/p>\n\n\n\n<p class=\"wp-block-paragraph\">06 \u2013 Hist\u00f3ria do Direito e Constitucionalismo \u2013 L\u00edderes: Jos\u00e9 Ernesto Pimentel Filho e Felipe Augusto Forte de Negreiros Adeodato<\/p>\n\n\n\n<p class=\"wp-block-paragraph\">07 \u2013 Laborat\u00f3rio Internacional de Investiga\u00e7\u00e3o em Transjuridicidade (LABIRINT) \u2013 L\u00edder: Marc\u00edlio Toscano Franca Filho e Gustavo Rabay Guerra<\/p>\n\n\n\n<p class=\"wp-block-paragraph\">08 \u2013 Conex\u00f5es Jur\u00eddico-Hist\u00f3ricas e Processuais (CONEXJURIS). L\u00edderes: Jos\u00e9 Ernesto Pimentel Filho e Felipe Augusto Forte de Negreiros Adeodato<\/p>\n\n\n\n<p class=\"wp-block-paragraph\">09 \u2013 Dom Quixote. L\u00edderes: Fernando Joaquim Ferreira e Maia Mariana Traldi (link:&nbsp;<a href=\"https:\/\/dgp.cnpq.br\/dgp\/espelhogrupo\/9417866906614678\" target=\"_blank\" rel=\"noreferrer noopener\">https:\/\/dgp.cnpq.br\/dgp\/espelhogrupo\/9417866906614678<\/a>)<\/p>\n\n\n\n<p class=\"wp-block-paragraph\">10 \u2013 Trabalho e Desenvolvimento: Influxos e Dissens\u00f5es \u2013 L\u00edder: Jailton Macena de Ara\u00fajo<\/p>\n\n\n\n<p class=\"wp-block-paragraph\">11 \u2013 Estudos de Direito Tribut\u00e1rio e suas Repercuss\u00f5es Socioecon\u00f4micas (GPEDTRS) \u2013 L\u00edder: Ana Paula Basso e Waldemar de Albuquerque Aranha Neto (link:&nbsp;<a href=\"https:\/\/dgp.cnpq.br\/dgp\/espelhogrupo\/2034346480206121\" target=\"_blank\" rel=\"noreferrer noopener\">https:\/\/dgp.cnpq.br\/dgp\/espelhogrupo\/2034346480206121<\/a>)<\/p>\n\n\n\n<p class=\"wp-block-paragraph\">12 \u2013 &nbsp;&nbsp;&nbsp; Grupo Margarida: Estudos em Direito e Conflitos Sociais \u2013 L\u00edderes: Bruna St\u00e9fanni Soares de Ara\u00fajo e Elo\u00edsa Dias Gon\u00e7alves (link:&nbsp;<a href=\"http:\/\/dgp.cnpq.br\/dgp\/espelhogrupo\/5887013435292991\" target=\"_blank\" rel=\"noreferrer noopener\">http:\/\/dgp.cnpq.br\/dgp\/espelhogrupo\/5887013435292991<\/a>)<\/p>\n\n\n\n<p class=\"wp-block-paragraph\">13 \u2013 Direito Econ\u00f4mico e Desenvolvimento (GPDECO) \u2013 L\u00edder: Pablo Leurquin (link:&nbsp;<a href=\"https:\/\/dgp.cnpq.br\/dgp\/espelhogrupo\/5021067202161623\" target=\"_blank\" rel=\"noreferrer noopener\">https:\/\/dgp.cnpq.br\/dgp\/espelhogrupo\/5021067202161623<\/a>)<\/p>\n\n\n\n<p class=\"wp-block-paragraph\">14 \u2013 Marxismo, Realismo, Filosofia e Teoria do Direito &#8211; L\u00edder: Enoque Feitosa Sobreira Filho<\/p>\n\n\n\n<p class=\"wp-block-paragraph\">15 \u2013 Teorias dos Direitos Humanos, Direito e Sociedade: genealogia e prospectivas do pensamento jur\u00eddico &#8211; L\u00edder: Maria Luiza Pereira de Alencar Mayer Feitosa (link:&nbsp;<a href=\"https:\/\/dgp.cnpq.br\/dgp\/espelhogrupo\/3558802788921989\" target=\"_blank\" rel=\"noreferrer noopener\">https:\/\/dgp.cnpq.br\/dgp\/espelhogrupo\/3558802788921989<\/a>)<\/p>\n\n\n\n<p class=\"wp-block-paragraph\">16 \u2013 Grupo de Pesquisa em pol\u00edtica Criminal, Criminologia Cr\u00edtica e Sistema Penal \u2013 L\u00edder: Gustavo Barbosa de Mesquita Batista (Link:&nbsp;<a href=\"http:\/\/dgp.cnpq.br\/dgp\/espelhogrupo\/2848948140504025\" target=\"_blank\" rel=\"noreferrer noopener\">dgp.cnpq.br\/dgp\/espelhogrupo\/2848948140504025<\/a>)<\/p>\n","protected":false},"excerpt":{"rendered":"<p>01 &#8211;An\u00e1lise de Estruturas de Viol\u00eancia e Direito&nbsp;&#8211;&nbsp;L\u00edder: Sven Peterke e Robson Ant\u00e3o de Medeiros [&hellip;]<\/p>\n","protected":false},"author":54,"featured_media":0,"parent":0,"menu_order":0,"comment_status":"closed","ping_status":"closed","template":"","meta":{"footnotes":""},"class_list":["post-199","page","type-page","status-publish","hentry"],"_links":{"self":[{"href":"https:\/\/www.ccj.ufpb.br\/pos\/wp-json\/wp\/v2\/pages\/199","targetHints":{"allow":["GET"]}}],"collection":[{"href":"https:\/\/www.ccj.ufpb.br\/pos\/wp-json\/wp\/v2\/pages"}],"about":[{"href":"https:\/\/www.ccj.ufpb.br\/pos\/wp-json\/wp\/v2\/types\/page"}],"author":[{"embeddable":true,"href":"https:\/\/www.ccj.ufpb.br\/pos\/wp-json\/wp\/v2\/users\/54"}],"replies":[{"embeddable":true,"href":"https:\/\/www.ccj.ufpb.br\/pos\/wp-json\/wp\/v2\/comments?post=199"}],"version-history":[{"count":5,"href":"https:\/\/www.ccj.ufpb.br\/pos\/wp-json\/wp\/v2\/pages\/199\/revisions"}],"predecessor-version":[{"id":1316,"href":"https:\/\/www.ccj.ufpb.br\/pos\/wp-json\/wp\/v2\/pages\/199\/revisions\/1316"}],"wp:attachment":[{"href":"https:\/\/www.ccj.ufpb.br\/pos\/wp-json\/wp\/v2\/media?parent=199"}],"curies":[{"name":"wp","href":"https:\/\/api.w.org\/{rel}","templated":true}]}}

<p class="wp-block-paragraph">01 &#8211;<a href="http://dgp.cnpq.br/dgp/espelhogrupo/7232509131253379" target="_blank" rel="noreferrer noopener">Análise de Estruturas de Violência e Direito</a>&nbsp;&#8211;&nbsp;Líder: Sven Peterke e Robson Antão de Medeiros</p>



<p class="wp-block-paragraph">02 &#8211;<a href="http://dgp.cnpq.br/dgp/espelhogrupo/8098666585640751" target="_blank" rel="noreferrer noopener">Biotecnologia, Biodireito e Meio Ambiente em Direitos Humanos</a> – Líder: Robson Antão de Medeiros</p>



<p class="wp-block-paragraph">03 &#8211;<a href="http://dgp.cnpq.br/dgp/espelhogrupo/5405285646588105" target="_blank" rel="noreferrer noopener">Direito da Cidade e do Meio Ambiente e Desenvolvimento </a>– Líder: Talden Queiroz Farias e José Irivaldo Alves Oliveira Silva</p>



<p class="wp-block-paragraph">04 – Filosofia do Direito e Pensamento Político – Líder: Newton de Oliveira Lima e Cleide Calgaro</p>



<p class="wp-block-paragraph">05 – Grupo de Estudos e Pesquisas em Educação e Direitos Humanos – Lider: Maria Creusa de Araújo Borges e Luciano Mariz Maia</p>



<p class="wp-block-paragraph">06 – História do Direito e Constitucionalismo – Líderes: José Ernesto Pimentel Filho e Felipe Augusto Forte de Negreiros Adeodato</p>



<p class="wp-block-paragraph">07 – Laboratório Internacional de Investigação em Transjuridicidade (LABIRINT) – Líder: Marcílio Toscano Franca Filho e Gustavo Rabay Guerra</p>



<p class="wp-block-paragraph">08 – Conexões Jurídico-Históricas e Processuais (CONEXJURIS). Líderes: José Ernesto Pimentel Filho e Felipe Augusto Forte de Negreiros Adeodato</p>



<p class="wp-block-paragraph">09 – Dom Quixote. Líderes: Fernando Joaquim Ferreira e Maia Mariana Traldi (link:&nbsp;<a href="https://dgp.cnpq.br/dgp/espelhogrupo/9417866906614678" target="_blank" rel="noreferrer noopener">https://dgp.cnpq.br/dgp/espelhogrupo/9417866906614678</a>)</p>



<p class="wp-block-paragraph">10 – Trabalho e Desenvolvimento: Influxos e Dissensões – Líder: Jailton Macena de Araújo</p>



<p class="wp-block-paragraph">11 – Estudos de Direito Tributário e suas Repercussões Socioeconômicas (GPEDTRS) – Líder: Ana Paula Basso e Waldemar de Albuquerque Aranha Neto (link:&nbsp;<a href="https://dgp.cnpq.br/dgp/espelhogrupo/2034346480206121" target="_blank" rel="noreferrer noopener">https://dgp.cnpq.br/dgp/espelhogrupo/2034346480206121</a>)</p>



<p class="wp-block-paragraph">12 – &nbsp;&nbsp;&nbsp; Grupo Margarida: Estudos em Direito e Conflitos Sociais – Líderes: Bruna Stéfanni Soares de Araújo e Eloísa Dias Gonçalves (link:&nbsp;<a href="http://dgp.cnpq.br/dgp/espelhogrupo/5887013435292991" target="_blank" rel="noreferrer noopener">http://dgp.cnpq.br/dgp/espelhogrupo/5887013435292991</a>)</p>



<p class="wp-block-paragraph">13 – Direito Econômico e Desenvolvimento (GPDECO) – Líder: Pablo Leurquin (link:&nbsp;<a href="https://dgp.cnpq.br/dgp/espelhogrupo/5021067202161623" target="_blank" rel="noreferrer noopener">https://dgp.cnpq.br/dgp/espelhogrupo/5021067202161623</a>)</p>



<p class="wp-block-paragraph">14 – Marxismo, Realismo, Filosofia e Teoria do Direito &#8211; Líder: Enoque Feitosa Sobreira Filho</p>



<p class="wp-block-paragraph">15 – Teorias dos Direitos Humanos, Direito e Sociedade: genealogia e prospectivas do pensamento jurídico &#8211; Líder: Maria Luiza Pereira de Alencar Mayer Feitosa (link:&nbsp;<a href="https://dgp.cnpq.br/dgp/espelhogrupo/3558802788921989" target="_blank" rel="noreferrer noopener">https://dgp.cnpq.br/dgp/espelhogrupo/3558802788921989</a>)</p>



<p class="wp-block-paragraph">16 – Grupo de Pesquisa em política Criminal, Criminologia Crítica e Sistema Penal – Líder: Gustavo Barbosa de Mesquita Batista (Link:&nbsp;<a href="http://dgp.cnpq.br/dgp/espelhogrupo/2848948140504025" target="_blank" rel="noreferrer noopener">dgp.cnpq.br/dgp/espelhogrupo/2848948140504025</a>)</p>

<p>01 &#8211;Análise de Estruturas de Violência e Direito&nbsp;&#8211;&nbsp;Líder: Sven Peterke e Robson Antão de Medeiros [&hellip;]</p>
