{"id":707,"date":"2025-09-15T11:09:18","date_gmt":"2025-09-15T14:09:18","guid":{"rendered":"https:\/\/www.ccj.ufpb.br\/pos\/?post_type=edital&#038;p=707"},"modified":"2025-09-30T09:30:37","modified_gmt":"2025-09-30T12:30:37","slug":"consulta-eleitoral-para-a-coordenacao-e-vice-coordenacao-do-programa-de-pos-graduacao-em-ciencias-juridicas-da-universidade-federal-da-paraiba","status":"publish","type":"edital","link":"https:\/\/www.ccj.ufpb.br\/pos\/edital\/consulta-eleitoral-para-a-coordenacao-e-vice-coordenacao-do-programa-de-pos-graduacao-em-ciencias-juridicas-da-universidade-federal-da-paraiba\/","title":{"rendered":"Consulta Eleitoral para a Coordena\u00e7\u00e3o e Vice-Coordena\u00e7\u00e3o do PPGCJ"},"content":{"rendered":"\n<div class=\"wp-block-file\"><a id=\"wp-block-file--media-06b188ff-6267-4cbc-ab8f-3933786acccd\" href=\"https:\/\/www.ccj.ufpb.br\/pos\/wp-content\/uploads\/sites\/106\/sites\/268\/2025\/09\/edital-consulta-eleitoral-pos-graduacao-coordenador-e-vice-coordenador_01-2025-1.pdf\">Edital 01\/2025 Consulta Eleitoral  para Vice-Coordenador do PPGCJ<\/a><a href=\"https:\/\/www.ccj.ufpb.br\/pos\/wp-content\/uploads\/sites\/106\/sites\/268\/2025\/09\/edital-consulta-eleitoral-pos-graduacao-coordenador-e-vice-coordenador_01-2025-1.pdf\" class=\"wp-block-file__button wp-element-button\" download aria-describedby=\"wp-block-file--media-06b188ff-6267-4cbc-ab8f-3933786acccd\">Baixar<\/a><\/div>\n\n\n\n<div class=\"wp-block-file\"><a id=\"wp-block-file--media-46eaed90-08eb-4a7a-acaf-2fa0fb2a59e3\" href=\"https:\/\/www.ccj.ufpb.br\/pos\/wp-content\/uploads\/sites\/106\/sites\/268\/2025\/09\/Edital-12-2025_POS_Coord_Vice.pdf\">Edital 12\/2025 Consulta Eleitoral para a Coordena\u00e7\u00e3o e Vice-Coordena\u00e7\u00e3o do PPGCJ<\/a><a href=\"https:\/\/www.ccj.ufpb.br\/pos\/wp-content\/uploads\/sites\/106\/sites\/268\/2025\/09\/Edital-12-2025_POS_Coord_Vice.pdf\" class=\"wp-block-file__button wp-element-button\" download aria-describedby=\"wp-block-file--media-46eaed90-08eb-4a7a-acaf-2fa0fb2a59e3\">Baixar<\/a><\/div>\n\n\n\n<p><\/p>\n","protected":false},"excerpt":{"rendered":"","protected":false},"featured_media":0,"template":"","meta":{"footnotes":""},"edital_type":[5],"class_list":["post-707","edital","type-edital","status-publish","hentry","edital_type-edital"],"_links":{"self":[{"href":"https:\/\/www.ccj.ufpb.br\/pos\/wp-json\/wp\/v2\/edital\/707","targetHints":{"allow":["GET"]}}],"collection":[{"href":"https:\/\/www.ccj.ufpb.br\/pos\/wp-json\/wp\/v2\/edital"}],"about":[{"href":"https:\/\/www.ccj.ufpb.br\/pos\/wp-json\/wp\/v2\/types\/edital"}],"version-history":[{"count":4,"href":"https:\/\/www.ccj.ufpb.br\/pos\/wp-json\/wp\/v2\/edital\/707\/revisions"}],"predecessor-version":[{"id":741,"href":"https:\/\/www.ccj.ufpb.br\/pos\/wp-json\/wp\/v2\/edital\/707\/revisions\/741"}],"wp:attachment":[{"href":"https:\/\/www.ccj.ufpb.br\/pos\/wp-json\/wp\/v2\/media?parent=707"}],"wp:term":[{"taxonomy":"edital_type","embeddable":true,"href":"https:\/\/www.ccj.ufpb.br\/pos\/wp-json\/wp\/v2\/edital_type?post=707"}],"curies":[{"name":"wp","href":"https:\/\/api.w.org\/{rel}","templated":true}]}}

Consulta Eleitoral para a Coordenação e Vice-Coordenação do PPGCJ

<div class="wp-block-file"><a id="wp-block-file--media-06b188ff-6267-4cbc-ab8f-3933786acccd" href="https://www.ccj.ufpb.br/pos/wp-content/uploads/sites/106/sites/268/2025/09/edital-consulta-eleitoral-pos-graduacao-coordenador-e-vice-coordenador_01-2025-1.pdf">Edital 01/2025 Consulta Eleitoral  para Vice-Coordenador do PPGCJ</a><a href="https://www.ccj.ufpb.br/pos/wp-content/uploads/sites/106/sites/268/2025/09/edital-consulta-eleitoral-pos-graduacao-coordenador-e-vice-coordenador_01-2025-1.pdf" class="wp-block-file__button wp-element-button" download aria-describedby="wp-block-file--media-06b188ff-6267-4cbc-ab8f-3933786acccd">Baixar</a></div>



<div class="wp-block-file"><a id="wp-block-file--media-46eaed90-08eb-4a7a-acaf-2fa0fb2a59e3" href="https://www.ccj.ufpb.br/pos/wp-content/uploads/sites/106/sites/268/2025/09/Edital-12-2025_POS_Coord_Vice.pdf">Edital 12/2025 Consulta Eleitoral para a Coordenação e Vice-Coordenação do PPGCJ</a><a href="https://www.ccj.ufpb.br/pos/wp-content/uploads/sites/106/sites/268/2025/09/Edital-12-2025_POS_Coord_Vice.pdf" class="wp-block-file__button wp-element-button" download aria-describedby="wp-block-file--media-46eaed90-08eb-4a7a-acaf-2fa0fb2a59e3">Baixar</a></div>



<p></p>
