{"id":868,"date":"2025-08-07T15:50:22","date_gmt":"2025-08-07T15:50:22","guid":{"rendered":"https:\/\/www.ccj.ufpb.br\/ccjteste\/?page_id=868"},"modified":"2025-09-24T13:38:16","modified_gmt":"2025-09-24T13:38:16","slug":"formulario-reservas-sala-de-estudos-coletivos","status":"publish","type":"page","link":"https:\/\/www.ccj.ufpb.br\/joaopessoa\/formulario-reservas-sala-de-estudos-coletivos\/","title":{"rendered":"Formul\u00e1rio Reservas &#8211; Sala de Estudos Coletivos"},"content":{"rendered":"\n<h1 class=\"wp-block-heading\">Caro(a) Usu\u00e1rio(a):<\/h1>\n\n\n\n<p>Na inten\u00e7\u00e3o de melhor servi-los, pedimos que procedam ao preenchimento do formul\u00e1rio abaixo, fornecendo as informa\u00e7\u00f5es necess\u00e1rias para que o CCJ possa atend\u00ea-lo da maneira mais adequada poss\u00edvel. Para que isto ocorra, contamos com a colabora\u00e7\u00e3o de voc\u00eas, no sentido de lerem as informa\u00e7\u00f5es contidas nos Documentos que regulamentam o uso desse ambiente em nosso Centro de Ci\u00eancias Jur\u00eddicas.<\/p>\n\n\n\n<p><strong>ATEN\u00c7\u00c3O<\/strong>: sua solicita\u00e7\u00e3o depende do calend\u00e1rio de reservas desses espa\u00e7os, bem como da autoriza\u00e7\u00e3o da Dire\u00e7\u00e3o do CCJ, lembrando que o espa\u00e7o ser\u00e3o preferencialmente cedidos para as atividades do CCJ.<\/p>\n\n\n\n<p>1 &#8211; Fazer o download&nbsp;do arquivo;<\/p>\n\n\n\n<p>2 &#8211; Preencher o formul\u00e1rio;<\/p>\n\n\n\n<p>3 &#8211; Salvar o arquivo;<\/p>\n\n\n\n<p>4 &#8211; Enviar para o seguinte endere\u00e7o de e-mail:&nbsp;<\/p>\n\n\n\n<p>JP &#8211;&nbsp;<a href=\"mailto:reservaccj@gmail.com\" target=\"_blank\" rel=\"noreferrer noopener\">reservaccj@gmail.com<\/a><\/p>\n\n\n\n<div class=\"wp-block-file\"><a id=\"wp-block-file--media-631fb4c7-6741-45f4-ba75-679308e0e48f\" href=\"https:\/\/www.ccj.ufpb.br\/joaopessoa\/wp-content\/uploads\/sites\/106\/sites\/108\/2025\/09\/jp-reservas-da-sala-de-estudo-coletivo-ccj-1-1.doc\">Formul\u00e1rio Sala de Estudos Coletivos <\/a><a href=\"https:\/\/www.ccj.ufpb.br\/joaopessoa\/wp-content\/uploads\/sites\/106\/sites\/108\/2025\/09\/jp-reservas-da-sala-de-estudo-coletivo-ccj-1-1.doc\" class=\"wp-block-file__button wp-element-button\" download aria-describedby=\"wp-block-file--media-631fb4c7-6741-45f4-ba75-679308e0e48f\">Baixar<\/a><\/div>\n\n\n\n<div class=\"wp-block-file\"><a id=\"wp-block-file--media-2805b844-78de-46fa-9e63-25c01c6dae26\" href=\"https:\/\/www.ccj.ufpb.br\/joaopessoa\/wp-content\/uploads\/sites\/106\/sites\/108\/2025\/09\/portaria-sala-de-estudos-coletivos-1.pdf\">Portaria Sala de Estudos Coletivos <\/a><a href=\"https:\/\/www.ccj.ufpb.br\/joaopessoa\/wp-content\/uploads\/sites\/106\/sites\/108\/2025\/09\/portaria-sala-de-estudos-coletivos-1.pdf\" class=\"wp-block-file__button wp-element-button\" download aria-describedby=\"wp-block-file--media-2805b844-78de-46fa-9e63-25c01c6dae26\">Baixar<\/a><\/div>\n\n\n\n<p><\/p>\n","protected":false},"excerpt":{"rendered":"<p>Caro(a) Usu\u00e1rio(a): Na inten\u00e7\u00e3o de melhor servi-los, pedimos que procedam ao preenchimento do formul\u00e1rio abaixo, [&hellip;]<\/p>\n","protected":false},"author":54,"featured_media":0,"parent":0,"menu_order":0,"comment_status":"closed","ping_status":"closed","template":"","meta":{"footnotes":""},"class_list":["post-868","page","type-page","status-publish","hentry"],"_links":{"self":[{"href":"https:\/\/www.ccj.ufpb.br\/joaopessoa\/wp-json\/wp\/v2\/pages\/868","targetHints":{"allow":["GET"]}}],"collection":[{"href":"https:\/\/www.ccj.ufpb.br\/joaopessoa\/wp-json\/wp\/v2\/pages"}],"about":[{"href":"https:\/\/www.ccj.ufpb.br\/joaopessoa\/wp-json\/wp\/v2\/types\/page"}],"author":[{"embeddable":true,"href":"https:\/\/www.ccj.ufpb.br\/joaopessoa\/wp-json\/wp\/v2\/users\/54"}],"replies":[{"embeddable":true,"href":"https:\/\/www.ccj.ufpb.br\/joaopessoa\/wp-json\/wp\/v2\/comments?post=868"}],"version-history":[{"count":11,"href":"https:\/\/www.ccj.ufpb.br\/joaopessoa\/wp-json\/wp\/v2\/pages\/868\/revisions"}],"predecessor-version":[{"id":1442,"href":"https:\/\/www.ccj.ufpb.br\/joaopessoa\/wp-json\/wp\/v2\/pages\/868\/revisions\/1442"}],"wp:attachment":[{"href":"https:\/\/www.ccj.ufpb.br\/joaopessoa\/wp-json\/wp\/v2\/media?parent=868"}],"curies":[{"name":"wp","href":"https:\/\/api.w.org\/{rel}","templated":true}]}}

Formulário Reservas &#8211; Sala de Estudos Coletivos

<h1 class="wp-block-heading">Caro(a) Usuário(a):</h1>



<p>Na intenção de melhor servi-los, pedimos que procedam ao preenchimento do formulário abaixo, fornecendo as informações necessárias para que o CCJ possa atendê-lo da maneira mais adequada possível. Para que isto ocorra, contamos com a colaboração de vocês, no sentido de lerem as informações contidas nos Documentos que regulamentam o uso desse ambiente em nosso Centro de Ciências Jurídicas.</p>



<p><strong>ATENÇÃO</strong>: sua solicitação depende do calendário de reservas desses espaços, bem como da autorização da Direção do CCJ, lembrando que o espaço serão preferencialmente cedidos para as atividades do CCJ.</p>



<p>1 &#8211; Fazer o download&nbsp;do arquivo;</p>



<p>2 &#8211; Preencher o formulário;</p>



<p>3 &#8211; Salvar o arquivo;</p>



<p>4 &#8211; Enviar para o seguinte endereço de e-mail:&nbsp;</p>



<p>JP &#8211;&nbsp;<a href="mailto:reservaccj@gmail.com" target="_blank" rel="noreferrer noopener">reservaccj@gmail.com</a></p>



<div class="wp-block-file"><a id="wp-block-file--media-631fb4c7-6741-45f4-ba75-679308e0e48f" href="https://www.ccj.ufpb.br/joaopessoa/wp-content/uploads/sites/106/sites/108/2025/09/jp-reservas-da-sala-de-estudo-coletivo-ccj-1-1.doc">Formulário Sala de Estudos Coletivos </a><a href="https://www.ccj.ufpb.br/joaopessoa/wp-content/uploads/sites/106/sites/108/2025/09/jp-reservas-da-sala-de-estudo-coletivo-ccj-1-1.doc" class="wp-block-file__button wp-element-button" download aria-describedby="wp-block-file--media-631fb4c7-6741-45f4-ba75-679308e0e48f">Baixar</a></div>



<div class="wp-block-file"><a id="wp-block-file--media-2805b844-78de-46fa-9e63-25c01c6dae26" href="https://www.ccj.ufpb.br/joaopessoa/wp-content/uploads/sites/106/sites/108/2025/09/portaria-sala-de-estudos-coletivos-1.pdf">Portaria Sala de Estudos Coletivos </a><a href="https://www.ccj.ufpb.br/joaopessoa/wp-content/uploads/sites/106/sites/108/2025/09/portaria-sala-de-estudos-coletivos-1.pdf" class="wp-block-file__button wp-element-button" download aria-describedby="wp-block-file--media-2805b844-78de-46fa-9e63-25c01c6dae26">Baixar</a></div>



<p></p>

<p>Caro(a) Usuário(a): Na intenção de melhor servi-los, pedimos que procedam ao preenchimento do formulário abaixo, [&hellip;]</p>
