{"id":333,"date":"2025-07-25T17:14:33","date_gmt":"2025-07-25T17:14:33","guid":{"rendered":"https:\/\/www.ccj.ufpb.br\/ccjteste\/?page_id=333"},"modified":"2025-07-25T17:14:33","modified_gmt":"2025-07-25T17:14:33","slug":"coordenacoes-2","status":"publish","type":"page","link":"https:\/\/www.ccj.ufpb.br\/joaopessoa\/coordenacoes-2\/","title":{"rendered":"Coordena\u00e7\u00f5es"},"content":{"rendered":"\n<p><a href=\"https:\/\/www.ccj.ufpb.br\/cdjp\/\" data-type=\"link\" data-id=\"https:\/\/www.ccj.ufpb.br\/cdjp\/\">Coordena\u00e7\u00e3o de Gradua\u00e7\u00e3o Unidade Jo\u00e3o Pessoa<\/a><\/p>\n\n\n\n<p><a href=\"https:\/\/www.ccj.ufpb.br\/santarita\/\" data-type=\"link\" data-id=\"https:\/\/www.ccj.ufpb.br\/santarita\/\">Coordena\u00e7\u00e3o de Gradua\u00e7\u00e3o Unidade Santa Rita<\/a><\/p>\n\n\n\n<p><a href=\"https:\/\/www.ccj.ufpb.br\/cdjp\/area-discente\/trabalho-de-conclusao-de-curso\/\" data-type=\"link\" data-id=\"https:\/\/www.ccj.ufpb.br\/cdjp\/area-discente\/trabalho-de-conclusao-de-curso\/\">Coordena\u00e7\u00e3o de Monografia CCJ<\/a><\/p>\n\n\n\n<p><a href=\"https:\/\/www.ccj.ufpb.br\/pos\" data-type=\"link\" data-id=\"https:\/\/www.ccj.ufpb.br\/pos\">Coordena\u00e7\u00e3o de P\u00f3s Gradua\u00e7\u00e3o em Ci\u00eancias Jur\u00eddicas<\/a><\/p>\n\n\n\n<p><\/p>\n","protected":false},"excerpt":{"rendered":"<p>Coordena\u00e7\u00e3o de Gradua\u00e7\u00e3o Unidade Jo\u00e3o Pessoa Coordena\u00e7\u00e3o de Gradua\u00e7\u00e3o Unidade Santa Rita Coordena\u00e7\u00e3o de Monografia [&hellip;]<\/p>\n","protected":false},"author":54,"featured_media":0,"parent":0,"menu_order":0,"comment_status":"closed","ping_status":"closed","template":"","meta":{"footnotes":""},"class_list":["post-333","page","type-page","status-publish","hentry"],"_links":{"self":[{"href":"https:\/\/www.ccj.ufpb.br\/joaopessoa\/wp-json\/wp\/v2\/pages\/333","targetHints":{"allow":["GET"]}}],"collection":[{"href":"https:\/\/www.ccj.ufpb.br\/joaopessoa\/wp-json\/wp\/v2\/pages"}],"about":[{"href":"https:\/\/www.ccj.ufpb.br\/joaopessoa\/wp-json\/wp\/v2\/types\/page"}],"author":[{"embeddable":true,"href":"https:\/\/www.ccj.ufpb.br\/joaopessoa\/wp-json\/wp\/v2\/users\/54"}],"replies":[{"embeddable":true,"href":"https:\/\/www.ccj.ufpb.br\/joaopessoa\/wp-json\/wp\/v2\/comments?post=333"}],"version-history":[{"count":1,"href":"https:\/\/www.ccj.ufpb.br\/joaopessoa\/wp-json\/wp\/v2\/pages\/333\/revisions"}],"predecessor-version":[{"id":334,"href":"https:\/\/www.ccj.ufpb.br\/joaopessoa\/wp-json\/wp\/v2\/pages\/333\/revisions\/334"}],"wp:attachment":[{"href":"https:\/\/www.ccj.ufpb.br\/joaopessoa\/wp-json\/wp\/v2\/media?parent=333"}],"curies":[{"name":"wp","href":"https:\/\/api.w.org\/{rel}","templated":true}]}}