{"id":2333,"date":"2026-08-06T20:11:51","date_gmt":"2026-08-06T20:11:51","guid":{"rendered":"https:\/\/www.ccj.ufpb.br\/joaopessoa\/?page_id=2333"},"modified":"2026-08-06T20:11:51","modified_gmt":"2026-08-06T20:11:51","slug":"assessoria-gestao-de-pessoas","status":"publish","type":"page","link":"https:\/\/www.ccj.ufpb.br\/joaopessoa\/assessoria-gestao-de-pessoas\/","title":{"rendered":"Assessoria Gest\u00e3o de Pessoas"},"content":{"rendered":"\n<p class=\"wp-block-paragraph\">Subsidia as a\u00e7\u00f5es da Dire\u00e7\u00e3o de Centro no que pertine \u00e0 gest\u00e3o de pessoas.<br>Exerce controle t\u00e9cnico-administrativo sobre os servidores lotados no Centro e<br>auxilia os respons\u00e1veis pelas unidades acad\u00eamico administrativas do CCJ na<br>gest\u00e3o dos seus respectivos quadros de pessoal t\u00e9cnico-administrativo e docente.<br>Implementa, dentro do CCJ, as pol\u00edticas e a\u00e7\u00f5es permanentes de gest\u00e3o de<br>pessoas da Pr\u00f3-Reitoria de Gest\u00e3o de Pessoas da UFPB, visando ao<br>desenvolvimento dos servidores, ao gerenciamento de processos, \u00e0 qualidade de<br>vida, sa\u00fade e seguran\u00e7a no trabalho, com padr\u00f5es de excel\u00eancia que contribuam<br>para o desenvolvimento de compet\u00eancias profissionais e institucionais.<br><\/p>\n\n\n\n<p class=\"wp-block-paragraph\">Assessoria Gest\u00e3o de Pessoas<br>Lu\u00edsa Gadelha<br>gestaopessoas@ccj.ufpb.br<br><\/p>\n\n\n\n<p class=\"wp-block-paragraph\">Contato: 3216-7622<\/p>\n","protected":false},"excerpt":{"rendered":"<p>Subsidia as a\u00e7\u00f5es da Dire\u00e7\u00e3o de Centro no que pertine \u00e0 gest\u00e3o de pessoas.Exerce controle [&hellip;]<\/p>\n","protected":false},"author":54,"featured_media":0,"parent":0,"menu_order":0,"comment_status":"closed","ping_status":"closed","template":"","meta":{"footnotes":""},"class_list":["post-2333","page","type-page","status-publish","hentry"],"_links":{"self":[{"href":"https:\/\/www.ccj.ufpb.br\/joaopessoa\/wp-json\/wp\/v2\/pages\/2333","targetHints":{"allow":["GET"]}}],"collection":[{"href":"https:\/\/www.ccj.ufpb.br\/joaopessoa\/wp-json\/wp\/v2\/pages"}],"about":[{"href":"https:\/\/www.ccj.ufpb.br\/joaopessoa\/wp-json\/wp\/v2\/types\/page"}],"author":[{"embeddable":true,"href":"https:\/\/www.ccj.ufpb.br\/joaopessoa\/wp-json\/wp\/v2\/users\/54"}],"replies":[{"embeddable":true,"href":"https:\/\/www.ccj.ufpb.br\/joaopessoa\/wp-json\/wp\/v2\/comments?post=2333"}],"version-history":[{"count":1,"href":"https:\/\/www.ccj.ufpb.br\/joaopessoa\/wp-json\/wp\/v2\/pages\/2333\/revisions"}],"predecessor-version":[{"id":2334,"href":"https:\/\/www.ccj.ufpb.br\/joaopessoa\/wp-json\/wp\/v2\/pages\/2333\/revisions\/2334"}],"wp:attachment":[{"href":"https:\/\/www.ccj.ufpb.br\/joaopessoa\/wp-json\/wp\/v2\/media?parent=2333"}],"curies":[{"name":"wp","href":"https:\/\/api.w.org\/{rel}","templated":true}]}}

Assessoria Gestão de Pessoas

<p class="wp-block-paragraph">Subsidia as ações da Direção de Centro no que pertine à gestão de pessoas.<br>Exerce controle técnico-administrativo sobre os servidores lotados no Centro e<br>auxilia os responsáveis pelas unidades acadêmico administrativas do CCJ na<br>gestão dos seus respectivos quadros de pessoal técnico-administrativo e docente.<br>Implementa, dentro do CCJ, as políticas e ações permanentes de gestão de<br>pessoas da Pró-Reitoria de Gestão de Pessoas da UFPB, visando ao<br>desenvolvimento dos servidores, ao gerenciamento de processos, à qualidade de<br>vida, saúde e segurança no trabalho, com padrões de excelência que contribuam<br>para o desenvolvimento de competências profissionais e institucionais.<br></p>



<p class="wp-block-paragraph">Assessoria Gestão de Pessoas<br>Luísa Gadelha<br>gestaopessoas@ccj.ufpb.br<br></p>



<p class="wp-block-paragraph">Contato: 3216-7622</p>

<p>Subsidia as ações da Direção de Centro no que pertine à gestão de pessoas.Exerce controle [&hellip;]</p>
