{"id":1143,"date":"2025-09-03T18:57:16","date_gmt":"2025-09-03T18:57:16","guid":{"rendered":"https:\/\/www.ccj.ufpb.br\/joaopessoa\/?page_id=1143"},"modified":"2025-09-03T19:20:15","modified_gmt":"2025-09-03T19:20:15","slug":"atas-de-reuniao-2","status":"publish","type":"page","link":"https:\/\/www.ccj.ufpb.br\/joaopessoa\/atas-de-reuniao-2\/","title":{"rendered":"Atas de Reuni\u00e3o"},"content":{"rendered":"\n<p><a href=\"https:\/\/www.ccj.ufpb.br\/joaopessoa\/atas-de-reuniao-2025\/\" data-type=\"page\" data-id=\"383\">Atas de Reuni\u00e3o 2025<\/a><\/p>\n\n\n\n<p><a href=\"https:\/\/www.ccj.ufpb.br\/joaopessoa\/atas-de-reuniao-2024\/\" data-type=\"page\" data-id=\"389\">Atas de Reuni\u00e3o 2024<\/a><\/p>\n\n\n\n<p><a href=\"https:\/\/www.ccj.ufpb.br\/joaopessoa\/atas-de-reuniao-2023\/\" data-type=\"page\" data-id=\"415\">Atas de Reuni\u00e3o 2023<\/a><\/p>\n\n\n\n<p><a href=\"https:\/\/www.ccj.ufpb.br\/joaopessoa\/ata-de-reuniao-2022\/\" data-type=\"page\" data-id=\"441\">Atas de Reuni\u00e3o 2022<\/a><\/p>\n\n\n\n<p><a href=\"https:\/\/www.ccj.ufpb.br\/joaopessoa\/ata-de-reuniao-2021\/\" data-type=\"page\" data-id=\"535\">Atas de Reuni\u00e3o 2021<\/a><\/p>\n\n\n\n<p><a href=\"https:\/\/www.ccj.ufpb.br\/joaopessoa\/ata-de-reuniao-2020\/\" data-type=\"page\" data-id=\"571\">Atas de Reuni\u00e3o 2020<\/a><\/p>\n\n\n\n<p><a href=\"https:\/\/www.ccj.ufpb.br\/joaopessoa\/atas-de-reuniao-2019\/\" data-type=\"page\" data-id=\"488\">Atas de Reuni\u00e3o 2019<\/a><\/p>\n\n\n\n<p><a href=\"https:\/\/www.ccj.ufpb.br\/joaopessoa\/ata-de-reuniao-2018\/\" data-type=\"page\" data-id=\"592\">Atas de Reuni\u00e3o 2018<\/a><\/p>\n\n\n\n<p><\/p>\n","protected":false},"excerpt":{"rendered":"<p>Atas de Reuni\u00e3o 2025 Atas de Reuni\u00e3o 2024 Atas de Reuni\u00e3o 2023 Atas de Reuni\u00e3o [&hellip;]<\/p>\n","protected":false},"author":54,"featured_media":0,"parent":0,"menu_order":0,"comment_status":"closed","ping_status":"closed","template":"","meta":{"footnotes":""},"class_list":["post-1143","page","type-page","status-publish","hentry"],"_links":{"self":[{"href":"https:\/\/www.ccj.ufpb.br\/joaopessoa\/wp-json\/wp\/v2\/pages\/1143","targetHints":{"allow":["GET"]}}],"collection":[{"href":"https:\/\/www.ccj.ufpb.br\/joaopessoa\/wp-json\/wp\/v2\/pages"}],"about":[{"href":"https:\/\/www.ccj.ufpb.br\/joaopessoa\/wp-json\/wp\/v2\/types\/page"}],"author":[{"embeddable":true,"href":"https:\/\/www.ccj.ufpb.br\/joaopessoa\/wp-json\/wp\/v2\/users\/54"}],"replies":[{"embeddable":true,"href":"https:\/\/www.ccj.ufpb.br\/joaopessoa\/wp-json\/wp\/v2\/comments?post=1143"}],"version-history":[{"count":9,"href":"https:\/\/www.ccj.ufpb.br\/joaopessoa\/wp-json\/wp\/v2\/pages\/1143\/revisions"}],"predecessor-version":[{"id":1160,"href":"https:\/\/www.ccj.ufpb.br\/joaopessoa\/wp-json\/wp\/v2\/pages\/1143\/revisions\/1160"}],"wp:attachment":[{"href":"https:\/\/www.ccj.ufpb.br\/joaopessoa\/wp-json\/wp\/v2\/media?parent=1143"}],"curies":[{"name":"wp","href":"https:\/\/api.w.org\/{rel}","templated":true}]}}