{"id":1520,"date":"2025-10-02T19:36:28","date_gmt":"2025-10-02T19:36:28","guid":{"rendered":"https:\/\/www.ccj.ufpb.br\/joaopessoa\/?post_type=edital&#038;p=1520"},"modified":"2025-10-02T19:39:06","modified_gmt":"2025-10-02T19:39:06","slug":"edital-para-as-consultas-eleitorais-para-a-chefia-do-departamento-de-ciencias-juridicas-da-universidade-federal-da-paraiba-e-para-coordenacao-do-curso-de-graduacao-em-direito-santa-rita","status":"publish","type":"edital","link":"https:\/\/www.ccj.ufpb.br\/joaopessoa\/edital\/edital-para-as-consultas-eleitorais-para-a-chefia-do-departamento-de-ciencias-juridicas-da-universidade-federal-da-paraiba-e-para-coordenacao-do-curso-de-graduacao-em-direito-santa-rita\/","title":{"rendered":"Edital n\u00ba 13\/2025 para as Consultas Eleitorais para a Chefia do Departamento de Ci\u00eancias Jur\u00eddicas da UFPB e para Coordena\u00e7\u00e3o do curso de Gradua\u00e7\u00e3o em Direito &#8211; Santa Rita."},"content":{"rendered":"\n<div class=\"wp-block-file\"><a id=\"wp-block-file--media-60b235bc-e2c3-4c6e-9c56-48ee034c65df\" href=\"https:\/\/www.ccj.ufpb.br\/joaopessoa\/wp-content\/uploads\/sites\/106\/sites\/108\/2025\/10\/Edital-13-2025.pdf\">Edital para as Consultas Eleitorais para Chefias do Departamento de Ci\u00eancias Jur\u00eddicas e Coordena\u00e7\u00e3o do curso de Gradua\u00e7\u00e3o em Direito da UFPB<\/a><a href=\"https:\/\/www.ccj.ufpb.br\/joaopessoa\/wp-content\/uploads\/sites\/106\/sites\/108\/2025\/10\/Edital-13-2025.pdf\" class=\"wp-block-file__button wp-element-button\" download aria-describedby=\"wp-block-file--media-60b235bc-e2c3-4c6e-9c56-48ee034c65df\">Baixar<\/a><\/div>\n\n\n\n<p><\/p>\n","protected":false},"excerpt":{"rendered":"","protected":false},"featured_media":0,"template":"","meta":{"footnotes":""},"edital_type":[9],"class_list":["post-1520","edital","type-edital","status-publish","hentry","edital_type-edital"],"_links":{"self":[{"href":"https:\/\/www.ccj.ufpb.br\/joaopessoa\/wp-json\/wp\/v2\/edital\/1520","targetHints":{"allow":["GET"]}}],"collection":[{"href":"https:\/\/www.ccj.ufpb.br\/joaopessoa\/wp-json\/wp\/v2\/edital"}],"about":[{"href":"https:\/\/www.ccj.ufpb.br\/joaopessoa\/wp-json\/wp\/v2\/types\/edital"}],"version-history":[{"count":4,"href":"https:\/\/www.ccj.ufpb.br\/joaopessoa\/wp-json\/wp\/v2\/edital\/1520\/revisions"}],"predecessor-version":[{"id":1526,"href":"https:\/\/www.ccj.ufpb.br\/joaopessoa\/wp-json\/wp\/v2\/edital\/1520\/revisions\/1526"}],"wp:attachment":[{"href":"https:\/\/www.ccj.ufpb.br\/joaopessoa\/wp-json\/wp\/v2\/media?parent=1520"}],"wp:term":[{"taxonomy":"edital_type","embeddable":true,"href":"https:\/\/www.ccj.ufpb.br\/joaopessoa\/wp-json\/wp\/v2\/edital_type?post=1520"}],"curies":[{"name":"wp","href":"https:\/\/api.w.org\/{rel}","templated":true}]}}

Edital nº 13/2025 para as Consultas Eleitorais para a Chefia do Departamento de Ciências Jurídicas da UFPB e para Coordenação do curso de Graduação em Direito &#8211; Santa Rita.

<div class="wp-block-file"><a id="wp-block-file--media-60b235bc-e2c3-4c6e-9c56-48ee034c65df" href="https://www.ccj.ufpb.br/joaopessoa/wp-content/uploads/sites/106/sites/108/2025/10/Edital-13-2025.pdf">Edital para as Consultas Eleitorais para Chefias do Departamento de Ciências Jurídicas e Coordenação do curso de Graduação em Direito da UFPB</a><a href="https://www.ccj.ufpb.br/joaopessoa/wp-content/uploads/sites/106/sites/108/2025/10/Edital-13-2025.pdf" class="wp-block-file__button wp-element-button" download aria-describedby="wp-block-file--media-60b235bc-e2c3-4c6e-9c56-48ee034c65df">Baixar</a></div>



<p></p>
