{"id":1251,"date":"2025-06-25T13:35:23","date_gmt":"2025-06-25T13:35:23","guid":{"rendered":"https:\/\/www.ccj.ufpb.br\/joaopessoa\/?post_type=edital&#038;p=1251"},"modified":"2025-09-10T10:26:55","modified_gmt":"2025-09-10T10:26:55","slug":"edital-para-as-consultas-eleitorais-departamentos-de-direito-privado-e-direito-publico","status":"publish","type":"edital","link":"https:\/\/www.ccj.ufpb.br\/joaopessoa\/edital\/edital-para-as-consultas-eleitorais-departamentos-de-direito-privado-e-direito-publico\/","title":{"rendered":"Edital N\u00ba 3 \/ 2025 &#8211; CCJ-DC  &#8211; Consultas Eleitorais &#8211; Departamentos de Direito Privado e Direito P\u00fablico"},"content":{"rendered":"\n<p>A Diretora do Centro de Ci\u00eancias Jur\u00eddicas, no uso de suas atribui\u00e7\u00f5es e em conson\u00e2ncia com a resolu\u00e7\u00e3o CONSUNI 17\/2017, torna p\u00fablico o Edital para as Consultas Eleitorais para as Chefias dos Departamento de Direito P\u00fablico e Departamento de Direito Privado, no Centro de Ci\u00eancias Jur\u00eddicas da Universidade Federal da Para\u00edba.\u00a0<\/p>\n\n\n\n<div class=\"wp-block-file\"><a id=\"wp-block-file--media-c82e7cc4-2ef1-49f8-94e4-b794295708a8\" href=\"https:\/\/www.ccj.ufpb.br\/joaopessoa\/wp-content\/uploads\/sites\/106\/sites\/108\/2025\/09\/edital-03-2025-chefias-ddpr-e-ddpu.pdf\">Edital Chefias do Departamento de Direito Privado e Direito P\u00fablico<\/a><a href=\"https:\/\/www.ccj.ufpb.br\/joaopessoa\/wp-content\/uploads\/sites\/106\/sites\/108\/2025\/09\/edital-03-2025-chefias-ddpr-e-ddpu.pdf\" class=\"wp-block-file__button wp-element-button\" download aria-describedby=\"wp-block-file--media-c82e7cc4-2ef1-49f8-94e4-b794295708a8\">Baixar<\/a><\/div>\n","protected":false},"excerpt":{"rendered":"<p>A Diretora do Centro de Ci\u00eancias Jur\u00eddicas, no uso de suas atribui\u00e7\u00f5es e em conson\u00e2ncia [&hellip;]<\/p>\n","protected":false},"featured_media":0,"template":"","meta":{"footnotes":""},"edital_type":[9],"class_list":["post-1251","edital","type-edital","status-publish","hentry","edital_type-edital"],"_links":{"self":[{"href":"https:\/\/www.ccj.ufpb.br\/joaopessoa\/wp-json\/wp\/v2\/edital\/1251","targetHints":{"allow":["GET"]}}],"collection":[{"href":"https:\/\/www.ccj.ufpb.br\/joaopessoa\/wp-json\/wp\/v2\/edital"}],"about":[{"href":"https:\/\/www.ccj.ufpb.br\/joaopessoa\/wp-json\/wp\/v2\/types\/edital"}],"version-history":[{"count":2,"href":"https:\/\/www.ccj.ufpb.br\/joaopessoa\/wp-json\/wp\/v2\/edital\/1251\/revisions"}],"predecessor-version":[{"id":1375,"href":"https:\/\/www.ccj.ufpb.br\/joaopessoa\/wp-json\/wp\/v2\/edital\/1251\/revisions\/1375"}],"wp:attachment":[{"href":"https:\/\/www.ccj.ufpb.br\/joaopessoa\/wp-json\/wp\/v2\/media?parent=1251"}],"wp:term":[{"taxonomy":"edital_type","embeddable":true,"href":"https:\/\/www.ccj.ufpb.br\/joaopessoa\/wp-json\/wp\/v2\/edital_type?post=1251"}],"curies":[{"name":"wp","href":"https:\/\/api.w.org\/{rel}","templated":true}]}}

Edital Nº 3 / 2025 &#8211; CCJ-DC  &#8211; Consultas Eleitorais &#8211; Departamentos de Direito Privado e Direito Público

<p>A Diretora do Centro de Ciências Jurídicas, no uso de suas atribuições e em consonância com a resolução CONSUNI 17/2017, torna público o Edital para as Consultas Eleitorais para as Chefias dos Departamento de Direito Público e Departamento de Direito Privado, no Centro de Ciências Jurídicas da Universidade Federal da Paraíba. </p>



<div class="wp-block-file"><a id="wp-block-file--media-c82e7cc4-2ef1-49f8-94e4-b794295708a8" href="https://www.ccj.ufpb.br/joaopessoa/wp-content/uploads/sites/106/sites/108/2025/09/edital-03-2025-chefias-ddpr-e-ddpu.pdf">Edital Chefias do Departamento de Direito Privado e Direito Público</a><a href="https://www.ccj.ufpb.br/joaopessoa/wp-content/uploads/sites/106/sites/108/2025/09/edital-03-2025-chefias-ddpr-e-ddpu.pdf" class="wp-block-file__button wp-element-button" download aria-describedby="wp-block-file--media-c82e7cc4-2ef1-49f8-94e4-b794295708a8">Baixar</a></div>

<p>A Diretora do Centro de Ciências Jurídicas, no uso de suas atribuições e em consonância [&hellip;]</p>
