{"id":34,"date":"2024-11-29T19:51:58","date_gmt":"2024-11-29T19:51:58","guid":{"rendered":"https:\/\/www.ccj.ufpb.br\/cdjp\/?page_id=34"},"modified":"2026-03-19T09:21:50","modified_gmt":"2026-03-19T12:21:50","slug":"requerimentos","status":"publish","type":"page","link":"https:\/\/www.ccj.ufpb.br\/cdjp\/requerimentos\/","title":{"rendered":"Requerimentos"},"content":{"rendered":"\n<div class=\"wp-block-file\"><a id=\"wp-block-file--media-9a04844f-ebeb-4aef-a9f6-911745008431\" href=\"https:\/\/www.ccj.ufpb.br\/cdjp\/wp-content\/uploads\/sites\/106\/sites\/242\/2024\/12\/Formulario-Atualizacao-de-Dados-Cadastrais.pdf\">Formul\u00e1rio Atualiza\u00e7\u00e3o de Dados Cadastrais<\/a><a href=\"https:\/\/www.ccj.ufpb.br\/cdjp\/wp-content\/uploads\/sites\/106\/sites\/242\/2024\/12\/Formulario-Atualizacao-de-Dados-Cadastrais.pdf\" class=\"wp-block-file__button wp-element-button\" download aria-describedby=\"wp-block-file--media-9a04844f-ebeb-4aef-a9f6-911745008431\">Baixar<\/a><\/div>\n\n\n\n<div class=\"wp-block-file\"><a id=\"wp-block-file--media-3eeabda3-b06a-4e7d-92b6-34152f0a4d52\" href=\"https:\/\/www.ccj.ufpb.br\/cdjp\/wp-content\/uploads\/sites\/106\/sites\/242\/2024\/12\/Requerimento-Geral.pdf\">Requerimento Geral<\/a><a href=\"https:\/\/www.ccj.ufpb.br\/cdjp\/wp-content\/uploads\/sites\/106\/sites\/242\/2024\/12\/Requerimento-Geral.pdf\" class=\"wp-block-file__button wp-element-button\" download aria-describedby=\"wp-block-file--media-3eeabda3-b06a-4e7d-92b6-34152f0a4d52\">Baixar<\/a><\/div>\n\n\n\n<div class=\"wp-block-file\"><a id=\"wp-block-file--media-76fc2a1b-ff1c-4799-93dd-7ce014b75bb7\" href=\"https:\/\/www.ccj.ufpb.br\/cdjp\/wp-content\/uploads\/sites\/106\/sites\/242\/2026\/03\/REQUERIMENTO-HORAS-COMPLEMENTARES-2026.pdf\">Requerimento &#8211; Horas Complementares &#8211; 2026<\/a><a href=\"https:\/\/www.ccj.ufpb.br\/cdjp\/wp-content\/uploads\/sites\/106\/sites\/242\/2026\/03\/REQUERIMENTO-HORAS-COMPLEMENTARES-2026.pdf\" class=\"wp-block-file__button wp-element-button\" download aria-describedby=\"wp-block-file--media-76fc2a1b-ff1c-4799-93dd-7ce014b75bb7\">Baixar<\/a><\/div>\n\n\n\n<div class=\"wp-block-file\"><a id=\"wp-block-file--media-2ea775cc-39fb-442d-b1a0-27f8704deee4\" href=\"https:\/\/www.ccj.ufpb.br\/cdjp\/wp-content\/uploads\/sites\/106\/sites\/242\/2026\/03\/EDITAL-E-REQUERIMENTO-DE-MUDANCA-DE-TURNO.pdf\">Edital de Requerimento de Mudan\u00e7a de Turno<\/a><a href=\"https:\/\/www.ccj.ufpb.br\/cdjp\/wp-content\/uploads\/sites\/106\/sites\/242\/2026\/03\/EDITAL-E-REQUERIMENTO-DE-MUDANCA-DE-TURNO.pdf\" class=\"wp-block-file__button wp-element-button\" download aria-describedby=\"wp-block-file--media-2ea775cc-39fb-442d-b1a0-27f8704deee4\">Baixar<\/a><\/div>\n\n\n\n<div class=\"wp-block-file\"><a id=\"wp-block-file--media-ff22ed1f-44fc-420b-8fd3-f3c5472d63a8\" href=\"https:\/\/www.ccj.ufpb.br\/cdjp\/wp-content\/uploads\/sites\/106\/sites\/242\/2026\/03\/REQUERIMENTO-DE-MUDANCA-DE-TURNO.pdf\">Requerimento de Mudan\u00e7a de Turno<\/a><a href=\"https:\/\/www.ccj.ufpb.br\/cdjp\/wp-content\/uploads\/sites\/106\/sites\/242\/2026\/03\/REQUERIMENTO-DE-MUDANCA-DE-TURNO.pdf\" class=\"wp-block-file__button wp-element-button\" download aria-describedby=\"wp-block-file--media-ff22ed1f-44fc-420b-8fd3-f3c5472d63a8\">Baixar<\/a><\/div>\n\n\n\n<div class=\"wp-block-file\"><a id=\"wp-block-file--media-591da47c-4a1d-4361-9f62-f0a09e7d9aff\" href=\"https:\/\/www.ccj.ufpb.br\/cdjp\/wp-content\/uploads\/sites\/106\/sites\/242\/2024\/12\/Requerimento-de-Transferencia-Ex-Officio.pdf\">Requerimento de Transfer\u00eancia Ex Officio<\/a><a href=\"https:\/\/www.ccj.ufpb.br\/cdjp\/wp-content\/uploads\/sites\/106\/sites\/242\/2024\/12\/Requerimento-de-Transferencia-Ex-Officio.pdf\" class=\"wp-block-file__button wp-element-button\" download aria-describedby=\"wp-block-file--media-591da47c-4a1d-4361-9f62-f0a09e7d9aff\">Baixar<\/a><\/div>\n\n\n\n<div class=\"wp-block-file\"><a id=\"wp-block-file--media-d8eb057f-40c5-44d7-8379-917b290f8292\" href=\"https:\/\/www.ccj.ufpb.br\/cdjp\/wp-content\/uploads\/sites\/106\/sites\/242\/2024\/12\/Requerimento-Programa-de-Mobilidade-Estudantil-Anexo-I.pdf\">Requerimento Programa de Mobilidade Estudantil Anexo I<\/a><a href=\"https:\/\/www.ccj.ufpb.br\/cdjp\/wp-content\/uploads\/sites\/106\/sites\/242\/2024\/12\/Requerimento-Programa-de-Mobilidade-Estudantil-Anexo-I.pdf\" class=\"wp-block-file__button wp-element-button\" download aria-describedby=\"wp-block-file--media-d8eb057f-40c5-44d7-8379-917b290f8292\">Baixar<\/a><\/div>\n\n\n\n<div class=\"wp-block-file\"><a id=\"wp-block-file--media-8b827dbc-068c-41f6-889f-c73c5794ff34\" href=\"https:\/\/www.ccj.ufpb.br\/cdjp\/wp-content\/uploads\/sites\/106\/sites\/242\/2024\/12\/Requerimento-Aproveitamento-de-Disciplinas.pdf\">Requerimento Aproveitamento de  Disciplinas<\/a><a href=\"https:\/\/www.ccj.ufpb.br\/cdjp\/wp-content\/uploads\/sites\/106\/sites\/242\/2024\/12\/Requerimento-Aproveitamento-de-Disciplinas.pdf\" class=\"wp-block-file__button wp-element-button\" download aria-describedby=\"wp-block-file--media-8b827dbc-068c-41f6-889f-c73c5794ff34\">Baixar<\/a><\/div>\n\n\n\n<div class=\"wp-block-file\"><a id=\"wp-block-file--media-6dfcac91-1369-4860-a239-3c339a336cc0\" href=\"https:\/\/www.ccj.ufpb.br\/cdjp\/wp-content\/uploads\/sites\/106\/sites\/242\/2024\/12\/Requerimento-de-Dispensa-Disciplina-Cursadas-na-UFPB.pdf\">Requerimento de Dispensa Disciplina Cursadas em Jo\u00e3o Pessoa &#8211; UFPB<\/a><a href=\"https:\/\/www.ccj.ufpb.br\/cdjp\/wp-content\/uploads\/sites\/106\/sites\/242\/2024\/12\/Requerimento-de-Dispensa-Disciplina-Cursadas-na-UFPB.pdf\" class=\"wp-block-file__button wp-element-button\" download aria-describedby=\"wp-block-file--media-6dfcac91-1369-4860-a239-3c339a336cc0\">Baixar<\/a><\/div>\n\n\n\n<div class=\"wp-block-file\"><a id=\"wp-block-file--media-b69c7424-b249-4527-abe7-088be32c9dba\" href=\"https:\/\/www.ccj.ufpb.br\/cdjp\/wp-content\/uploads\/sites\/106\/sites\/242\/2024\/12\/Requerimento-Dispensa-Disciplina-Santa-Rita-UFPB.pdf\">Requerimento Dispensa Disciplina Cursadas em Santa Rita &#8211; UFPB<\/a><a href=\"https:\/\/www.ccj.ufpb.br\/cdjp\/wp-content\/uploads\/sites\/106\/sites\/242\/2024\/12\/Requerimento-Dispensa-Disciplina-Santa-Rita-UFPB.pdf\" class=\"wp-block-file__button wp-element-button\" download aria-describedby=\"wp-block-file--media-b69c7424-b249-4527-abe7-088be32c9dba\">Baixar<\/a><\/div>\n\n\n\n<div class=\"wp-block-file\"><a id=\"wp-block-file--media-2c5c4a69-42a2-4082-abbf-9608c1b9a9ba\" href=\"https:\/\/www.ccj.ufpb.br\/cdjp\/wp-content\/uploads\/sites\/106\/sites\/242\/2025\/07\/Requerimento-de-Exercicios-Domiciliares-2025.pdf\">Requerimento de Exerc\u00edcios Domiciliares 2025<\/a><a href=\"https:\/\/www.ccj.ufpb.br\/cdjp\/wp-content\/uploads\/sites\/106\/sites\/242\/2025\/07\/Requerimento-de-Exercicios-Domiciliares-2025.pdf\" class=\"wp-block-file__button wp-element-button\" download aria-describedby=\"wp-block-file--media-2c5c4a69-42a2-4082-abbf-9608c1b9a9ba\">Baixar<\/a><\/div>\n\n\n\n<div class=\"wp-block-file\"><a id=\"wp-block-file--media-f442a2fd-ed4c-42a3-a785-8d4ed633c6a0\" href=\"https:\/\/www.ccj.ufpb.br\/cdjp\/wp-content\/uploads\/sites\/106\/sites\/242\/2024\/12\/requerimento-de-1o-via-de-diploma.pdf\">Requerimento de 1\u00aa via de Diploma<\/a><a href=\"https:\/\/www.ccj.ufpb.br\/cdjp\/wp-content\/uploads\/sites\/106\/sites\/242\/2024\/12\/requerimento-de-1o-via-de-diploma.pdf\" class=\"wp-block-file__button wp-element-button\" download aria-describedby=\"wp-block-file--media-f442a2fd-ed4c-42a3-a785-8d4ed633c6a0\">Baixar<\/a><\/div>\n\n\n\n<div class=\"wp-block-file\"><a id=\"wp-block-file--media-54999e39-d939-4603-b2da-bd6cd3e99f35\" href=\"https:\/\/www.ccj.ufpb.br\/cdjp\/wp-content\/uploads\/sites\/106\/sites\/242\/2024\/12\/requerimento-colacao-de-grau-2020.pdf\">Requerimento Cola\u00e7\u00e3o de Grau Coletiva<\/a><a href=\"https:\/\/www.ccj.ufpb.br\/cdjp\/wp-content\/uploads\/sites\/106\/sites\/242\/2024\/12\/requerimento-colacao-de-grau-2020.pdf\" class=\"wp-block-file__button wp-element-button\" download aria-describedby=\"wp-block-file--media-54999e39-d939-4603-b2da-bd6cd3e99f35\">Baixar<\/a><\/div>\n\n\n\n<div class=\"wp-block-file\"><a id=\"wp-block-file--media-a8f479dc-99d2-4bc8-9615-3eca4144963f\" href=\"https:\/\/www.ccj.ufpb.br\/cdjp\/wp-content\/uploads\/sites\/106\/sites\/242\/2024\/12\/Requerimento-Colacao-de-Grau-em-Separado.pdf\">Requerimento Cola\u00e7\u00e3o de Grau em Separado<\/a><a href=\"https:\/\/www.ccj.ufpb.br\/cdjp\/wp-content\/uploads\/sites\/106\/sites\/242\/2024\/12\/Requerimento-Colacao-de-Grau-em-Separado.pdf\" class=\"wp-block-file__button wp-element-button\" download aria-describedby=\"wp-block-file--media-a8f479dc-99d2-4bc8-9615-3eca4144963f\">Baixar<\/a><\/div>\n","protected":false},"excerpt":{"rendered":"","protected":false},"author":47,"featured_media":0,"parent":0,"menu_order":0,"comment_status":"closed","ping_status":"closed","template":"","meta":{"footnotes":""},"class_list":["post-34","page","type-page","status-publish","hentry"],"_links":{"self":[{"href":"https:\/\/www.ccj.ufpb.br\/cdjp\/wp-json\/wp\/v2\/pages\/34","targetHints":{"allow":["GET"]}}],"collection":[{"href":"https:\/\/www.ccj.ufpb.br\/cdjp\/wp-json\/wp\/v2\/pages"}],"about":[{"href":"https:\/\/www.ccj.ufpb.br\/cdjp\/wp-json\/wp\/v2\/types\/page"}],"author":[{"embeddable":true,"href":"https:\/\/www.ccj.ufpb.br\/cdjp\/wp-json\/wp\/v2\/users\/47"}],"replies":[{"embeddable":true,"href":"https:\/\/www.ccj.ufpb.br\/cdjp\/wp-json\/wp\/v2\/comments?post=34"}],"version-history":[{"count":11,"href":"https:\/\/www.ccj.ufpb.br\/cdjp\/wp-json\/wp\/v2\/pages\/34\/revisions"}],"predecessor-version":[{"id":839,"href":"https:\/\/www.ccj.ufpb.br\/cdjp\/wp-json\/wp\/v2\/pages\/34\/revisions\/839"}],"wp:attachment":[{"href":"https:\/\/www.ccj.ufpb.br\/cdjp\/wp-json\/wp\/v2\/media?parent=34"}],"curies":[{"name":"wp","href":"https:\/\/api.w.org\/{rel}","templated":true}]}}