{"id":311,"date":"2024-12-05T10:13:04","date_gmt":"2024-12-05T13:13:04","guid":{"rendered":"https:\/\/www.ccj.ufpb.br\/cdjp\/?page_id=311"},"modified":"2026-08-06T13:22:22","modified_gmt":"2026-08-06T16:22:22","slug":"expediente","status":"publish","type":"page","link":"https:\/\/www.ccj.ufpb.br\/cdjp\/expediente\/","title":{"rendered":"Expediente"},"content":{"rendered":"\n<p class=\"wp-block-paragraph\"><strong>Coordenadora<\/strong><br>Giorggia Petrucce e Silva Abrantes<a href=\"http:\/\/buscatextual.cnpq.br\/buscatextual\/visualizacv.do?id=K4239714Y7\" target=\"_blank\" rel=\"noreferrer noopener\"><\/a><\/p>\n\n\n\n<p class=\"wp-block-paragraph\"><strong>Vice-coordenador&nbsp;<\/strong><br>Lu\u00eds Carlos dos Santos Lima Sobrinho<\/p>\n\n\n\n<p class=\"wp-block-paragraph\"><strong>Endere\u00e7os Eletr\u00f4nicos:&nbsp;<\/strong><br><a href=\"mailto:direito.ccj.ufpb@gmail.com\" target=\"_blank\" rel=\"noreferrer noopener\">direito.ccj.ufpb@gmail.com<br>direito@ccj.ufpb.br<\/a>&nbsp;<\/p>\n\n\n\n<p class=\"wp-block-paragraph\">Contato: 3216-7626&nbsp;<\/p>\n\n\n\n<p class=\"has-text-align-center wp-block-paragraph\"><strong>Corpo T\u00e9cnico-Administrativo \/ Escala do setor<\/strong><\/p>\n\n\n\n<p class=\"has-text-align-center wp-block-paragraph\"><strong>Hor\u00e1rio de funcionamento:\u00a0<\/strong>Segunda-feira a sexta-feira,\u00a0<strong>07h00 \u00e0s 20h00<\/strong><\/p>\n\n\n\n<figure class=\"wp-block-table\"><table class=\"has-fixed-layout\"><tbody><tr><td>Caroline Pereira Sit\u00f4nio Anschau<\/td><td>08h00 \u00e0s 14h00   (Presencial)<\/td><\/tr><tr><td>Jos\u00e9 Carlos de Brito <\/td><td>07:30h \u00e0s 13:30h (Presencial)<\/td><\/tr><tr><td>Kelma Rita Eloi Ramalho<\/td><td>07:30h \u00e0s 13:30h (Presencial)<\/td><\/tr><tr><td>Thiago Fernandes L\u00facio  <\/td><td>14h00h \u00e0s 20h00 (Presencial)<\/td><\/tr><\/tbody><\/table><\/figure>\n","protected":false},"excerpt":{"rendered":"<p>CoordenadoraGiorggia Petrucce e Silva Abrantes Vice-coordenador&nbsp;Lu\u00eds Carlos dos Santos Lima Sobrinho Endere\u00e7os Eletr\u00f4nicos:&nbsp;direito.ccj.ufpb@gmail.comdireito@ccj.ufpb.br&nbsp; Contato: 3216-7626&nbsp; [&hellip;]<\/p>\n","protected":false},"author":54,"featured_media":0,"parent":0,"menu_order":0,"comment_status":"closed","ping_status":"closed","template":"","meta":{"footnotes":""},"class_list":["post-311","page","type-page","status-publish","hentry"],"_links":{"self":[{"href":"https:\/\/www.ccj.ufpb.br\/cdjp\/wp-json\/wp\/v2\/pages\/311","targetHints":{"allow":["GET"]}}],"collection":[{"href":"https:\/\/www.ccj.ufpb.br\/cdjp\/wp-json\/wp\/v2\/pages"}],"about":[{"href":"https:\/\/www.ccj.ufpb.br\/cdjp\/wp-json\/wp\/v2\/types\/page"}],"author":[{"embeddable":true,"href":"https:\/\/www.ccj.ufpb.br\/cdjp\/wp-json\/wp\/v2\/users\/54"}],"replies":[{"embeddable":true,"href":"https:\/\/www.ccj.ufpb.br\/cdjp\/wp-json\/wp\/v2\/comments?post=311"}],"version-history":[{"count":4,"href":"https:\/\/www.ccj.ufpb.br\/cdjp\/wp-json\/wp\/v2\/pages\/311\/revisions"}],"predecessor-version":[{"id":1283,"href":"https:\/\/www.ccj.ufpb.br\/cdjp\/wp-json\/wp\/v2\/pages\/311\/revisions\/1283"}],"wp:attachment":[{"href":"https:\/\/www.ccj.ufpb.br\/cdjp\/wp-json\/wp\/v2\/media?parent=311"}],"curies":[{"name":"wp","href":"https:\/\/api.w.org\/{rel}","templated":true}]}}

<p class="wp-block-paragraph"><strong>Coordenadora</strong><br>Giorggia Petrucce e Silva Abrantes<a href="http://buscatextual.cnpq.br/buscatextual/visualizacv.do?id=K4239714Y7" target="_blank" rel="noreferrer noopener"></a></p>



<p class="wp-block-paragraph"><strong>Vice-coordenador&nbsp;</strong><br>Luís Carlos dos Santos Lima Sobrinho</p>



<p class="wp-block-paragraph"><strong>Endereços Eletrônicos:&nbsp;</strong><br><a href="mailto:direito.ccj.ufpb@gmail.com" target="_blank" rel="noreferrer noopener">direito.ccj.ufpb@gmail.com<br>direito@ccj.ufpb.br</a>&nbsp;</p>



<p class="wp-block-paragraph">Contato: 3216-7626&nbsp;</p>



<p class="has-text-align-center wp-block-paragraph"><strong>Corpo Técnico-Administrativo / Escala do setor</strong></p>



<p class="has-text-align-center wp-block-paragraph"><strong>Horário de funcionamento: </strong>Segunda-feira a sexta-feira, <strong>07h00 às 20h00</strong></p>



<figure class="wp-block-table"><table class="has-fixed-layout"><tbody><tr><td>Caroline Pereira Sitônio Anschau</td><td>08h00 às 14h00   (Presencial)</td></tr><tr><td>José Carlos de Brito </td><td>07:30h às 13:30h (Presencial)</td></tr><tr><td>Kelma Rita Eloi Ramalho</td><td>07:30h às 13:30h (Presencial)</td></tr><tr><td>Thiago Fernandes Lúcio  </td><td>14h00h às 20h00 (Presencial)</td></tr></tbody></table></figure>

<p>CoordenadoraGiorggia Petrucce e Silva Abrantes Vice-coordenador&nbsp;Luís Carlos dos Santos Lima Sobrinho Endereços Eletrônicos:&nbsp;direito.ccj.ufpb@gmail.comdireito@ccj.ufpb.br&nbsp; Contato: 3216-7626&nbsp; [&hellip;]</p>
